{"id":2989292,"date":"2025-11-09T00:33:29","date_gmt":"2025-11-08T23:33:29","guid":{"rendered":"https:\/\/streetmarkets.fr\/app\/produit\/jupe-asymetrique-grise\/"},"modified":"2025-12-14T00:30:37","modified_gmt":"2025-12-13T23:30:37","slug":"jupe-asymetrique-grise","status":"publish","type":"product","link":"https:\/\/streetmarkets.fr\/app\/produit\/jupe-asymetrique-grise\/","title":{"rendered":"Jupe Asym\u00e9trique Grise"},"content":{"rendered":"<p>Jupe courte grise \u00e9lastiqu\u00e9e \u00e0 la taille \u00e0 ourlet asymetrique, deux poches plaqu\u00e9es, coupe portefeuille, deux boutons de r\u00e9glage de chaque c\u00f4t\u00e9<\/p>\n<p>85% Polyester 15%Viscose<\/p>\n","protected":false},"excerpt":{"rendered":"<p>Jupe courte grise \u00e9lastiqu\u00e9e \u00e0 la taille \u00e0 ourlet asymetrique, deux poches plaqu\u00e9es, coupe portefeuille, deux boutons de r\u00e9glage de chaque c\u00f4t\u00e9 85% Polyester 15%Viscose<\/p>\n","protected":false},"featured_media":2989293,"comment_status":"open","ping_status":"closed","template":"","meta":[],"product_brand":[],"product_cat":[],"product_tag":[],"acf":[],"_links":{"self":[{"href":"https:\/\/streetmarkets.fr\/app\/wp-json\/wp\/v2\/product\/2989292"}],"collection":[{"href":"https:\/\/streetmarkets.fr\/app\/wp-json\/wp\/v2\/product"}],"about":[{"href":"https:\/\/streetmarkets.fr\/app\/wp-json\/wp\/v2\/types\/product"}],"replies":[{"embeddable":true,"href":"https:\/\/streetmarkets.fr\/app\/wp-json\/wp\/v2\/comments?post=2989292"}],"wp:featuredmedia":[{"embeddable":true,"href":"https:\/\/streetmarkets.fr\/app\/wp-json\/wp\/v2\/media\/2989293"}],"wp:attachment":[{"href":"https:\/\/streetmarkets.fr\/app\/wp-json\/wp\/v2\/media?parent=2989292"}],"wp:term":[{"taxonomy":"product_brand","embeddable":true,"href":"https:\/\/streetmarkets.fr\/app\/wp-json\/wp\/v2\/product_brand?post=2989292"},{"taxonomy":"product_cat","embeddable":true,"href":"https:\/\/streetmarkets.fr\/app\/wp-json\/wp\/v2\/product_cat?post=2989292"},{"taxonomy":"product_tag","embeddable":true,"href":"https:\/\/streetmarkets.fr\/app\/wp-json\/wp\/v2\/product_tag?post=2989292"}],"curies":[{"name":"wp","href":"https:\/\/api.w.org\/{rel}","templated":true}]}}