{"id":2984210,"date":"2025-11-08T00:48:09","date_gmt":"2025-11-07T23:48:09","guid":{"rendered":"https:\/\/streetmarkets.fr\/app\/produit\/boucles-doreilles-mimi-en-ivoire-vegetal\/"},"modified":"2026-05-06T01:44:36","modified_gmt":"2026-05-05T23:44:36","slug":"boucles-doreilles-mimi-en-ivoire-vegetal","status":"publish","type":"product","link":"https:\/\/streetmarkets.fr\/app\/produit\/boucles-doreilles-mimi-en-ivoire-vegetal\/","title":{"rendered":"Boucles d&#8217;oreilles Mimi en ivoire v\u00e9g\u00e9tal"},"content":{"rendered":"<ul data-mce-fragment=\"1\">\n<li data-mce-fragment=\"1\">boucles d&#8217;oreilles rouges en<span data-mce-fragment=\"1\">\u00a0<\/span><strong>ivoire v\u00e9g\u00e9tal<\/strong>\n<\/li>\n<li data-mce-fragment=\"1\">forme <strong>goutte<\/strong>\n<\/li>\n<li data-mce-fragment=\"1\">attache clou<\/li>\n<li data-mce-fragment=\"1\">noix de<strong data-mce-fragment=\"1\"><span data-mce-fragment=\"1\">\u00a0<\/span>tagua<span data-mce-fragment=\"1\">\u00a0<\/span><\/strong>:<strong data-mce-fragment=\"1\"><span data-mce-fragment=\"1\">\u00a0<\/span><\/strong>albumen durci du fruit d&#8217;un palmier d&#8217;Am\u00e9rique du sud<\/li>\n<li data-mce-fragment=\"1\">attaches hypoallerg\u00e9niques en acier chirurgical<\/li>\n<li data-mce-fragment=\"1\">r\u00e9alis\u00e9es par des artisans en<strong>\u00a0Equateur<\/strong>\n<\/li>\n<li data-mce-fragment=\"1\">\n<strong>commerce \u00e9quitable<\/strong>\n<\/li>\n<\/ul>\n","protected":false},"excerpt":{"rendered":"<p>boucles d&#8217;oreilles rouges en\u00a0ivoire v\u00e9g\u00e9tal forme goutte attache clou noix de\u00a0tagua\u00a0:\u00a0albumen durci du fruit d&#8217;un palmier d&#8217;Am\u00e9rique du sud attaches hypoallerg\u00e9niques en acier chirurgical r\u00e9alis\u00e9es par des artisans en\u00a0Equateur commerce \u00e9quitable<\/p>\n","protected":false},"featured_media":2984211,"comment_status":"open","ping_status":"closed","template":"","meta":[],"product_brand":[],"product_cat":[],"product_tag":[],"acf":[],"_links":{"self":[{"href":"https:\/\/streetmarkets.fr\/app\/wp-json\/wp\/v2\/product\/2984210"}],"collection":[{"href":"https:\/\/streetmarkets.fr\/app\/wp-json\/wp\/v2\/product"}],"about":[{"href":"https:\/\/streetmarkets.fr\/app\/wp-json\/wp\/v2\/types\/product"}],"replies":[{"embeddable":true,"href":"https:\/\/streetmarkets.fr\/app\/wp-json\/wp\/v2\/comments?post=2984210"}],"wp:featuredmedia":[{"embeddable":true,"href":"https:\/\/streetmarkets.fr\/app\/wp-json\/wp\/v2\/media\/2984211"}],"wp:attachment":[{"href":"https:\/\/streetmarkets.fr\/app\/wp-json\/wp\/v2\/media?parent=2984210"}],"wp:term":[{"taxonomy":"product_brand","embeddable":true,"href":"https:\/\/streetmarkets.fr\/app\/wp-json\/wp\/v2\/product_brand?post=2984210"},{"taxonomy":"product_cat","embeddable":true,"href":"https:\/\/streetmarkets.fr\/app\/wp-json\/wp\/v2\/product_cat?post=2984210"},{"taxonomy":"product_tag","embeddable":true,"href":"https:\/\/streetmarkets.fr\/app\/wp-json\/wp\/v2\/product_tag?post=2984210"}],"curies":[{"name":"wp","href":"https:\/\/api.w.org\/{rel}","templated":true}]}}