{"id":2983827,"date":"2025-11-08T00:28:09","date_gmt":"2025-11-07T23:28:09","guid":{"rendered":"https:\/\/streetmarkets.fr\/app\/produit\/chaussettes-sapin-argente\/"},"modified":"2026-05-13T01:18:31","modified_gmt":"2026-05-12T23:18:31","slug":"chaussettes-sapin-argente","status":"publish","type":"product","link":"https:\/\/streetmarkets.fr\/app\/produit\/chaussettes-sapin-argente\/","title":{"rendered":"Chaussettes Sapin Argent\u00e9"},"content":{"rendered":"<p class=\"p1\"><a title=\"Collection Atelier St Eustache\" href=\"https:\/\/frenchtouche.com\/collections\/atelier-st-eustache\"><span><strong>Collection Atelier St Eustache<\/strong><\/span><\/a><\/p>\n<div>\n  <span>Cette jolie paire toute en subtilit\u00e9 apportera une touche sophistiqu\u00e9e, audacieuse et joliment argent\u00e9e \u00e0 vos tenues. Une paire inspir\u00e9e des formes g\u00e9om\u00e9triques des \u00e9pines de sapin \u00e0 porter avec un pantalon brut, un jean ou une tenue plus chic, des mocassins ou des escarpins.<\/span>\n<\/div>\n<div style=\"text-align: center\">\n<div style=\"text-align: left\">\n<ul>\n<li>Composition<span>\u00a0<\/span>: 62% coton, 20% viscose, 10% polyamide, 8% polyester<\/li>\n<li>Guide des tailles<span>\u00a0<\/span>: si vous chaussez du 38,5 nous vous recommandons de prendre la taille 39\/41<\/li>\n<li>Conseils d&#8217;entretien : lavable en machine \u00e0 30\u00b0 avec un programme d\u00e9licat et utilisation d&#8217;un pochon <span>recommand\u00e9e<\/span>\n<\/li>\n<li><span>Ne pas mettre au s\u00e8che-linge<\/span><\/li>\n<li>Livr\u00e9es dans leur pochette r\u00e9utilisable et recyclable<\/li>\n<\/ul>\n<\/div>\n<\/div>\n<div style=\"text-align: left\">:: Imagin\u00e9es en France, fabriqu\u00e9es en Italie ::<\/div>\n","protected":false},"excerpt":{"rendered":"<p>Collection Atelier St Eustache Cette jolie paire toute en subtilit\u00e9 apportera une touche sophistiqu\u00e9e, audacieuse et joliment argent\u00e9e \u00e0 vos tenues. Une paire inspir\u00e9e des formes g\u00e9om\u00e9triques des \u00e9pines de sapin \u00e0 porter avec un pantalon brut, un jean ou une tenue plus chic, des mocassins ou des escarpins. Composition\u00a0: 62% coton, 20% viscose, 10% [&hellip;]<\/p>\n","protected":false},"featured_media":2983828,"comment_status":"open","ping_status":"closed","template":"","meta":[],"product_brand":[],"product_cat":[],"product_tag":[],"acf":[],"_links":{"self":[{"href":"https:\/\/streetmarkets.fr\/app\/wp-json\/wp\/v2\/product\/2983827"}],"collection":[{"href":"https:\/\/streetmarkets.fr\/app\/wp-json\/wp\/v2\/product"}],"about":[{"href":"https:\/\/streetmarkets.fr\/app\/wp-json\/wp\/v2\/types\/product"}],"replies":[{"embeddable":true,"href":"https:\/\/streetmarkets.fr\/app\/wp-json\/wp\/v2\/comments?post=2983827"}],"wp:featuredmedia":[{"embeddable":true,"href":"https:\/\/streetmarkets.fr\/app\/wp-json\/wp\/v2\/media\/2983828"}],"wp:attachment":[{"href":"https:\/\/streetmarkets.fr\/app\/wp-json\/wp\/v2\/media?parent=2983827"}],"wp:term":[{"taxonomy":"product_brand","embeddable":true,"href":"https:\/\/streetmarkets.fr\/app\/wp-json\/wp\/v2\/product_brand?post=2983827"},{"taxonomy":"product_cat","embeddable":true,"href":"https:\/\/streetmarkets.fr\/app\/wp-json\/wp\/v2\/product_cat?post=2983827"},{"taxonomy":"product_tag","embeddable":true,"href":"https:\/\/streetmarkets.fr\/app\/wp-json\/wp\/v2\/product_tag?post=2983827"}],"curies":[{"name":"wp","href":"https:\/\/api.w.org\/{rel}","templated":true}]}}