{"id":2961923,"date":"2025-11-03T05:54:11","date_gmt":"2025-11-03T04:54:11","guid":{"rendered":"https:\/\/streetmarkets.fr\/app\/produit\/wesam-check-weekend-bag\/"},"modified":"2026-09-03T06:47:09","modified_gmt":"2026-09-03T04:47:09","slug":"wesam-check-weekend-bag","status":"publish","type":"product","link":"https:\/\/streetmarkets.fr\/app\/produit\/wesam-check-weekend-bag\/","title":{"rendered":"Wesam Check Weekend Bag"},"content":{"rendered":"<p>D\u00e9couvrez le sac\u00a0<strong>Wesam Check Weekend Bag<\/strong> de la marque <strong>Les Deux<\/strong>, une pi\u00e8ce intemporelle alliant <strong>\u00e9l\u00e9gance <\/strong>et <strong>praticit\u00e9<\/strong>. Fabriqu\u00e9 \u00e0 partir d&#8217;un <strong>m\u00e9lange de laine et de polyester recycl\u00e9<\/strong>, ce sac id\u00e9al pour vos week-ends se distingue par son <strong>motif en tartan <\/strong>classique et ses <strong>finitions en cuir<\/strong> de qualit\u00e9. Le lettrage en cursive sur le devant ajoute une touche sophistiqu\u00e9e et discr\u00e8te.<\/p>\n<p>Avec ses <strong>dimensions g\u00e9n\u00e9reuses<\/strong> (53 cm x 21 cm x 33 cm) et son<strong> volume de 35L<\/strong>, il offre un espace id\u00e9al pour un court s\u00e9jour ou pour vos d\u00e9placements quotidiens. Son <strong>design pratique<\/strong> inclut une <strong>bandouli\u00e8re <\/strong>amovible pour un <strong>port\u00e9 confortable<\/strong> et des poches int\u00e9rieures pour organiser vos effets personnels.<\/p>\n<p>Un sac \u00e0 la fois <strong>chic et fonctionnel<\/strong>, parfait pour l&#8217;homme moderne \u00e0 la recherche d&#8217;un accessoire \u00e9l\u00e9gant et durable. Disponible d\u00e8s maintenant dans notre boutique Harold, \u00e0 Paris.<\/p>\n","protected":false},"excerpt":{"rendered":"<p>D\u00e9couvrez le sac\u00a0Wesam Check Weekend Bag de la marque Les Deux, une pi\u00e8ce intemporelle alliant \u00e9l\u00e9gance et praticit\u00e9. Fabriqu\u00e9 \u00e0 partir d&#8217;un m\u00e9lange de laine et de polyester recycl\u00e9, ce sac id\u00e9al pour vos week-ends se distingue par son motif en tartan classique et ses finitions en cuir de qualit\u00e9. Le lettrage en cursive sur [&hellip;]<\/p>\n","protected":false},"featured_media":2961924,"comment_status":"open","ping_status":"closed","template":"","meta":[],"product_brand":[],"product_cat":[],"product_tag":[],"acf":[],"_links":{"self":[{"href":"https:\/\/streetmarkets.fr\/app\/wp-json\/wp\/v2\/product\/2961923"}],"collection":[{"href":"https:\/\/streetmarkets.fr\/app\/wp-json\/wp\/v2\/product"}],"about":[{"href":"https:\/\/streetmarkets.fr\/app\/wp-json\/wp\/v2\/types\/product"}],"replies":[{"embeddable":true,"href":"https:\/\/streetmarkets.fr\/app\/wp-json\/wp\/v2\/comments?post=2961923"}],"wp:featuredmedia":[{"embeddable":true,"href":"https:\/\/streetmarkets.fr\/app\/wp-json\/wp\/v2\/media\/2961924"}],"wp:attachment":[{"href":"https:\/\/streetmarkets.fr\/app\/wp-json\/wp\/v2\/media?parent=2961923"}],"wp:term":[{"taxonomy":"product_brand","embeddable":true,"href":"https:\/\/streetmarkets.fr\/app\/wp-json\/wp\/v2\/product_brand?post=2961923"},{"taxonomy":"product_cat","embeddable":true,"href":"https:\/\/streetmarkets.fr\/app\/wp-json\/wp\/v2\/product_cat?post=2961923"},{"taxonomy":"product_tag","embeddable":true,"href":"https:\/\/streetmarkets.fr\/app\/wp-json\/wp\/v2\/product_tag?post=2961923"}],"curies":[{"name":"wp","href":"https:\/\/api.w.org\/{rel}","templated":true}]}}

<p>Découvrez le sac <strong>Wesam Check Weekend Bag</strong> de la marque <strong>Les Deux</strong>, une pièce intemporelle alliant <strong>élégance </strong>et <strong>praticité</strong>. Fabriqué à partir d&#8217;un <strong>mélange de laine et de polyester recyclé</strong>, ce sac idéal pour vos week-ends se distingue par son <strong>motif en tartan </strong>classique et ses <strong>finitions en cuir</strong> de qualité. Le lettrage en cursive sur le devant ajoute une touche sophistiquée et discrète.</p>
<p>Avec ses <strong>dimensions généreuses</strong> (53 cm x 21 cm x 33 cm) et son<strong> volume de 35L</strong>, il offre un espace idéal pour un court séjour ou pour vos déplacements quotidiens. Son <strong>design pratique</strong> inclut une <strong>bandoulière </strong>amovible pour un <strong>porté confortable</strong> et des poches intérieures pour organiser vos effets personnels.</p>
<p>Un sac à la fois <strong>chic et fonctionnel</strong>, parfait pour l&#8217;homme moderne à la recherche d&#8217;un accessoire élégant et durable. Disponible dès maintenant dans notre boutique Harold, à Paris.</p>

<p>Découvrez le sac Wesam Check Weekend Bag de la marque Les Deux, une pièce intemporelle alliant élégance et praticité. Fabriqué à partir d&#8217;un mélange de laine et de polyester recyclé, ce sac idéal pour vos week-ends se distingue par son motif en tartan classique et ses finitions en cuir de qualité. Le lettrage en cursive sur [&hellip;]</p>
