{"id":2955773,"date":"2025-11-03T00:46:59","date_gmt":"2025-11-02T23:46:59","guid":{"rendered":"https:\/\/streetmarkets.fr\/app\/produit\/bonnet-frank-noir-en-laine-recyclee-rifo\/"},"modified":"2026-05-06T01:44:36","modified_gmt":"2026-05-05T23:44:36","slug":"bonnet-frank-noir-en-laine-recyclee-rifo","status":"publish","type":"product","link":"https:\/\/streetmarkets.fr\/app\/produit\/bonnet-frank-noir-en-laine-recyclee-rifo\/","title":{"rendered":"Bonnet Frank noir en laine recycl\u00e9e Rifo"},"content":{"rendered":"<ul>\n<li>bonnet en <strong>maille fine noire\u00a0<\/strong>\n<\/li>\n<li>100%<strong> laine recycl\u00e9e<\/strong>\n<\/li>\n<li><strong>unisexe<\/strong><\/li>\n<li>disponible dans <strong>plusieurs coloris<\/strong>\n<\/li>\n<li>tricot\u00e9 dans un atelier en <strong>Toscane<\/strong> (Italie) \u00e0 partir de fils recycl\u00e9s certifi\u00e9s<\/li>\n<li>lavage \u00e0 la main recommand\u00e9<\/li>\n<li><strong>mode circulaire<\/strong><\/li>\n<li>marque <strong>\u00e9thique<\/strong> italienne\u00a0<strong>Rif\u00f2<\/strong>\n<\/li>\n<\/ul>\n<p><strong>Un cadeau utile et agr\u00e9able pour elle ou pour lui \ud83c\udf84\ud83c\udf81<\/strong><\/p>\n","protected":false},"excerpt":{"rendered":"<p>bonnet en maille fine noire\u00a0 100% laine recycl\u00e9e unisexe disponible dans plusieurs coloris tricot\u00e9 dans un atelier en Toscane (Italie) \u00e0 partir de fils recycl\u00e9s certifi\u00e9s lavage \u00e0 la main recommand\u00e9 mode circulaire marque \u00e9thique italienne\u00a0Rif\u00f2 Un cadeau utile et agr\u00e9able pour elle ou pour lui \ud83c\udf84\ud83c\udf81<\/p>\n","protected":false},"featured_media":2955774,"comment_status":"open","ping_status":"closed","template":"","meta":[],"product_brand":[],"product_cat":[],"product_tag":[],"acf":[],"_links":{"self":[{"href":"https:\/\/streetmarkets.fr\/app\/wp-json\/wp\/v2\/product\/2955773"}],"collection":[{"href":"https:\/\/streetmarkets.fr\/app\/wp-json\/wp\/v2\/product"}],"about":[{"href":"https:\/\/streetmarkets.fr\/app\/wp-json\/wp\/v2\/types\/product"}],"replies":[{"embeddable":true,"href":"https:\/\/streetmarkets.fr\/app\/wp-json\/wp\/v2\/comments?post=2955773"}],"wp:featuredmedia":[{"embeddable":true,"href":"https:\/\/streetmarkets.fr\/app\/wp-json\/wp\/v2\/media\/2955774"}],"wp:attachment":[{"href":"https:\/\/streetmarkets.fr\/app\/wp-json\/wp\/v2\/media?parent=2955773"}],"wp:term":[{"taxonomy":"product_brand","embeddable":true,"href":"https:\/\/streetmarkets.fr\/app\/wp-json\/wp\/v2\/product_brand?post=2955773"},{"taxonomy":"product_cat","embeddable":true,"href":"https:\/\/streetmarkets.fr\/app\/wp-json\/wp\/v2\/product_cat?post=2955773"},{"taxonomy":"product_tag","embeddable":true,"href":"https:\/\/streetmarkets.fr\/app\/wp-json\/wp\/v2\/product_tag?post=2955773"}],"curies":[{"name":"wp","href":"https:\/\/api.w.org\/{rel}","templated":true}]}}