{"id":2934782,"date":"2025-10-31T00:00:08","date_gmt":"2025-10-30T23:00:08","guid":{"rendered":"https:\/\/streetmarkets.fr\/app\/produit\/collier-demi-torque-cleopatre\/"},"modified":"2026-05-10T00:58:42","modified_gmt":"2026-05-09T22:58:42","slug":"collier-demi-torque-cleopatre","status":"publish","type":"product","link":"https:\/\/streetmarkets.fr\/app\/produit\/collier-demi-torque-cleopatre\/","title":{"rendered":"Collier demi Torque Cl\u00e9op\u00e2tre"},"content":{"rendered":"<p>Collier demi Torque Cl\u00e9op\u00e2tre : Dor\u00e9 symbolique et allure divine !\u00a0<br \/>Une pi\u00e8ce forte, n\u00e9e d\u2019une collaboration avec l\u2019Institut du Monde Arabe \u00e0 l\u2019occasion de l\u2019exposition Le Myst\u00e8re Cl\u00e9op\u00e2tre. Ce collier en laiton grav\u00e9 finition or rend hommage \u00e0 la splendeur des parures \u00e9gyptiennes. Son motif courb\u00e9, finement d\u00e9coup\u00e9 et grav\u00e9, \u00e9pouse le cou comme une armure florale, \u00e0 la fois puissante et f\u00e9minine. Chaque d\u00e9tail \u00e9voque l\u2019\u00e9l\u00e9gance de Cl\u00e9op\u00e2tre et la beaut\u00e9 des symboles antiques.<\/p>\n<p>Pourquoi on dit oui sans h\u00e9siter :<br data-start=\"523\" data-end=\"526\">\u2022 Son design sculptural, entre bijou d\u2019art et collier statement.<br data-start=\"590\" data-end=\"593\">\u2022 Sa collaboration exclusive autour d\u2019un th\u00e8me mythique.<br data-start=\"649\" data-end=\"652\">\u2022 Sa fa\u00e7on d\u2019\u00e9pouser le cou avec gr\u00e2ce et prestance.<\/p>\n<p>Le d\u00e9tail qu\u2019on aime :\u00a0Les motifs floraux invers\u00e9s qui dessinent le collier comme une constellation dor\u00e9e.<\/p>\n","protected":false},"excerpt":{"rendered":"<p>Collier demi Torque Cl\u00e9op\u00e2tre : Dor\u00e9 symbolique et allure divine !\u00a0Une pi\u00e8ce forte, n\u00e9e d\u2019une collaboration avec l\u2019Institut du Monde Arabe \u00e0 l\u2019occasion de l\u2019exposition Le Myst\u00e8re Cl\u00e9op\u00e2tre. Ce collier en laiton grav\u00e9 finition or rend hommage \u00e0 la splendeur des parures \u00e9gyptiennes. Son motif courb\u00e9, finement d\u00e9coup\u00e9 et grav\u00e9, \u00e9pouse le cou comme une [&hellip;]<\/p>\n","protected":false},"featured_media":2934783,"comment_status":"open","ping_status":"closed","template":"","meta":[],"product_brand":[],"product_cat":[1807,1756],"product_tag":[1813],"acf":[],"_links":{"self":[{"href":"https:\/\/streetmarkets.fr\/app\/wp-json\/wp\/v2\/product\/2934782"}],"collection":[{"href":"https:\/\/streetmarkets.fr\/app\/wp-json\/wp\/v2\/product"}],"about":[{"href":"https:\/\/streetmarkets.fr\/app\/wp-json\/wp\/v2\/types\/product"}],"replies":[{"embeddable":true,"href":"https:\/\/streetmarkets.fr\/app\/wp-json\/wp\/v2\/comments?post=2934782"}],"wp:featuredmedia":[{"embeddable":true,"href":"https:\/\/streetmarkets.fr\/app\/wp-json\/wp\/v2\/media\/2934783"}],"wp:attachment":[{"href":"https:\/\/streetmarkets.fr\/app\/wp-json\/wp\/v2\/media?parent=2934782"}],"wp:term":[{"taxonomy":"product_brand","embeddable":true,"href":"https:\/\/streetmarkets.fr\/app\/wp-json\/wp\/v2\/product_brand?post=2934782"},{"taxonomy":"product_cat","embeddable":true,"href":"https:\/\/streetmarkets.fr\/app\/wp-json\/wp\/v2\/product_cat?post=2934782"},{"taxonomy":"product_tag","embeddable":true,"href":"https:\/\/streetmarkets.fr\/app\/wp-json\/wp\/v2\/product_tag?post=2934782"}],"curies":[{"name":"wp","href":"https:\/\/api.w.org\/{rel}","templated":true}]}}