{"id":2934733,"date":"2025-10-30T23:59:59","date_gmt":"2025-10-30T22:59:59","guid":{"rendered":"https:\/\/streetmarkets.fr\/app\/produit\/boucles-doreilles-feuille-suzanne\/"},"modified":"2026-05-03T00:58:42","modified_gmt":"2026-05-02T22:58:42","slug":"boucles-doreilles-feuille-suzanne","status":"publish","type":"product","link":"https:\/\/streetmarkets.fr\/app\/produit\/boucles-doreilles-feuille-suzanne\/","title":{"rendered":"Boucles d&#8217;oreilles Feuille Suzanne"},"content":{"rendered":"<p>Boucles d\u2019oreilles Feuille Suzanne : L\u2019\u00e9l\u00e9gance v\u00e9g\u00e9tale \u00e0 port\u00e9e d\u2019oreille !\u00a0<br \/>Ces boucles sur dormeuses en laiton dor\u00e9 \u00e0 l\u2019or fin 24 carats associent finesse et suspension. Une feuille de 5 cm, pleine et l\u00e9g\u00e8rement courb\u00e9e sur la pointe, d\u00e9voile des nervures d\u00e9licatement grav\u00e9es. On adore la courbe d\u00e9licate de la feuille qui semble flotter au rythme de nos gestes.\u00a0<\/p>\n<p>Ce qui nous s\u00e9duit :<br data-end=\"382\" data-start=\"379\">\u2022 leur forme organique qui apporte mouvement et l\u00e9g\u00e8ret\u00e9.<br data-end=\"447\" data-start=\"444\">\u2022\u00a0 le travail des nervures, fin et pr\u00e9cis, qui rend chaque pi\u00e8ce unique.<br data-end=\"526\" data-start=\"523\">\u2022\u00a0 elles sont fabriqu\u00e9es en France avec un vrai savoir-faire artisanal.<\/p>\n<p><\/p>\n","protected":false},"excerpt":{"rendered":"<p>Boucles d\u2019oreilles Feuille Suzanne : L\u2019\u00e9l\u00e9gance v\u00e9g\u00e9tale \u00e0 port\u00e9e d\u2019oreille !\u00a0Ces boucles sur dormeuses en laiton dor\u00e9 \u00e0 l\u2019or fin 24 carats associent finesse et suspension. Une feuille de 5 cm, pleine et l\u00e9g\u00e8rement courb\u00e9e sur la pointe, d\u00e9voile des nervures d\u00e9licatement grav\u00e9es. On adore la courbe d\u00e9licate de la feuille qui semble flotter au [&hellip;]<\/p>\n","protected":false},"featured_media":2934734,"comment_status":"open","ping_status":"closed","template":"","meta":[],"product_brand":[],"product_cat":[1807,1756],"product_tag":[1813],"acf":[],"_links":{"self":[{"href":"https:\/\/streetmarkets.fr\/app\/wp-json\/wp\/v2\/product\/2934733"}],"collection":[{"href":"https:\/\/streetmarkets.fr\/app\/wp-json\/wp\/v2\/product"}],"about":[{"href":"https:\/\/streetmarkets.fr\/app\/wp-json\/wp\/v2\/types\/product"}],"replies":[{"embeddable":true,"href":"https:\/\/streetmarkets.fr\/app\/wp-json\/wp\/v2\/comments?post=2934733"}],"wp:featuredmedia":[{"embeddable":true,"href":"https:\/\/streetmarkets.fr\/app\/wp-json\/wp\/v2\/media\/2934734"}],"wp:attachment":[{"href":"https:\/\/streetmarkets.fr\/app\/wp-json\/wp\/v2\/media?parent=2934733"}],"wp:term":[{"taxonomy":"product_brand","embeddable":true,"href":"https:\/\/streetmarkets.fr\/app\/wp-json\/wp\/v2\/product_brand?post=2934733"},{"taxonomy":"product_cat","embeddable":true,"href":"https:\/\/streetmarkets.fr\/app\/wp-json\/wp\/v2\/product_cat?post=2934733"},{"taxonomy":"product_tag","embeddable":true,"href":"https:\/\/streetmarkets.fr\/app\/wp-json\/wp\/v2\/product_tag?post=2934733"}],"curies":[{"name":"wp","href":"https:\/\/api.w.org\/{rel}","templated":true}]}}