{"id":2924486,"date":"2025-10-29T01:08:47","date_gmt":"2025-10-29T00:08:47","guid":{"rendered":"https:\/\/streetmarkets.fr\/app\/produit\/nouveau-mother-jean-the-hustler-ankle-fray-sow-surreal-precommande\/"},"modified":"2026-04-22T01:59:45","modified_gmt":"2026-04-21T23:59:45","slug":"nouveau-mother-jean-the-hustler-ankle-fray-sow-surreal-precommande","status":"publish","type":"product","link":"https:\/\/streetmarkets.fr\/app\/produit\/nouveau-mother-jean-the-hustler-ankle-fray-sow-surreal-precommande\/","title":{"rendered":"Nouveau ! MOTHER Jean The Hustler Ankle Fray Sow Surreal"},"content":{"rendered":"<p data-rte-preserve-empty=\"true\">La coupe culte de MOTHER, le jean Hustler Ankle Fray dans le wash Sow Surreal, taille haute, coupe bootcut, pr\u00e8s du corps et l\u00e9g\u00e8rement trompette dans le bas pour \u00e9tirer et affiner la silhouette, bord franc. Coton stretch et hyper confortable. <\/p>\n<p data-rte-preserve-empty=\"true\">D\u00e9tail : 59% coton, 40% lyocell, 1% \u00e9lasthanne <\/p>\n<p data-rte-preserve-empty=\"true\">Fabriqu\u00e9 \u00e0 Los Angeles<\/p>\n","protected":false},"excerpt":{"rendered":"<p>La coupe culte de MOTHER, le jean Hustler Ankle Fray dans le wash Sow Surreal, taille haute, coupe bootcut, pr\u00e8s du corps et l\u00e9g\u00e8rement trompette dans le bas pour \u00e9tirer et affiner la silhouette, bord franc. Coton stretch et hyper confortable. D\u00e9tail : 59% coton, 40% lyocell, 1% \u00e9lasthanne Fabriqu\u00e9 \u00e0 Los Angeles<\/p>\n","protected":false},"featured_media":2924487,"comment_status":"open","ping_status":"closed","template":"","meta":[],"product_brand":[],"product_cat":[1756,1762],"product_tag":[2244],"acf":[],"_links":{"self":[{"href":"https:\/\/streetmarkets.fr\/app\/wp-json\/wp\/v2\/product\/2924486"}],"collection":[{"href":"https:\/\/streetmarkets.fr\/app\/wp-json\/wp\/v2\/product"}],"about":[{"href":"https:\/\/streetmarkets.fr\/app\/wp-json\/wp\/v2\/types\/product"}],"replies":[{"embeddable":true,"href":"https:\/\/streetmarkets.fr\/app\/wp-json\/wp\/v2\/comments?post=2924486"}],"wp:featuredmedia":[{"embeddable":true,"href":"https:\/\/streetmarkets.fr\/app\/wp-json\/wp\/v2\/media\/2924487"}],"wp:attachment":[{"href":"https:\/\/streetmarkets.fr\/app\/wp-json\/wp\/v2\/media?parent=2924486"}],"wp:term":[{"taxonomy":"product_brand","embeddable":true,"href":"https:\/\/streetmarkets.fr\/app\/wp-json\/wp\/v2\/product_brand?post=2924486"},{"taxonomy":"product_cat","embeddable":true,"href":"https:\/\/streetmarkets.fr\/app\/wp-json\/wp\/v2\/product_cat?post=2924486"},{"taxonomy":"product_tag","embeddable":true,"href":"https:\/\/streetmarkets.fr\/app\/wp-json\/wp\/v2\/product_tag?post=2924486"}],"curies":[{"name":"wp","href":"https:\/\/api.w.org\/{rel}","templated":true}]}}