{"id":2906555,"date":"2025-10-26T01:16:34","date_gmt":"2025-10-25T23:16:34","guid":{"rendered":"https:\/\/streetmarkets.fr\/app\/produit\/barrette-7-joia-petits-ronds-colores\/"},"modified":"2025-11-24T00:16:48","modified_gmt":"2025-11-23T23:16:48","slug":"barrette-7-joia-petits-ronds-colores","status":"publish","type":"product","link":"https:\/\/streetmarkets.fr\/app\/produit\/barrette-7-joia-petits-ronds-colores\/","title":{"rendered":"Barrette 7 Joia Petits Ronds Color\u00e9s"},"content":{"rendered":"<p>Envie d\u2019une note joyeuse dans les cheveux sans y passer des heures ? Cette barrette cheveux color\u00e9e aligne <strong>sept petits ronds<\/strong> pour capter la lumi\u00e8re et sublimer une m\u00e8che, une frange ou une petite demi-queue. Fine et l\u00e9g\u00e8re, elle ajoute une touche boh\u00e8me-chic \u00e0 toutes les tenues.<\/p>\n<p>Avec ses <strong>6,5 x 1 cm<\/strong>, elle se glisse partout et tient bien sans alourdir. En alliage de zinc, elle offre une belle tenue au quotidien. Et parce qu\u2019elle est <strong>fabriqu\u00e9e en France<\/strong>, on la choisit autant pour le style que pour le sens. Un accessoire de coiffure facile \u00e0 porter, parfait en id\u00e9e cadeau ou pour se faire plaisir.<\/p>\n","protected":false},"excerpt":{"rendered":"<p>Envie d\u2019une note joyeuse dans les cheveux sans y passer des heures ? Cette barrette cheveux color\u00e9e aligne sept petits ronds pour capter la lumi\u00e8re et sublimer une m\u00e8che, une frange ou une petite demi-queue. Fine et l\u00e9g\u00e8re, elle ajoute une touche boh\u00e8me-chic \u00e0 toutes les tenues. Avec ses 6,5 x 1 cm, elle se [&hellip;]<\/p>\n","protected":false},"featured_media":2906556,"comment_status":"open","ping_status":"closed","template":"","meta":[],"product_brand":[],"product_cat":[1756,1764],"product_tag":[1810],"acf":[],"_links":{"self":[{"href":"https:\/\/streetmarkets.fr\/app\/wp-json\/wp\/v2\/product\/2906555"}],"collection":[{"href":"https:\/\/streetmarkets.fr\/app\/wp-json\/wp\/v2\/product"}],"about":[{"href":"https:\/\/streetmarkets.fr\/app\/wp-json\/wp\/v2\/types\/product"}],"replies":[{"embeddable":true,"href":"https:\/\/streetmarkets.fr\/app\/wp-json\/wp\/v2\/comments?post=2906555"}],"wp:featuredmedia":[{"embeddable":true,"href":"https:\/\/streetmarkets.fr\/app\/wp-json\/wp\/v2\/media\/2906556"}],"wp:attachment":[{"href":"https:\/\/streetmarkets.fr\/app\/wp-json\/wp\/v2\/media?parent=2906555"}],"wp:term":[{"taxonomy":"product_brand","embeddable":true,"href":"https:\/\/streetmarkets.fr\/app\/wp-json\/wp\/v2\/product_brand?post=2906555"},{"taxonomy":"product_cat","embeddable":true,"href":"https:\/\/streetmarkets.fr\/app\/wp-json\/wp\/v2\/product_cat?post=2906555"},{"taxonomy":"product_tag","embeddable":true,"href":"https:\/\/streetmarkets.fr\/app\/wp-json\/wp\/v2\/product_tag?post=2906555"}],"curies":[{"name":"wp","href":"https:\/\/api.w.org\/{rel}","templated":true}]}}