{"id":2906551,"date":"2025-10-26T01:16:33","date_gmt":"2025-10-25T23:16:33","guid":{"rendered":"https:\/\/streetmarkets.fr\/app\/produit\/barrette-24-leliana-perles-blanches\/"},"modified":"2025-11-24T00:16:47","modified_gmt":"2025-11-23T23:16:47","slug":"barrette-24-leliana-perles-blanches","status":"publish","type":"product","link":"https:\/\/streetmarkets.fr\/app\/produit\/barrette-24-leliana-perles-blanches\/","title":{"rendered":"Barrette 24 L\u00e9liana Perles Blanches"},"content":{"rendered":"<p>Chic et discr\u00e8te, cette barrette en perles blanches apporte imm\u00e9diatement une touche lumineuse \u00e0 la coiffure. Avec son format compact (6 cm x 1,5 cm), elle retient facilement une m\u00e8che ou une demi-queue sans alourdir. L\u2019alliage de zinc lui donne une belle tenue dans le temps, pour un accessoire qui accompagne le quotidien comme les grandes occasions.<\/p>\n<p>Fabriqu\u00e9e en France, elle mixe sobri\u00e9t\u00e9 et \u00e9l\u00e9gance. On l\u2019adore pour relever une coiffure rapide le matin, twister un look bureau ou compl\u00e9ter une tenue de c\u00e9r\u00e9monie. Un cadeau facile \u00e0 offrir, qui fait toujours son effet.<\/p>\n","protected":false},"excerpt":{"rendered":"<p>Chic et discr\u00e8te, cette barrette en perles blanches apporte imm\u00e9diatement une touche lumineuse \u00e0 la coiffure. Avec son format compact (6 cm x 1,5 cm), elle retient facilement une m\u00e8che ou une demi-queue sans alourdir. L\u2019alliage de zinc lui donne une belle tenue dans le temps, pour un accessoire qui accompagne le quotidien comme les [&hellip;]<\/p>\n","protected":false},"featured_media":2906552,"comment_status":"open","ping_status":"closed","template":"","meta":[],"product_brand":[],"product_cat":[1756,1764],"product_tag":[1810],"acf":[],"_links":{"self":[{"href":"https:\/\/streetmarkets.fr\/app\/wp-json\/wp\/v2\/product\/2906551"}],"collection":[{"href":"https:\/\/streetmarkets.fr\/app\/wp-json\/wp\/v2\/product"}],"about":[{"href":"https:\/\/streetmarkets.fr\/app\/wp-json\/wp\/v2\/types\/product"}],"replies":[{"embeddable":true,"href":"https:\/\/streetmarkets.fr\/app\/wp-json\/wp\/v2\/comments?post=2906551"}],"wp:featuredmedia":[{"embeddable":true,"href":"https:\/\/streetmarkets.fr\/app\/wp-json\/wp\/v2\/media\/2906552"}],"wp:attachment":[{"href":"https:\/\/streetmarkets.fr\/app\/wp-json\/wp\/v2\/media?parent=2906551"}],"wp:term":[{"taxonomy":"product_brand","embeddable":true,"href":"https:\/\/streetmarkets.fr\/app\/wp-json\/wp\/v2\/product_brand?post=2906551"},{"taxonomy":"product_cat","embeddable":true,"href":"https:\/\/streetmarkets.fr\/app\/wp-json\/wp\/v2\/product_cat?post=2906551"},{"taxonomy":"product_tag","embeddable":true,"href":"https:\/\/streetmarkets.fr\/app\/wp-json\/wp\/v2\/product_tag?post=2906551"}],"curies":[{"name":"wp","href":"https:\/\/api.w.org\/{rel}","templated":true}]}}