{"id":2901624,"date":"2025-10-25T01:26:28","date_gmt":"2025-10-24T23:26:28","guid":{"rendered":"https:\/\/streetmarkets.fr\/app\/produit\/trousse-gaya-velours\/"},"modified":"2026-05-13T01:18:14","modified_gmt":"2026-05-12T23:18:14","slug":"trousse-gaya-velours","status":"publish","type":"product","link":"https:\/\/streetmarkets.fr\/app\/produit\/trousse-gaya-velours\/","title":{"rendered":"Trousse Gaya Velours"},"content":{"rendered":"<p><span style=\"text-decoration: underline\"><strong><a href=\"https:\/\/frenchtouche.com\/collections\/apaches-collections\" title=\"Apaches Collections\">Collection Apaches<\/a><\/strong><\/span><\/p>\n<p>La version mini de la trousse Gaya en velours, un accessoire adorable et polyvalent ! Cette petite trousse est id\u00e9ale \u00e0 glisser dans votre sac avec vos essentiels beaut\u00e9, pour en faire une trousse de couture ou encore pour ranger les feutres et tr\u00e9sors des plus petits.<\/p>\n<p>La grande trousse Gaya en velours, un accessoire ultra-pratique \u00e0 emporter partout ! Utilisez-la comme trousse de toilette lors de vos d\u00e9placements, pour transporter le maquillage, les essentiels de votre b\u00e9b\u00e9 ou encore pour que les enfants y glissent feutres et autres petits tr\u00e9sors ! Facile \u00e0 glisser dans son sac, notre grande trousse vous permettra de garder vos affaires \u00e0 port\u00e9e de main.<\/p>\n<ul>\n<li>100% velours ras de coton<\/li>\n<li>Petite : environ 19 x 12 cm<\/li>\n<li>Grande : environ 27 x 18 cm<\/li>\n<li>Matelass\u00e9e et surpiqu\u00e9e<\/li>\n<li>Poche avec fermeture \u00e9claire \u00e0 l&#8217;int\u00e9rieur\n<\/li>\n<li><span>Conseils d\u2019entretien : Lavage \u00e0 30\u00b0 en cycle d\u00e9licat avec des coloris similaires &#8211; Pas de blanchissant &#8211; Pas de s\u00e8che-linge &#8211; Privil\u00e9giez un s\u00e9chage \u00e0 plat<\/span><\/li>\n<li><span>Confectionn\u00e9e en Inde<\/span><\/li>\n<\/ul>\n","protected":false},"excerpt":{"rendered":"<p>Collection Apaches La version mini de la trousse Gaya en velours, un accessoire adorable et polyvalent ! Cette petite trousse est id\u00e9ale \u00e0 glisser dans votre sac avec vos essentiels beaut\u00e9, pour en faire une trousse de couture ou encore pour ranger les feutres et tr\u00e9sors des plus petits. La grande trousse Gaya en velours, [&hellip;]<\/p>\n","protected":false},"featured_media":2901625,"comment_status":"open","ping_status":"closed","template":"","meta":[],"product_brand":[],"product_cat":[1756,1764],"product_tag":[2244],"acf":[],"_links":{"self":[{"href":"https:\/\/streetmarkets.fr\/app\/wp-json\/wp\/v2\/product\/2901624"}],"collection":[{"href":"https:\/\/streetmarkets.fr\/app\/wp-json\/wp\/v2\/product"}],"about":[{"href":"https:\/\/streetmarkets.fr\/app\/wp-json\/wp\/v2\/types\/product"}],"replies":[{"embeddable":true,"href":"https:\/\/streetmarkets.fr\/app\/wp-json\/wp\/v2\/comments?post=2901624"}],"wp:featuredmedia":[{"embeddable":true,"href":"https:\/\/streetmarkets.fr\/app\/wp-json\/wp\/v2\/media\/2901625"}],"wp:attachment":[{"href":"https:\/\/streetmarkets.fr\/app\/wp-json\/wp\/v2\/media?parent=2901624"}],"wp:term":[{"taxonomy":"product_brand","embeddable":true,"href":"https:\/\/streetmarkets.fr\/app\/wp-json\/wp\/v2\/product_brand?post=2901624"},{"taxonomy":"product_cat","embeddable":true,"href":"https:\/\/streetmarkets.fr\/app\/wp-json\/wp\/v2\/product_cat?post=2901624"},{"taxonomy":"product_tag","embeddable":true,"href":"https:\/\/streetmarkets.fr\/app\/wp-json\/wp\/v2\/product_tag?post=2901624"}],"curies":[{"name":"wp","href":"https:\/\/api.w.org\/{rel}","templated":true}]}}