{"id":2901132,"date":"2025-10-25T01:00:33","date_gmt":"2025-10-24T23:00:33","guid":{"rendered":"https:\/\/streetmarkets.fr\/app\/produit\/chaussons-marcel-fluffy-creme\/"},"modified":"2026-05-11T00:55:49","modified_gmt":"2026-05-10T22:55:49","slug":"chaussons-marcel-fluffy-creme","status":"publish","type":"product","link":"https:\/\/streetmarkets.fr\/app\/produit\/chaussons-marcel-fluffy-creme\/","title":{"rendered":"Chaussons Marcel Fluffy cr\u00e8me"},"content":{"rendered":"<p>C&#8217;est LA nouvelle paire de la saison ! Les chaussons Marcel Fluffy de Causs\u00fcn sont con\u00e7us pour vous offrir un confort ultime et une sensation de chaleur unique. De couleur naturelle et fabriqu\u00e9s artisanalement, ils allient douceur et durabilit\u00e9. La laine de haute qualit\u00e9 capture l&#8217;humidit\u00e9 et limite les odeurs, pour garder vos pieds au sec et bien au chaud. Ces chaussons \u00e9coresponsables deviendront vite vos compagnons indispensables pour des moments de d\u00e9tente \u00e0 la maison.<\/p>\n<p>Fabriqu\u00e9s au Portugal de fa\u00e7on artisanale.<\/p>\n<p>LE CONSEIL D&#8217;ASTRID<\/p>\n<p>Les chaussons Marcel Fluffy sont parfaits pour vos soir\u00e9es cocooning. Associez-les \u00e0 votre tenue d&#8217;int\u00e9rieur pr\u00e9f\u00e9r\u00e9e et laissez-vous emporter par leur confort naturel.<\/p>\n<p>COMPOSITION<\/p>\n<ul>\n<li>Fourrure int\u00e9rieure : fourrure de laine &#8211; origine Italie\n<\/li>\n<li>Ext\u00e9rieur : <span>tige en fourrure de laine &#8211; origine Italie<\/span>\n<\/li>\n<li>Semelle ext\u00e9rieure : Antid\u00e9rapante en PET recycl\u00e9 pour une bonne adh\u00e9rence et une marche silencieuse. origine Italie\n<\/li>\n<\/ul>\n<p>CONSEIL D&#8217;ENTRETIEN<\/p>\n<p>Pour pr\u00e9server la qualit\u00e9 de vos chaussons, optez pour un lavage \u00e0 sec en frottant d\u00e9licatement avec un linge humide. Cela permet de garder les mat\u00e9riaux intacts tout en maintenant une hygi\u00e8ne impeccable.<\/p>\n<p>LA MARQUE<\/p>\n<p>\u2013 De jolies pantoufles unisexes \u00e9co-con\u00e7ues et confortables \u2013<\/p>\n<p>Causs\u00fcn est une marque fran\u00e7aise engag\u00e9e dans la conception de chaussons responsables et durables, fabriqu\u00e9s \u00e0 partir de mat\u00e9riaux recycl\u00e9s, comme la mousse, la laine et le plastique. Une fois les chaussons us\u00e9s, leur laine et leur semelle int\u00e9rieure en mati\u00e8res brutes peuvent \u00eatre compost\u00e9es pour minimiser vos d\u00e9chets. Causs\u00fcn r\u00e9volutionne le chausson \u00e9cologique avec des produits qui prennent soin de la plan\u00e8te et de vos pieds.<\/p>\n","protected":false},"excerpt":{"rendered":"<p>C&#8217;est LA nouvelle paire de la saison ! Les chaussons Marcel Fluffy de Causs\u00fcn sont con\u00e7us pour vous offrir un confort ultime et une sensation de chaleur unique. De couleur naturelle et fabriqu\u00e9s artisanalement, ils allient douceur et durabilit\u00e9. La laine de haute qualit\u00e9 capture l&#8217;humidit\u00e9 et limite les odeurs, pour garder vos pieds au [&hellip;]<\/p>\n","protected":false},"featured_media":2901133,"comment_status":"open","ping_status":"closed","template":"","meta":[],"product_brand":[],"product_cat":[1756,1763],"product_tag":[1813],"acf":[],"_links":{"self":[{"href":"https:\/\/streetmarkets.fr\/app\/wp-json\/wp\/v2\/product\/2901132"}],"collection":[{"href":"https:\/\/streetmarkets.fr\/app\/wp-json\/wp\/v2\/product"}],"about":[{"href":"https:\/\/streetmarkets.fr\/app\/wp-json\/wp\/v2\/types\/product"}],"replies":[{"embeddable":true,"href":"https:\/\/streetmarkets.fr\/app\/wp-json\/wp\/v2\/comments?post=2901132"}],"wp:featuredmedia":[{"embeddable":true,"href":"https:\/\/streetmarkets.fr\/app\/wp-json\/wp\/v2\/media\/2901133"}],"wp:attachment":[{"href":"https:\/\/streetmarkets.fr\/app\/wp-json\/wp\/v2\/media?parent=2901132"}],"wp:term":[{"taxonomy":"product_brand","embeddable":true,"href":"https:\/\/streetmarkets.fr\/app\/wp-json\/wp\/v2\/product_brand?post=2901132"},{"taxonomy":"product_cat","embeddable":true,"href":"https:\/\/streetmarkets.fr\/app\/wp-json\/wp\/v2\/product_cat?post=2901132"},{"taxonomy":"product_tag","embeddable":true,"href":"https:\/\/streetmarkets.fr\/app\/wp-json\/wp\/v2\/product_tag?post=2901132"}],"curies":[{"name":"wp","href":"https:\/\/api.w.org\/{rel}","templated":true}]}}