{"id":2887002,"date":"2025-10-23T01:18:43","date_gmt":"2025-10-22T23:18:43","guid":{"rendered":"https:\/\/streetmarkets.fr\/app\/produit\/chaussettes-josette-la-dynamique\/"},"modified":"2025-11-24T00:18:39","modified_gmt":"2025-11-23T23:18:39","slug":"chaussettes-josette-la-dynamique","status":"publish","type":"product","link":"https:\/\/streetmarkets.fr\/app\/produit\/chaussettes-josette-la-dynamique\/","title":{"rendered":"Chaussettes Josette La dynamique"},"content":{"rendered":"<p>Josette La dynamique, ce sont des chaussettes femme made in France qui allient confort et style au quotidien. Tricot\u00e9es au c\u0153ur du Tarn en coton peign\u00e9, elles sont remaill\u00e9es \u00e0 la main pour une couture quasi imperceptible et une sensation douce sur la peau. Une pointe de lurex apporte juste ce qu\u2019il faut d\u2019\u00e9clat pour passer du casual au chic sans effort. Taille unique 36\u201341, elles s\u2019adaptent facilement et deviennent vite l\u2019accessoire de mode indispensable, \u00e0 offrir ou \u00e0 s\u2019offrir.<\/p>\n","protected":false},"excerpt":{"rendered":"<p>Josette La dynamique, ce sont des chaussettes femme made in France qui allient confort et style au quotidien. Tricot\u00e9es au c\u0153ur du Tarn en coton peign\u00e9, elles sont remaill\u00e9es \u00e0 la main pour une couture quasi imperceptible et une sensation douce sur la peau. Une pointe de lurex apporte juste ce qu\u2019il faut d\u2019\u00e9clat pour [&hellip;]<\/p>\n","protected":false},"featured_media":2887003,"comment_status":"open","ping_status":"closed","template":"","meta":[],"product_brand":[],"product_cat":[1756,1764],"product_tag":[1810],"acf":[],"_links":{"self":[{"href":"https:\/\/streetmarkets.fr\/app\/wp-json\/wp\/v2\/product\/2887002"}],"collection":[{"href":"https:\/\/streetmarkets.fr\/app\/wp-json\/wp\/v2\/product"}],"about":[{"href":"https:\/\/streetmarkets.fr\/app\/wp-json\/wp\/v2\/types\/product"}],"replies":[{"embeddable":true,"href":"https:\/\/streetmarkets.fr\/app\/wp-json\/wp\/v2\/comments?post=2887002"}],"wp:featuredmedia":[{"embeddable":true,"href":"https:\/\/streetmarkets.fr\/app\/wp-json\/wp\/v2\/media\/2887003"}],"wp:attachment":[{"href":"https:\/\/streetmarkets.fr\/app\/wp-json\/wp\/v2\/media?parent=2887002"}],"wp:term":[{"taxonomy":"product_brand","embeddable":true,"href":"https:\/\/streetmarkets.fr\/app\/wp-json\/wp\/v2\/product_brand?post=2887002"},{"taxonomy":"product_cat","embeddable":true,"href":"https:\/\/streetmarkets.fr\/app\/wp-json\/wp\/v2\/product_cat?post=2887002"},{"taxonomy":"product_tag","embeddable":true,"href":"https:\/\/streetmarkets.fr\/app\/wp-json\/wp\/v2\/product_tag?post=2887002"}],"curies":[{"name":"wp","href":"https:\/\/api.w.org\/{rel}","templated":true}]}}