{"id":2886847,"date":"2025-10-23T01:15:08","date_gmt":"2025-10-22T23:15:08","guid":{"rendered":"https:\/\/streetmarkets.fr\/app\/produit\/foulard-violeta-macadamia\/"},"modified":"2025-11-24T00:15:18","modified_gmt":"2025-11-23T23:15:18","slug":"foulard-violeta-macadamia","status":"publish","type":"product","link":"https:\/\/streetmarkets.fr\/app\/produit\/foulard-violeta-macadamia\/","title":{"rendered":"Foulard Violeta &#8211; Macadamia"},"content":{"rendered":"<p>Un foulard en coton doux, imprim\u00e9 \u00e0 la main selon la technique du block print et color\u00e9 avec des encres v\u00e9g\u00e9tales. On aime sa mati\u00e8re respirante qui se pose sans gratter, et ses motifs d\u00e9licatement irr\u00e9guliers, signature d\u2019un vrai travail artisanal. Disponible en deux formats, il s\u2019adapte \u00e0 toutes les envies : autour du cou, nou\u00e9 dans les cheveux, en bandana ou accroch\u00e9 \u00e0 un sac.<br \/>\nC\u2019est l\u2019accessoire facile qui r\u00e9veille une silhouette, du matin press\u00e9 \u00e0 la soir\u00e9e improvis\u00e9e. Une belle pi\u00e8ce \u00e0 offrir (ou \u00e0 s\u2019offrir) quand on veut m\u00ealer style, douceur et fabrication soign\u00e9e.<\/p>\n","protected":false},"excerpt":{"rendered":"<p>Un foulard en coton doux, imprim\u00e9 \u00e0 la main selon la technique du block print et color\u00e9 avec des encres v\u00e9g\u00e9tales. On aime sa mati\u00e8re respirante qui se pose sans gratter, et ses motifs d\u00e9licatement irr\u00e9guliers, signature d\u2019un vrai travail artisanal. Disponible en deux formats, il s\u2019adapte \u00e0 toutes les envies : autour du cou, [&hellip;]<\/p>\n","protected":false},"featured_media":2886848,"comment_status":"open","ping_status":"closed","template":"","meta":[],"product_brand":[],"product_cat":[1756,1764],"product_tag":[1810],"acf":[],"_links":{"self":[{"href":"https:\/\/streetmarkets.fr\/app\/wp-json\/wp\/v2\/product\/2886847"}],"collection":[{"href":"https:\/\/streetmarkets.fr\/app\/wp-json\/wp\/v2\/product"}],"about":[{"href":"https:\/\/streetmarkets.fr\/app\/wp-json\/wp\/v2\/types\/product"}],"replies":[{"embeddable":true,"href":"https:\/\/streetmarkets.fr\/app\/wp-json\/wp\/v2\/comments?post=2886847"}],"wp:featuredmedia":[{"embeddable":true,"href":"https:\/\/streetmarkets.fr\/app\/wp-json\/wp\/v2\/media\/2886848"}],"wp:attachment":[{"href":"https:\/\/streetmarkets.fr\/app\/wp-json\/wp\/v2\/media?parent=2886847"}],"wp:term":[{"taxonomy":"product_brand","embeddable":true,"href":"https:\/\/streetmarkets.fr\/app\/wp-json\/wp\/v2\/product_brand?post=2886847"},{"taxonomy":"product_cat","embeddable":true,"href":"https:\/\/streetmarkets.fr\/app\/wp-json\/wp\/v2\/product_cat?post=2886847"},{"taxonomy":"product_tag","embeddable":true,"href":"https:\/\/streetmarkets.fr\/app\/wp-json\/wp\/v2\/product_tag?post=2886847"}],"curies":[{"name":"wp","href":"https:\/\/api.w.org\/{rel}","templated":true}]}}