{"id":2881694,"date":"2025-10-22T01:27:49","date_gmt":"2025-10-21T23:27:49","guid":{"rendered":"https:\/\/streetmarkets.fr\/app\/produit\/chemise-dhiver-emma-checks-oxford-green\/"},"modified":"2026-05-06T01:17:00","modified_gmt":"2026-05-05T23:17:00","slug":"chemise-dhiver-emma-checks-oxford-green","status":"publish","type":"product","link":"https:\/\/streetmarkets.fr\/app\/produit\/chemise-dhiver-emma-checks-oxford-green\/","title":{"rendered":"Chemise d&#8217;Hiver Emma Checks Oxford Green"},"content":{"rendered":"<p><a href=\"\/collections\/moismont\" title=\"Collection Moismont\"><strong>Collection Moismont<\/strong><\/a><\/p>\n<div class=\"tabs__head product-tabs__head\">\n<p class=\"MsoNormal\">La blouse Emma s\u2019impose comme un nouvel essentiel du vestiaire Moismont. Avec sa coupe droite et ample, elle offre des d\u00e9tails d\u00e9licats : col officier, manches bouffantes et fronces plac\u00e9es aux \u00e9paules, au dos et aux poignets. Sa patte de boutonnage discr\u00e8te souligne la sobri\u00e9t\u00e9 de la pi\u00e8ce, id\u00e9ale pour un port\u00e9 quotidien \u00e9l\u00e9gant.<\/p>\n<ul>\n<li class=\"MsoNormal\">Coupe droite et ample, confortable et fluide<\/li>\n<li class=\"MsoNormal\">Col officier et fermeture boutonn\u00e9e sous-patte \u00e0 l\u2019avant<\/li>\n<li class=\"MsoNormal\">Manches longues bouffantes, pour une silhouette f\u00e9minine<\/li>\n<li class=\"MsoNormal\">Fronces au niveau des \u00e9paules, du dos et des poignets<\/li>\n<li class=\"MsoNormal\">Une blouse raffin\u00e9e, facile \u00e0 porter en toute saison<\/li>\n<li class=\"MsoNormal\"><span style=\"font-family: -apple-system, BlinkMacSystemFont, 'San Francisco', 'Segoe UI', Roboto, 'Helvetica Neue', sans-serif;font-size: 0.875rem\">Ir\u00e8ne mesure 175 cm et porte une taille S<\/span><\/li>\n<\/ul>\n<p class=\"MsoNormal\"><span class=\"metafield-multi_line_text_field\">Fabriqu\u00e9e de mani\u00e8re artisanale en Inde, cette chemise utilise du coton tiss\u00e9 sur des m\u00e9tiers \u00e0 tisser artisanaux. \u00c9galement connu sous le nom de &#8220;handloom&#8221;, ce tissage \u00e0 la main est une technique ancestrale qui offre un rendu de haute qualit\u00e9 et plein de caract\u00e8re. La chemise peut pr\u00e9senter quelques irr\u00e9gularit\u00e9s, ajoutant au charme de sa conception artisanale.<\/span><\/p>\n<p class=\"MsoNormal\"><span>Dessin\u00e9e in France<br \/>Fabriqu\u00e9e en Inde<\/span><\/p>\n<p> <span>Le coton est une fibre naturelle facile d\u2019entretien.<\/span><br \/><span>Pour pr\u00e9server votre pi\u00e8ce :<\/span><br \/><span>&#8211; Lavez-la \u00e0 30\u00b0C maximum, avec des couleurs similaires.<\/span><br \/><span>&#8211; \u00c9vitez l\u2019utilisation d\u2019agents blanchissants.<\/span><br \/><span>&#8211; S\u00e9chez \u00e0 l\u2019air libre.<\/span><br \/><span>&#8211; Repassage doux, \u00e0 une temp\u00e9rature maximale de 110\u00b0C.<\/span>\n<\/div>\n","protected":false},"excerpt":{"rendered":"<p>Collection Moismont La blouse Emma s\u2019impose comme un nouvel essentiel du vestiaire Moismont. Avec sa coupe droite et ample, elle offre des d\u00e9tails d\u00e9licats : col officier, manches bouffantes et fronces plac\u00e9es aux \u00e9paules, au dos et aux poignets. Sa patte de boutonnage discr\u00e8te souligne la sobri\u00e9t\u00e9 de la pi\u00e8ce, id\u00e9ale pour un port\u00e9 quotidien [&hellip;]<\/p>\n","protected":false},"featured_media":2881695,"comment_status":"open","ping_status":"closed","template":"","meta":[],"product_brand":[],"product_cat":[1756,1762],"product_tag":[2244,1811],"acf":[],"_links":{"self":[{"href":"https:\/\/streetmarkets.fr\/app\/wp-json\/wp\/v2\/product\/2881694"}],"collection":[{"href":"https:\/\/streetmarkets.fr\/app\/wp-json\/wp\/v2\/product"}],"about":[{"href":"https:\/\/streetmarkets.fr\/app\/wp-json\/wp\/v2\/types\/product"}],"replies":[{"embeddable":true,"href":"https:\/\/streetmarkets.fr\/app\/wp-json\/wp\/v2\/comments?post=2881694"}],"wp:featuredmedia":[{"embeddable":true,"href":"https:\/\/streetmarkets.fr\/app\/wp-json\/wp\/v2\/media\/2881695"}],"wp:attachment":[{"href":"https:\/\/streetmarkets.fr\/app\/wp-json\/wp\/v2\/media?parent=2881694"}],"wp:term":[{"taxonomy":"product_brand","embeddable":true,"href":"https:\/\/streetmarkets.fr\/app\/wp-json\/wp\/v2\/product_brand?post=2881694"},{"taxonomy":"product_cat","embeddable":true,"href":"https:\/\/streetmarkets.fr\/app\/wp-json\/wp\/v2\/product_cat?post=2881694"},{"taxonomy":"product_tag","embeddable":true,"href":"https:\/\/streetmarkets.fr\/app\/wp-json\/wp\/v2\/product_tag?post=2881694"}],"curies":[{"name":"wp","href":"https:\/\/api.w.org\/{rel}","templated":true}]}}