{"id":2876465,"date":"2025-10-21T01:42:35","date_gmt":"2025-10-20T23:42:35","guid":{"rendered":"https:\/\/streetmarkets.fr\/app\/produit\/derbies-padror-bc-beige-noir-kleman\/"},"modified":"2026-05-12T01:40:46","modified_gmt":"2026-05-11T23:40:46","slug":"derbies-padror-bc-beige-noir-kleman","status":"publish","type":"product","link":"https:\/\/streetmarkets.fr\/app\/produit\/derbies-padror-bc-beige-noir-kleman\/","title":{"rendered":"Derbies Padror BC beige noir \u2013 Kleman"},"content":{"rendered":"<p data-rte-preserve-empty=\"true\"><strong>Derbies Padror BC Beige Noir \u2013 Kleman \/ Twins concept store<\/strong><\/p>\n<p data-rte-preserve-empty=\"true\">La Padror BC de la marque fran\u00e7aise Kleman revisite la derby iconique avec un m\u00e9lange de cuir lisse et de pony hair tachet\u00e9 pour un style affirm\u00e9 et contemporain. <\/p>\n<p data-rte-preserve-empty=\"true\">Fabriqu\u00e9e en France, cette chaussure allie robustesse, confort et caract\u00e8re.<\/p>\n<p data-rte-preserve-empty=\"true\">Sa semelle crant\u00e9e en caoutchouc, son cuir de vachette de haute qualit\u00e9 et sa doublure cuir &amp; textile en font une paire durable et styl\u00e9e, id\u00e9ale au quotidien ou pour affirmer un look plus mode.<\/p>\n<ul data-rte-list=\"true\">\n<li>\n<p data-rte-preserve-empty=\"true\">Mod\u00e8le : <strong>Padror BC \/ PADRINI BC<\/strong><\/p>\n<\/li>\n<li>\n<p data-rte-preserve-empty=\"true\">Coloris : <strong>Noir &amp; Beige<\/strong> (pony hair tachet\u00e9)<\/p>\n<\/li>\n<li>\n<p data-rte-preserve-empty=\"true\">Pays de fabrication : <strong>France<\/strong><\/p>\n<\/li>\n<li>\n<p data-rte-preserve-empty=\"true\">Type d&#8217;assemblage : <strong>Soud\u00e9<\/strong><\/p>\n<\/li>\n<li>\n<p data-rte-preserve-empty=\"true\">Mati\u00e8re principale : <strong>100% cuir de vachette<\/strong><\/p>\n<\/li>\n<li>\n<p data-rte-preserve-empty=\"true\">Doublure : cuir &amp; textile<\/p>\n<\/li>\n<li>\n<p data-rte-preserve-empty=\"true\">Semelle int\u00e9rieure : cuir<\/p>\n<\/li>\n<li>\n<p data-rte-preserve-empty=\"true\">Semelle ext\u00e9rieure : caoutchouc<\/p>\n<\/li>\n<li>\n<p data-rte-preserve-empty=\"true\">Fermeture : lacets<\/p>\n<\/li>\n<li>\n<p data-rte-preserve-empty=\"true\">Hauteur de talon : 3 cm<\/p>\n<\/li>\n<\/ul>\n","protected":false},"excerpt":{"rendered":"<p>Derbies Padror BC Beige Noir \u2013 Kleman \/ Twins concept store La Padror BC de la marque fran\u00e7aise Kleman revisite la derby iconique avec un m\u00e9lange de cuir lisse et de pony hair tachet\u00e9 pour un style affirm\u00e9 et contemporain. Fabriqu\u00e9e en France, cette chaussure allie robustesse, confort et caract\u00e8re. Sa semelle crant\u00e9e en caoutchouc, [&hellip;]<\/p>\n","protected":false},"featured_media":2876466,"comment_status":"open","ping_status":"closed","template":"","meta":[],"product_brand":[],"product_cat":[1756,1759],"product_tag":[2244],"acf":[],"_links":{"self":[{"href":"https:\/\/streetmarkets.fr\/app\/wp-json\/wp\/v2\/product\/2876465"}],"collection":[{"href":"https:\/\/streetmarkets.fr\/app\/wp-json\/wp\/v2\/product"}],"about":[{"href":"https:\/\/streetmarkets.fr\/app\/wp-json\/wp\/v2\/types\/product"}],"replies":[{"embeddable":true,"href":"https:\/\/streetmarkets.fr\/app\/wp-json\/wp\/v2\/comments?post=2876465"}],"wp:featuredmedia":[{"embeddable":true,"href":"https:\/\/streetmarkets.fr\/app\/wp-json\/wp\/v2\/media\/2876466"}],"wp:attachment":[{"href":"https:\/\/streetmarkets.fr\/app\/wp-json\/wp\/v2\/media?parent=2876465"}],"wp:term":[{"taxonomy":"product_brand","embeddable":true,"href":"https:\/\/streetmarkets.fr\/app\/wp-json\/wp\/v2\/product_brand?post=2876465"},{"taxonomy":"product_cat","embeddable":true,"href":"https:\/\/streetmarkets.fr\/app\/wp-json\/wp\/v2\/product_cat?post=2876465"},{"taxonomy":"product_tag","embeddable":true,"href":"https:\/\/streetmarkets.fr\/app\/wp-json\/wp\/v2\/product_tag?post=2876465"}],"curies":[{"name":"wp","href":"https:\/\/api.w.org\/{rel}","templated":true}]}}