{"id":2865116,"date":"2025-10-19T01:14:27","date_gmt":"2025-10-18T23:14:27","guid":{"rendered":"https:\/\/streetmarkets.fr\/app\/produit\/chouchou-raye-bronze\/"},"modified":"2025-11-24T00:14:53","modified_gmt":"2025-11-23T23:14:53","slug":"chouchou-raye-bronze","status":"publish","type":"product","link":"https:\/\/streetmarkets.fr\/app\/produit\/chouchou-raye-bronze\/","title":{"rendered":"Chouchou Ray\u00e9 bronze"},"content":{"rendered":"<p>Ce chouchou ray\u00e9 bronze met une jolie touche de lumi\u00e8re dans les cheveux en un geste. Con\u00e7u et fabriqu\u00e9 \u00e0 la main \u00e0 Paris par la cr\u00e9atrice Laure Derrey, il allie style et sens: la mati\u00e8re provient de chutes de tissus revaloris\u00e9es, pour un accessoire \u00e9co\u2011pens\u00e9 et durable.<br \/>\nSa teinte bronze aux fines rayures s\u2019accorde facilement, du look casual au plus habill\u00e9. Pratique pour attacher ou styliser une queue\u2011de\u2011cheval ou un chignon, il devient vite l\u2019alli\u00e9 coiffure qu\u2019on attrape chaque matin. Un petit accessoire mode, made in France, parfait \u00e0 s\u2019offrir ou \u00e0 offrir.<\/p>\n","protected":false},"excerpt":{"rendered":"<p>Ce chouchou ray\u00e9 bronze met une jolie touche de lumi\u00e8re dans les cheveux en un geste. Con\u00e7u et fabriqu\u00e9 \u00e0 la main \u00e0 Paris par la cr\u00e9atrice Laure Derrey, il allie style et sens: la mati\u00e8re provient de chutes de tissus revaloris\u00e9es, pour un accessoire \u00e9co\u2011pens\u00e9 et durable. Sa teinte bronze aux fines rayures s\u2019accorde [&hellip;]<\/p>\n","protected":false},"featured_media":2865117,"comment_status":"open","ping_status":"closed","template":"","meta":[],"product_brand":[],"product_cat":[1756,1764],"product_tag":[1810],"acf":[],"_links":{"self":[{"href":"https:\/\/streetmarkets.fr\/app\/wp-json\/wp\/v2\/product\/2865116"}],"collection":[{"href":"https:\/\/streetmarkets.fr\/app\/wp-json\/wp\/v2\/product"}],"about":[{"href":"https:\/\/streetmarkets.fr\/app\/wp-json\/wp\/v2\/types\/product"}],"replies":[{"embeddable":true,"href":"https:\/\/streetmarkets.fr\/app\/wp-json\/wp\/v2\/comments?post=2865116"}],"wp:featuredmedia":[{"embeddable":true,"href":"https:\/\/streetmarkets.fr\/app\/wp-json\/wp\/v2\/media\/2865117"}],"wp:attachment":[{"href":"https:\/\/streetmarkets.fr\/app\/wp-json\/wp\/v2\/media?parent=2865116"}],"wp:term":[{"taxonomy":"product_brand","embeddable":true,"href":"https:\/\/streetmarkets.fr\/app\/wp-json\/wp\/v2\/product_brand?post=2865116"},{"taxonomy":"product_cat","embeddable":true,"href":"https:\/\/streetmarkets.fr\/app\/wp-json\/wp\/v2\/product_cat?post=2865116"},{"taxonomy":"product_tag","embeddable":true,"href":"https:\/\/streetmarkets.fr\/app\/wp-json\/wp\/v2\/product_tag?post=2865116"}],"curies":[{"name":"wp","href":"https:\/\/api.w.org\/{rel}","templated":true}]}}