{"id":2865098,"date":"2025-10-19T01:14:25","date_gmt":"2025-10-18T23:14:25","guid":{"rendered":"https:\/\/streetmarkets.fr\/app\/produit\/chouchou-mia\/"},"modified":"2025-11-24T00:14:52","modified_gmt":"2025-11-23T23:14:52","slug":"chouchou-mia","status":"publish","type":"product","link":"https:\/\/streetmarkets.fr\/app\/produit\/chouchou-mia\/","title":{"rendered":"Chouchou Mia"},"content":{"rendered":"<p>Fait main \u00e0 Paris, ce chouchou upcycl\u00e9 en 100% viscose transforme des chutes de tissus en un accessoire cheveux joli et durable. La mati\u00e8re est douce, fluide, et maintient la coiffure sans tirer, avec cette touche color\u00e9e qui change tout.<\/p>\n<p>Parfait au quotidien pour une queue-de-cheval, un chignon flou ou une demi-queue, il se glisse aussi au poignet en bracelet. En valorisant des chutes, il contribue \u00e0 limiter les d\u00e9chets textiles et offre une alternative plus responsable aux \u00e9lastiques classiques. Un petit essentiel made in France, id\u00e9al \u00e0 s\u2019offrir ou \u00e0 offrir.<\/p>\n","protected":false},"excerpt":{"rendered":"<p>Fait main \u00e0 Paris, ce chouchou upcycl\u00e9 en 100% viscose transforme des chutes de tissus en un accessoire cheveux joli et durable. La mati\u00e8re est douce, fluide, et maintient la coiffure sans tirer, avec cette touche color\u00e9e qui change tout. Parfait au quotidien pour une queue-de-cheval, un chignon flou ou une demi-queue, il se glisse [&hellip;]<\/p>\n","protected":false},"featured_media":2865099,"comment_status":"open","ping_status":"closed","template":"","meta":[],"product_brand":[],"product_cat":[1756,1764],"product_tag":[1810],"acf":[],"_links":{"self":[{"href":"https:\/\/streetmarkets.fr\/app\/wp-json\/wp\/v2\/product\/2865098"}],"collection":[{"href":"https:\/\/streetmarkets.fr\/app\/wp-json\/wp\/v2\/product"}],"about":[{"href":"https:\/\/streetmarkets.fr\/app\/wp-json\/wp\/v2\/types\/product"}],"replies":[{"embeddable":true,"href":"https:\/\/streetmarkets.fr\/app\/wp-json\/wp\/v2\/comments?post=2865098"}],"wp:featuredmedia":[{"embeddable":true,"href":"https:\/\/streetmarkets.fr\/app\/wp-json\/wp\/v2\/media\/2865099"}],"wp:attachment":[{"href":"https:\/\/streetmarkets.fr\/app\/wp-json\/wp\/v2\/media?parent=2865098"}],"wp:term":[{"taxonomy":"product_brand","embeddable":true,"href":"https:\/\/streetmarkets.fr\/app\/wp-json\/wp\/v2\/product_brand?post=2865098"},{"taxonomy":"product_cat","embeddable":true,"href":"https:\/\/streetmarkets.fr\/app\/wp-json\/wp\/v2\/product_cat?post=2865098"},{"taxonomy":"product_tag","embeddable":true,"href":"https:\/\/streetmarkets.fr\/app\/wp-json\/wp\/v2\/product_tag?post=2865098"}],"curies":[{"name":"wp","href":"https:\/\/api.w.org\/{rel}","templated":true}]}}