{"id":2865090,"date":"2025-10-19T01:14:25","date_gmt":"2025-10-18T23:14:25","guid":{"rendered":"https:\/\/streetmarkets.fr\/app\/produit\/chouchou-amethyste\/"},"modified":"2025-11-24T00:14:52","modified_gmt":"2025-11-23T23:14:52","slug":"chouchou-amethyste","status":"publish","type":"product","link":"https:\/\/streetmarkets.fr\/app\/produit\/chouchou-amethyste\/","title":{"rendered":"Chouchou Am\u00e9thyste"},"content":{"rendered":"<p>Un accessoire cheveux facile \u00e0 aimer et \u00e0 porter. Ce chouchou \u00e0 la teinte am\u00e9thyste apporte une touche de couleur chic \u00e0 une queue de cheval, une demi-queue ou un chignon. R\u00e9alis\u00e9 \u00e0 la main \u00e0 Paris dans des chutes de tissus de la marque, il valorise les mati\u00e8res d\u00e9j\u00e0 produites et \u00e9vite le gaspillage. Sa mati\u00e8re douce et l\u00e9g\u00e8rement extensible maintient sans tirer, pour un look soign\u00e9 du matin au soir. Un petit geste styl\u00e9, utile et vraiment \u00e9co-responsable.<\/p>\n","protected":false},"excerpt":{"rendered":"<p>Un accessoire cheveux facile \u00e0 aimer et \u00e0 porter. Ce chouchou \u00e0 la teinte am\u00e9thyste apporte une touche de couleur chic \u00e0 une queue de cheval, une demi-queue ou un chignon. R\u00e9alis\u00e9 \u00e0 la main \u00e0 Paris dans des chutes de tissus de la marque, il valorise les mati\u00e8res d\u00e9j\u00e0 produites et \u00e9vite le gaspillage. [&hellip;]<\/p>\n","protected":false},"featured_media":2865091,"comment_status":"open","ping_status":"closed","template":"","meta":[],"product_brand":[],"product_cat":[1756,1764],"product_tag":[1810],"acf":[],"_links":{"self":[{"href":"https:\/\/streetmarkets.fr\/app\/wp-json\/wp\/v2\/product\/2865090"}],"collection":[{"href":"https:\/\/streetmarkets.fr\/app\/wp-json\/wp\/v2\/product"}],"about":[{"href":"https:\/\/streetmarkets.fr\/app\/wp-json\/wp\/v2\/types\/product"}],"replies":[{"embeddable":true,"href":"https:\/\/streetmarkets.fr\/app\/wp-json\/wp\/v2\/comments?post=2865090"}],"wp:featuredmedia":[{"embeddable":true,"href":"https:\/\/streetmarkets.fr\/app\/wp-json\/wp\/v2\/media\/2865091"}],"wp:attachment":[{"href":"https:\/\/streetmarkets.fr\/app\/wp-json\/wp\/v2\/media?parent=2865090"}],"wp:term":[{"taxonomy":"product_brand","embeddable":true,"href":"https:\/\/streetmarkets.fr\/app\/wp-json\/wp\/v2\/product_brand?post=2865090"},{"taxonomy":"product_cat","embeddable":true,"href":"https:\/\/streetmarkets.fr\/app\/wp-json\/wp\/v2\/product_cat?post=2865090"},{"taxonomy":"product_tag","embeddable":true,"href":"https:\/\/streetmarkets.fr\/app\/wp-json\/wp\/v2\/product_tag?post=2865090"}],"curies":[{"name":"wp","href":"https:\/\/api.w.org\/{rel}","templated":true}]}}