{"id":2852870,"date":"2025-10-16T08:54:32","date_gmt":"2025-10-16T06:54:32","guid":{"rendered":"https:\/\/streetmarkets.fr\/app\/produit\/robe-en-maille-a-decoupes-noir\/"},"modified":"2026-05-07T08:52:32","modified_gmt":"2026-05-07T06:52:32","slug":"robe-en-maille-a-decoupes-noir","status":"publish","type":"product","link":"https:\/\/streetmarkets.fr\/app\/produit\/robe-en-maille-a-decoupes-noir\/","title":{"rendered":"Robe en maille \u00e0 d\u00e9coupes &#8211; noir"},"content":{"rendered":"<p>Cette robe en maille \u00e9paisse et souple, d\u2019un noir intense, \u00e9pouse parfaitement les formes du corps. Le col se distingue par trois d\u00e9coupes en forme de goutte, mises en valeur par une broche argent\u00e9e au design organique et ovale. Sa longueur genou offre une silhouette \u00e9l\u00e9gante et contemporaine, id\u00e9ale pour toutes les occasions.<\/p>\n<p><\/p>\n","protected":false},"excerpt":{"rendered":"<p>Cette robe en maille \u00e9paisse et souple, d\u2019un noir intense, \u00e9pouse parfaitement les formes du corps. Le col se distingue par trois d\u00e9coupes en forme de goutte, mises en valeur par une broche argent\u00e9e au design organique et ovale. Sa longueur genou offre une silhouette \u00e9l\u00e9gante et contemporaine, id\u00e9ale pour toutes les occasions.<\/p>\n","protected":false},"featured_media":2852871,"comment_status":"open","ping_status":"closed","template":"","meta":[],"product_brand":[],"product_cat":[1756,1762],"product_tag":[2244,1811],"acf":[],"_links":{"self":[{"href":"https:\/\/streetmarkets.fr\/app\/wp-json\/wp\/v2\/product\/2852870"}],"collection":[{"href":"https:\/\/streetmarkets.fr\/app\/wp-json\/wp\/v2\/product"}],"about":[{"href":"https:\/\/streetmarkets.fr\/app\/wp-json\/wp\/v2\/types\/product"}],"replies":[{"embeddable":true,"href":"https:\/\/streetmarkets.fr\/app\/wp-json\/wp\/v2\/comments?post=2852870"}],"wp:featuredmedia":[{"embeddable":true,"href":"https:\/\/streetmarkets.fr\/app\/wp-json\/wp\/v2\/media\/2852871"}],"wp:attachment":[{"href":"https:\/\/streetmarkets.fr\/app\/wp-json\/wp\/v2\/media?parent=2852870"}],"wp:term":[{"taxonomy":"product_brand","embeddable":true,"href":"https:\/\/streetmarkets.fr\/app\/wp-json\/wp\/v2\/product_brand?post=2852870"},{"taxonomy":"product_cat","embeddable":true,"href":"https:\/\/streetmarkets.fr\/app\/wp-json\/wp\/v2\/product_cat?post=2852870"},{"taxonomy":"product_tag","embeddable":true,"href":"https:\/\/streetmarkets.fr\/app\/wp-json\/wp\/v2\/product_tag?post=2852870"}],"curies":[{"name":"wp","href":"https:\/\/api.w.org\/{rel}","templated":true}]}}