{"id":2852854,"date":"2025-10-16T08:54:30","date_gmt":"2025-10-16T06:54:30","guid":{"rendered":"https:\/\/streetmarkets.fr\/app\/produit\/robe-en-mohair-melange-en-crochet-a-fleurs-bleu\/"},"modified":"2026-05-11T08:52:34","modified_gmt":"2026-05-11T06:52:34","slug":"robe-en-mohair-melange-en-crochet-a-fleurs-bleu","status":"publish","type":"product","link":"https:\/\/streetmarkets.fr\/app\/produit\/robe-en-mohair-melange-en-crochet-a-fleurs-bleu\/","title":{"rendered":"Robe en mohair m\u00e9lang\u00e9 en crochet \u00e0 fleurs &#8211; bleu"},"content":{"rendered":"<p>Robe en mohair m\u00e9lang\u00e9, reprenant les codes iconiques de Ph\u00e8me. Son col en V est d\u00e9licatement orn\u00e9 de fleurs en crochet faites main. Enti\u00e8rement doubl\u00e9e d\u2019une maille l\u00e9g\u00e8re et souple, cette robe allie confort et \u00e9l\u00e9gance. La partie inf\u00e9rieure de la robe se compose de parties triangulaires en tricottage ajour\u00e9, parsem\u00e9es de fleurs en crochet, qui apportent texture et d\u00e9licatesse. Une fente centrale \u00e0 l\u2019avant facilite le mouvement. Les manches bouffantes, \u00e9galement parsem\u00e9es de fleurs en crochet, ajoutent une touche romantique et raffin\u00e9e.<\/p>\n<p><\/p>\n","protected":false},"excerpt":{"rendered":"<p>Robe en mohair m\u00e9lang\u00e9, reprenant les codes iconiques de Ph\u00e8me. Son col en V est d\u00e9licatement orn\u00e9 de fleurs en crochet faites main. Enti\u00e8rement doubl\u00e9e d\u2019une maille l\u00e9g\u00e8re et souple, cette robe allie confort et \u00e9l\u00e9gance. La partie inf\u00e9rieure de la robe se compose de parties triangulaires en tricottage ajour\u00e9, parsem\u00e9es de fleurs en crochet, [&hellip;]<\/p>\n","protected":false},"featured_media":2852855,"comment_status":"open","ping_status":"closed","template":"","meta":[],"product_brand":[],"product_cat":[1756,1762],"product_tag":[2244,1811],"acf":[],"_links":{"self":[{"href":"https:\/\/streetmarkets.fr\/app\/wp-json\/wp\/v2\/product\/2852854"}],"collection":[{"href":"https:\/\/streetmarkets.fr\/app\/wp-json\/wp\/v2\/product"}],"about":[{"href":"https:\/\/streetmarkets.fr\/app\/wp-json\/wp\/v2\/types\/product"}],"replies":[{"embeddable":true,"href":"https:\/\/streetmarkets.fr\/app\/wp-json\/wp\/v2\/comments?post=2852854"}],"wp:featuredmedia":[{"embeddable":true,"href":"https:\/\/streetmarkets.fr\/app\/wp-json\/wp\/v2\/media\/2852855"}],"wp:attachment":[{"href":"https:\/\/streetmarkets.fr\/app\/wp-json\/wp\/v2\/media?parent=2852854"}],"wp:term":[{"taxonomy":"product_brand","embeddable":true,"href":"https:\/\/streetmarkets.fr\/app\/wp-json\/wp\/v2\/product_brand?post=2852854"},{"taxonomy":"product_cat","embeddable":true,"href":"https:\/\/streetmarkets.fr\/app\/wp-json\/wp\/v2\/product_cat?post=2852854"},{"taxonomy":"product_tag","embeddable":true,"href":"https:\/\/streetmarkets.fr\/app\/wp-json\/wp\/v2\/product_tag?post=2852854"}],"curies":[{"name":"wp","href":"https:\/\/api.w.org\/{rel}","templated":true}]}}