{"id":2852845,"date":"2025-10-16T08:54:29","date_gmt":"2025-10-16T06:54:29","guid":{"rendered":"https:\/\/streetmarkets.fr\/app\/produit\/jupe-a-decoupe-avec-dentelle-noir\/"},"modified":"2026-05-07T08:52:31","modified_gmt":"2026-05-07T06:52:31","slug":"jupe-a-decoupe-avec-dentelle-noir","status":"publish","type":"product","link":"https:\/\/streetmarkets.fr\/app\/produit\/jupe-a-decoupe-avec-dentelle-noir\/","title":{"rendered":"Jupe \u00e0 d\u00e9coupe avec dentelle &#8211; noir"},"content":{"rendered":"<p>Cette jupe mi-mollet en satin noir \u00e9pais allie brillance et souplesse. Le haut de la jupe pr\u00e9sente une d\u00e9coupe asym\u00e9trique \u00e9l\u00e9gante, o\u00f9 un insert triangulaire en dentelle vient maintenir d\u00e9licatement la mati\u00e8re satin\u00e9e. Une boucle m\u00e9tallique argent\u00e9e, plac\u00e9e sur la hanche, souligne et habille la silhouette avec raffinement.<\/p>\n<p><\/p>\n","protected":false},"excerpt":{"rendered":"<p>Cette jupe mi-mollet en satin noir \u00e9pais allie brillance et souplesse. Le haut de la jupe pr\u00e9sente une d\u00e9coupe asym\u00e9trique \u00e9l\u00e9gante, o\u00f9 un insert triangulaire en dentelle vient maintenir d\u00e9licatement la mati\u00e8re satin\u00e9e. Une boucle m\u00e9tallique argent\u00e9e, plac\u00e9e sur la hanche, souligne et habille la silhouette avec raffinement.<\/p>\n","protected":false},"featured_media":2852846,"comment_status":"open","ping_status":"closed","template":"","meta":[],"product_brand":[],"product_cat":[1756,1762],"product_tag":[2244,1811],"acf":[],"_links":{"self":[{"href":"https:\/\/streetmarkets.fr\/app\/wp-json\/wp\/v2\/product\/2852845"}],"collection":[{"href":"https:\/\/streetmarkets.fr\/app\/wp-json\/wp\/v2\/product"}],"about":[{"href":"https:\/\/streetmarkets.fr\/app\/wp-json\/wp\/v2\/types\/product"}],"replies":[{"embeddable":true,"href":"https:\/\/streetmarkets.fr\/app\/wp-json\/wp\/v2\/comments?post=2852845"}],"wp:featuredmedia":[{"embeddable":true,"href":"https:\/\/streetmarkets.fr\/app\/wp-json\/wp\/v2\/media\/2852846"}],"wp:attachment":[{"href":"https:\/\/streetmarkets.fr\/app\/wp-json\/wp\/v2\/media?parent=2852845"}],"wp:term":[{"taxonomy":"product_brand","embeddable":true,"href":"https:\/\/streetmarkets.fr\/app\/wp-json\/wp\/v2\/product_brand?post=2852845"},{"taxonomy":"product_cat","embeddable":true,"href":"https:\/\/streetmarkets.fr\/app\/wp-json\/wp\/v2\/product_cat?post=2852845"},{"taxonomy":"product_tag","embeddable":true,"href":"https:\/\/streetmarkets.fr\/app\/wp-json\/wp\/v2\/product_tag?post=2852845"}],"curies":[{"name":"wp","href":"https:\/\/api.w.org\/{rel}","templated":true}]}}