{"id":2852702,"date":"2025-10-16T08:53:43","date_gmt":"2025-10-16T06:53:43","guid":{"rendered":"https:\/\/streetmarkets.fr\/app\/produit\/robe-longue-en-sequins-et-dentelle-blanc\/"},"modified":"2026-05-04T08:52:29","modified_gmt":"2026-05-04T06:52:29","slug":"robe-longue-en-sequins-et-dentelle-blanc","status":"publish","type":"product","link":"https:\/\/streetmarkets.fr\/app\/produit\/robe-longue-en-sequins-et-dentelle-blanc\/","title":{"rendered":"Robe longue en sequins et dentelle &#8211; blanc"},"content":{"rendered":"<p>Cette robe ajust\u00e9e en dentelle \u00e9lastique avec des sequins subtils est \u00e0 la fois \u00e9l\u00e9gante et sexy. Parfaite pour le jour et le soir, elle ajoutera une touche de glamour \u00e0 votre garde-robe. Soyez chic et audacieuse avec cette robe longue en blanc.<\/p>\n","protected":false},"excerpt":{"rendered":"<p>Cette robe ajust\u00e9e en dentelle \u00e9lastique avec des sequins subtils est \u00e0 la fois \u00e9l\u00e9gante et sexy. Parfaite pour le jour et le soir, elle ajoutera une touche de glamour \u00e0 votre garde-robe. Soyez chic et audacieuse avec cette robe longue en blanc.<\/p>\n","protected":false},"featured_media":2852703,"comment_status":"open","ping_status":"closed","template":"","meta":[],"product_brand":[],"product_cat":[1756,1762],"product_tag":[2244,1811],"acf":[],"_links":{"self":[{"href":"https:\/\/streetmarkets.fr\/app\/wp-json\/wp\/v2\/product\/2852702"}],"collection":[{"href":"https:\/\/streetmarkets.fr\/app\/wp-json\/wp\/v2\/product"}],"about":[{"href":"https:\/\/streetmarkets.fr\/app\/wp-json\/wp\/v2\/types\/product"}],"replies":[{"embeddable":true,"href":"https:\/\/streetmarkets.fr\/app\/wp-json\/wp\/v2\/comments?post=2852702"}],"wp:featuredmedia":[{"embeddable":true,"href":"https:\/\/streetmarkets.fr\/app\/wp-json\/wp\/v2\/media\/2852703"}],"wp:attachment":[{"href":"https:\/\/streetmarkets.fr\/app\/wp-json\/wp\/v2\/media?parent=2852702"}],"wp:term":[{"taxonomy":"product_brand","embeddable":true,"href":"https:\/\/streetmarkets.fr\/app\/wp-json\/wp\/v2\/product_brand?post=2852702"},{"taxonomy":"product_cat","embeddable":true,"href":"https:\/\/streetmarkets.fr\/app\/wp-json\/wp\/v2\/product_cat?post=2852702"},{"taxonomy":"product_tag","embeddable":true,"href":"https:\/\/streetmarkets.fr\/app\/wp-json\/wp\/v2\/product_tag?post=2852702"}],"curies":[{"name":"wp","href":"https:\/\/api.w.org\/{rel}","templated":true}]}}