{"id":2852667,"date":"2025-10-16T08:53:42","date_gmt":"2025-10-16T06:53:42","guid":{"rendered":"https:\/\/streetmarkets.fr\/app\/produit\/boucles-doreilles-vintage-triangulaires-acier\/"},"modified":"2026-05-07T08:52:29","modified_gmt":"2026-05-07T06:52:29","slug":"boucles-doreilles-vintage-triangulaires-acier","status":"publish","type":"product","link":"https:\/\/streetmarkets.fr\/app\/produit\/boucles-doreilles-vintage-triangulaires-acier\/","title":{"rendered":"Boucles d&#8217;oreilles vintage triangulaires &#8211; Acier"},"content":{"rendered":"<p>Ces boucles d&#8217;oreilles en acier inoxydable marient \u00e9l\u00e9gance et modernit\u00e9. Leur forme g\u00e9om\u00e9trique \u00e9pur\u00e9e et leur finition brillante attirent tous les regards. L\u00e9g\u00e8res et faciles \u00e0 porter, elles subliment une coiffure sophistiqu\u00e9e.\u00a0<\/p>\n","protected":false},"excerpt":{"rendered":"<p>Ces boucles d&#8217;oreilles en acier inoxydable marient \u00e9l\u00e9gance et modernit\u00e9. Leur forme g\u00e9om\u00e9trique \u00e9pur\u00e9e et leur finition brillante attirent tous les regards. L\u00e9g\u00e8res et faciles \u00e0 porter, elles subliment une coiffure sophistiqu\u00e9e.\u00a0<\/p>\n","protected":false},"featured_media":2852668,"comment_status":"open","ping_status":"closed","template":"","meta":[],"product_brand":[],"product_cat":[1807,1756],"product_tag":[2244,2122],"acf":[],"_links":{"self":[{"href":"https:\/\/streetmarkets.fr\/app\/wp-json\/wp\/v2\/product\/2852667"}],"collection":[{"href":"https:\/\/streetmarkets.fr\/app\/wp-json\/wp\/v2\/product"}],"about":[{"href":"https:\/\/streetmarkets.fr\/app\/wp-json\/wp\/v2\/types\/product"}],"replies":[{"embeddable":true,"href":"https:\/\/streetmarkets.fr\/app\/wp-json\/wp\/v2\/comments?post=2852667"}],"wp:featuredmedia":[{"embeddable":true,"href":"https:\/\/streetmarkets.fr\/app\/wp-json\/wp\/v2\/media\/2852668"}],"wp:attachment":[{"href":"https:\/\/streetmarkets.fr\/app\/wp-json\/wp\/v2\/media?parent=2852667"}],"wp:term":[{"taxonomy":"product_brand","embeddable":true,"href":"https:\/\/streetmarkets.fr\/app\/wp-json\/wp\/v2\/product_brand?post=2852667"},{"taxonomy":"product_cat","embeddable":true,"href":"https:\/\/streetmarkets.fr\/app\/wp-json\/wp\/v2\/product_cat?post=2852667"},{"taxonomy":"product_tag","embeddable":true,"href":"https:\/\/streetmarkets.fr\/app\/wp-json\/wp\/v2\/product_tag?post=2852667"}],"curies":[{"name":"wp","href":"https:\/\/api.w.org\/{rel}","templated":true}]}}