{"id":2852607,"date":"2025-10-16T08:53:38","date_gmt":"2025-10-16T06:53:38","guid":{"rendered":"https:\/\/streetmarkets.fr\/app\/produit\/jupe-en-maille-opaque-noir\/"},"modified":"2026-05-07T08:52:11","modified_gmt":"2026-05-07T06:52:11","slug":"jupe-en-maille-opaque-noir","status":"publish","type":"product","link":"https:\/\/streetmarkets.fr\/app\/produit\/jupe-en-maille-opaque-noir\/","title":{"rendered":"Jupe en maille opaque &#8211; noir"},"content":{"rendered":"<p><span data-mce-fragment=\"1\">Ce mod\u00e8le taille petit, nous vous recommandons de prendre une taille au-dessus.<\/span><\/p>\n<p><span data-mce-fragment=\"1\">Explorez l&#8217;\u00e9l\u00e9gance moderne avec notre jupe en maille opaque noir. Un jeu subtil de parties en couleur solide et transparente cr\u00e9e une allure captivante. Cette pi\u00e8ce polyvalente allie sophistication et audace, parfaite pour \u00e9lever votre style, que ce soit pour une soir\u00e9e chic ou une journ\u00e9e d\u00e9contract\u00e9e.<\/span><\/p>\n","protected":false},"excerpt":{"rendered":"<p>Ce mod\u00e8le taille petit, nous vous recommandons de prendre une taille au-dessus. Explorez l&#8217;\u00e9l\u00e9gance moderne avec notre jupe en maille opaque noir. Un jeu subtil de parties en couleur solide et transparente cr\u00e9e une allure captivante. Cette pi\u00e8ce polyvalente allie sophistication et audace, parfaite pour \u00e9lever votre style, que ce soit pour une soir\u00e9e chic [&hellip;]<\/p>\n","protected":false},"featured_media":2852608,"comment_status":"open","ping_status":"closed","template":"","meta":[],"product_brand":[],"product_cat":[1756,1762],"product_tag":[2244,1811],"acf":[],"_links":{"self":[{"href":"https:\/\/streetmarkets.fr\/app\/wp-json\/wp\/v2\/product\/2852607"}],"collection":[{"href":"https:\/\/streetmarkets.fr\/app\/wp-json\/wp\/v2\/product"}],"about":[{"href":"https:\/\/streetmarkets.fr\/app\/wp-json\/wp\/v2\/types\/product"}],"replies":[{"embeddable":true,"href":"https:\/\/streetmarkets.fr\/app\/wp-json\/wp\/v2\/comments?post=2852607"}],"wp:featuredmedia":[{"embeddable":true,"href":"https:\/\/streetmarkets.fr\/app\/wp-json\/wp\/v2\/media\/2852608"}],"wp:attachment":[{"href":"https:\/\/streetmarkets.fr\/app\/wp-json\/wp\/v2\/media?parent=2852607"}],"wp:term":[{"taxonomy":"product_brand","embeddable":true,"href":"https:\/\/streetmarkets.fr\/app\/wp-json\/wp\/v2\/product_brand?post=2852607"},{"taxonomy":"product_cat","embeddable":true,"href":"https:\/\/streetmarkets.fr\/app\/wp-json\/wp\/v2\/product_cat?post=2852607"},{"taxonomy":"product_tag","embeddable":true,"href":"https:\/\/streetmarkets.fr\/app\/wp-json\/wp\/v2\/product_tag?post=2852607"}],"curies":[{"name":"wp","href":"https:\/\/api.w.org\/{rel}","templated":true}]}}