{"id":2852493,"date":"2025-10-16T08:53:30","date_gmt":"2025-10-16T06:53:30","guid":{"rendered":"https:\/\/streetmarkets.fr\/app\/produit\/haut-dos-nu-en-organza-et-a-volants-abricot\/"},"modified":"2026-04-02T08:52:23","modified_gmt":"2026-04-02T06:52:23","slug":"haut-dos-nu-en-organza-et-a-volants-abricot","status":"publish","type":"product","link":"https:\/\/streetmarkets.fr\/app\/produit\/haut-dos-nu-en-organza-et-a-volants-abricot\/","title":{"rendered":"Haut dos nu en organza et \u00e0 volants &#8211; Abricot"},"content":{"rendered":"<p>Ce haut romantique en organza, avec des reflets brillants, est d\u2019un doux coloris abricot. Il pr\u00e9sente des manches volumineuses et ouvertes, tandis que le dos \u00e9lastiqu\u00e9 assure un bon maintien de la poitrine. Les bretelles sont ajustables.\u00a0<\/p>\n","protected":false},"excerpt":{"rendered":"<p>Ce haut romantique en organza, avec des reflets brillants, est d\u2019un doux coloris abricot. Il pr\u00e9sente des manches volumineuses et ouvertes, tandis que le dos \u00e9lastiqu\u00e9 assure un bon maintien de la poitrine. Les bretelles sont ajustables.\u00a0<\/p>\n","protected":false},"featured_media":2852494,"comment_status":"open","ping_status":"closed","template":"","meta":[],"product_brand":[],"product_cat":[1756,1762],"product_tag":[2244,1811],"acf":[],"_links":{"self":[{"href":"https:\/\/streetmarkets.fr\/app\/wp-json\/wp\/v2\/product\/2852493"}],"collection":[{"href":"https:\/\/streetmarkets.fr\/app\/wp-json\/wp\/v2\/product"}],"about":[{"href":"https:\/\/streetmarkets.fr\/app\/wp-json\/wp\/v2\/types\/product"}],"replies":[{"embeddable":true,"href":"https:\/\/streetmarkets.fr\/app\/wp-json\/wp\/v2\/comments?post=2852493"}],"wp:featuredmedia":[{"embeddable":true,"href":"https:\/\/streetmarkets.fr\/app\/wp-json\/wp\/v2\/media\/2852494"}],"wp:attachment":[{"href":"https:\/\/streetmarkets.fr\/app\/wp-json\/wp\/v2\/media?parent=2852493"}],"wp:term":[{"taxonomy":"product_brand","embeddable":true,"href":"https:\/\/streetmarkets.fr\/app\/wp-json\/wp\/v2\/product_brand?post=2852493"},{"taxonomy":"product_cat","embeddable":true,"href":"https:\/\/streetmarkets.fr\/app\/wp-json\/wp\/v2\/product_cat?post=2852493"},{"taxonomy":"product_tag","embeddable":true,"href":"https:\/\/streetmarkets.fr\/app\/wp-json\/wp\/v2\/product_tag?post=2852493"}],"curies":[{"name":"wp","href":"https:\/\/api.w.org\/{rel}","templated":true}]}}