{"id":2852462,"date":"2025-10-16T08:52:53","date_gmt":"2025-10-16T06:52:53","guid":{"rendered":"https:\/\/streetmarkets.fr\/app\/produit\/pantalon-en-maille-metallisee-or\/"},"modified":"2026-05-07T08:52:10","modified_gmt":"2026-05-07T06:52:10","slug":"pantalon-en-maille-metallisee-or","status":"publish","type":"product","link":"https:\/\/streetmarkets.fr\/app\/produit\/pantalon-en-maille-metallisee-or\/","title":{"rendered":"Pantalon en maille m\u00e9tallis\u00e9e &#8211; Or"},"content":{"rendered":"<p>Ce pantalon en maille or est dot\u00e9 d\u2019une taille \u00e9lastiqu\u00e9e et d\u2019un cordon ajustable. Il est tr\u00e8s confortable et se porte en set avec son haut assorti.<\/p>\n","protected":false},"excerpt":{"rendered":"<p>Ce pantalon en maille or est dot\u00e9 d\u2019une taille \u00e9lastiqu\u00e9e et d\u2019un cordon ajustable. Il est tr\u00e8s confortable et se porte en set avec son haut assorti.<\/p>\n","protected":false},"featured_media":2852463,"comment_status":"open","ping_status":"closed","template":"","meta":[],"product_brand":[],"product_cat":[1756,1762],"product_tag":[2244],"acf":[],"_links":{"self":[{"href":"https:\/\/streetmarkets.fr\/app\/wp-json\/wp\/v2\/product\/2852462"}],"collection":[{"href":"https:\/\/streetmarkets.fr\/app\/wp-json\/wp\/v2\/product"}],"about":[{"href":"https:\/\/streetmarkets.fr\/app\/wp-json\/wp\/v2\/types\/product"}],"replies":[{"embeddable":true,"href":"https:\/\/streetmarkets.fr\/app\/wp-json\/wp\/v2\/comments?post=2852462"}],"wp:featuredmedia":[{"embeddable":true,"href":"https:\/\/streetmarkets.fr\/app\/wp-json\/wp\/v2\/media\/2852463"}],"wp:attachment":[{"href":"https:\/\/streetmarkets.fr\/app\/wp-json\/wp\/v2\/media?parent=2852462"}],"wp:term":[{"taxonomy":"product_brand","embeddable":true,"href":"https:\/\/streetmarkets.fr\/app\/wp-json\/wp\/v2\/product_brand?post=2852462"},{"taxonomy":"product_cat","embeddable":true,"href":"https:\/\/streetmarkets.fr\/app\/wp-json\/wp\/v2\/product_cat?post=2852462"},{"taxonomy":"product_tag","embeddable":true,"href":"https:\/\/streetmarkets.fr\/app\/wp-json\/wp\/v2\/product_tag?post=2852462"}],"curies":[{"name":"wp","href":"https:\/\/api.w.org\/{rel}","templated":true}]}}