{"id":2852368,"date":"2025-10-16T08:52:46","date_gmt":"2025-10-16T06:52:46","guid":{"rendered":"https:\/\/streetmarkets.fr\/app\/produit\/haut-en-jersey-a-imprime-degrade-prune\/"},"modified":"2026-05-07T08:52:09","modified_gmt":"2026-05-07T06:52:09","slug":"haut-en-jersey-a-imprime-degrade-prune","status":"publish","type":"product","link":"https:\/\/streetmarkets.fr\/app\/produit\/haut-en-jersey-a-imprime-degrade-prune\/","title":{"rendered":"Haut en jersey \u00e0 imprim\u00e9 d\u00e9grad\u00e9 &#8211; Prune"},"content":{"rendered":"<p>Ce haut en jersey \u00e0 imprim\u00e9 d\u00e9grad\u00e9 prune ajoute une touche d&#8217;\u00e9l\u00e9gance avec une perle sur le col. Son design moderne et fluide offre un confort absolu. Associ\u00e9 \u00e0 la jupe assortie, il cr\u00e9e un ensemble harmonieux et raffin\u00e9, id\u00e9al pour un look chic et contemporain.<\/p>\n","protected":false},"excerpt":{"rendered":"<p>Ce haut en jersey \u00e0 imprim\u00e9 d\u00e9grad\u00e9 prune ajoute une touche d&#8217;\u00e9l\u00e9gance avec une perle sur le col. Son design moderne et fluide offre un confort absolu. Associ\u00e9 \u00e0 la jupe assortie, il cr\u00e9e un ensemble harmonieux et raffin\u00e9, id\u00e9al pour un look chic et contemporain.<\/p>\n","protected":false},"featured_media":2852369,"comment_status":"open","ping_status":"closed","template":"","meta":[],"product_brand":[],"product_cat":[1756,1762],"product_tag":[2244],"acf":[],"_links":{"self":[{"href":"https:\/\/streetmarkets.fr\/app\/wp-json\/wp\/v2\/product\/2852368"}],"collection":[{"href":"https:\/\/streetmarkets.fr\/app\/wp-json\/wp\/v2\/product"}],"about":[{"href":"https:\/\/streetmarkets.fr\/app\/wp-json\/wp\/v2\/types\/product"}],"replies":[{"embeddable":true,"href":"https:\/\/streetmarkets.fr\/app\/wp-json\/wp\/v2\/comments?post=2852368"}],"wp:featuredmedia":[{"embeddable":true,"href":"https:\/\/streetmarkets.fr\/app\/wp-json\/wp\/v2\/media\/2852369"}],"wp:attachment":[{"href":"https:\/\/streetmarkets.fr\/app\/wp-json\/wp\/v2\/media?parent=2852368"}],"wp:term":[{"taxonomy":"product_brand","embeddable":true,"href":"https:\/\/streetmarkets.fr\/app\/wp-json\/wp\/v2\/product_brand?post=2852368"},{"taxonomy":"product_cat","embeddable":true,"href":"https:\/\/streetmarkets.fr\/app\/wp-json\/wp\/v2\/product_cat?post=2852368"},{"taxonomy":"product_tag","embeddable":true,"href":"https:\/\/streetmarkets.fr\/app\/wp-json\/wp\/v2\/product_tag?post=2852368"}],"curies":[{"name":"wp","href":"https:\/\/api.w.org\/{rel}","templated":true}]}}