{"id":2852301,"date":"2025-10-16T08:52:40","date_gmt":"2025-10-16T06:52:40","guid":{"rendered":"https:\/\/streetmarkets.fr\/app\/produit\/boucles-doreilles-vintage-coquillage-triangle-acier\/"},"modified":"2026-05-07T08:52:08","modified_gmt":"2026-05-07T06:52:08","slug":"boucles-doreilles-vintage-coquillage-triangle-acier","status":"publish","type":"product","link":"https:\/\/streetmarkets.fr\/app\/produit\/boucles-doreilles-vintage-coquillage-triangle-acier\/","title":{"rendered":"Boucles d&#8217;oreilles vintage coquillage triangle &#8211; Acier"},"content":{"rendered":"<p>Confectionn\u00e9es en acier inoxydable, ces boucles d&#8217;oreilles au style \u00e9pur\u00e9 et moderne s&#8217;imposent par leur forme g\u00e9om\u00e9trique audacieuse et leur finition lisse et brillante attirent tous les regards.<\/p>\n","protected":false},"excerpt":{"rendered":"<p>Confectionn\u00e9es en acier inoxydable, ces boucles d&#8217;oreilles au style \u00e9pur\u00e9 et moderne s&#8217;imposent par leur forme g\u00e9om\u00e9trique audacieuse et leur finition lisse et brillante attirent tous les regards.<\/p>\n","protected":false},"featured_media":2852302,"comment_status":"open","ping_status":"closed","template":"","meta":[],"product_brand":[],"product_cat":[1807,1756],"product_tag":[2244,2122],"acf":[],"_links":{"self":[{"href":"https:\/\/streetmarkets.fr\/app\/wp-json\/wp\/v2\/product\/2852301"}],"collection":[{"href":"https:\/\/streetmarkets.fr\/app\/wp-json\/wp\/v2\/product"}],"about":[{"href":"https:\/\/streetmarkets.fr\/app\/wp-json\/wp\/v2\/types\/product"}],"replies":[{"embeddable":true,"href":"https:\/\/streetmarkets.fr\/app\/wp-json\/wp\/v2\/comments?post=2852301"}],"wp:featuredmedia":[{"embeddable":true,"href":"https:\/\/streetmarkets.fr\/app\/wp-json\/wp\/v2\/media\/2852302"}],"wp:attachment":[{"href":"https:\/\/streetmarkets.fr\/app\/wp-json\/wp\/v2\/media?parent=2852301"}],"wp:term":[{"taxonomy":"product_brand","embeddable":true,"href":"https:\/\/streetmarkets.fr\/app\/wp-json\/wp\/v2\/product_brand?post=2852301"},{"taxonomy":"product_cat","embeddable":true,"href":"https:\/\/streetmarkets.fr\/app\/wp-json\/wp\/v2\/product_cat?post=2852301"},{"taxonomy":"product_tag","embeddable":true,"href":"https:\/\/streetmarkets.fr\/app\/wp-json\/wp\/v2\/product_tag?post=2852301"}],"curies":[{"name":"wp","href":"https:\/\/api.w.org\/{rel}","templated":true}]}}