{"id":2852209,"date":"2025-10-16T08:52:33","date_gmt":"2025-10-16T06:52:33","guid":{"rendered":"https:\/\/streetmarkets.fr\/app\/produit\/pull-en-mohair-et-laine-a-crochet-rose-pale\/"},"modified":"2026-05-07T08:51:44","modified_gmt":"2026-05-07T06:51:44","slug":"pull-en-mohair-et-laine-a-crochet-rose-pale","status":"publish","type":"product","link":"https:\/\/streetmarkets.fr\/app\/produit\/pull-en-mohair-et-laine-a-crochet-rose-pale\/","title":{"rendered":"Pull en mohair et laine \u00e0 crochet &#8211; Rose p\u00e2le"},"content":{"rendered":"<p>Doux et d\u00e9licat, ce pull en mohair et laine \u00e0 crochet est l&#8217;incarnation de l&#8217;\u00e9l\u00e9gance subtile. Confectionn\u00e9 dans une teinte rose p\u00e2le apaisante, ce pull se distingue par son motif crochet\u00e9 sophistiqu\u00e9 qui cr\u00e9e une texture riche et visuellement captivante. L&#8217;ajout de v\u00e9ritables perles d&#8217;eau douce, d\u00e9licatement int\u00e9gr\u00e9es dans le design, apporte une touche de luxe et de raffinement.\u00a0<\/p>\n","protected":false},"excerpt":{"rendered":"<p>Doux et d\u00e9licat, ce pull en mohair et laine \u00e0 crochet est l&#8217;incarnation de l&#8217;\u00e9l\u00e9gance subtile. Confectionn\u00e9 dans une teinte rose p\u00e2le apaisante, ce pull se distingue par son motif crochet\u00e9 sophistiqu\u00e9 qui cr\u00e9e une texture riche et visuellement captivante. L&#8217;ajout de v\u00e9ritables perles d&#8217;eau douce, d\u00e9licatement int\u00e9gr\u00e9es dans le design, apporte une touche de [&hellip;]<\/p>\n","protected":false},"featured_media":2852210,"comment_status":"open","ping_status":"closed","template":"","meta":[],"product_brand":[],"product_cat":[1756,1762],"product_tag":[2244],"acf":[],"_links":{"self":[{"href":"https:\/\/streetmarkets.fr\/app\/wp-json\/wp\/v2\/product\/2852209"}],"collection":[{"href":"https:\/\/streetmarkets.fr\/app\/wp-json\/wp\/v2\/product"}],"about":[{"href":"https:\/\/streetmarkets.fr\/app\/wp-json\/wp\/v2\/types\/product"}],"replies":[{"embeddable":true,"href":"https:\/\/streetmarkets.fr\/app\/wp-json\/wp\/v2\/comments?post=2852209"}],"wp:featuredmedia":[{"embeddable":true,"href":"https:\/\/streetmarkets.fr\/app\/wp-json\/wp\/v2\/media\/2852210"}],"wp:attachment":[{"href":"https:\/\/streetmarkets.fr\/app\/wp-json\/wp\/v2\/media?parent=2852209"}],"wp:term":[{"taxonomy":"product_brand","embeddable":true,"href":"https:\/\/streetmarkets.fr\/app\/wp-json\/wp\/v2\/product_brand?post=2852209"},{"taxonomy":"product_cat","embeddable":true,"href":"https:\/\/streetmarkets.fr\/app\/wp-json\/wp\/v2\/product_cat?post=2852209"},{"taxonomy":"product_tag","embeddable":true,"href":"https:\/\/streetmarkets.fr\/app\/wp-json\/wp\/v2\/product_tag?post=2852209"}],"curies":[{"name":"wp","href":"https:\/\/api.w.org\/{rel}","templated":true}]}}