{"id":2852109,"date":"2025-10-16T08:51:51","date_gmt":"2025-10-16T06:51:51","guid":{"rendered":"https:\/\/streetmarkets.fr\/app\/produit\/boucles-doreilles-vintage-carrees-plaque-or\/"},"modified":"2026-04-16T08:52:03","modified_gmt":"2026-04-16T06:52:03","slug":"boucles-doreilles-vintage-carrees-plaque-or","status":"publish","type":"product","link":"https:\/\/streetmarkets.fr\/app\/produit\/boucles-doreilles-vintage-carrees-plaque-or\/","title":{"rendered":"Boucles d&#8217;oreilles vintage carr\u00e9es &#8211; Plaqu\u00e9 or"},"content":{"rendered":"<p>Confectionn\u00e9es en acier plaqu\u00e9 or 18 carats, ces boucles d&#8217;oreilles allient allure moderne et savoir-faire artisanal. Leur finition martel\u00e9e accroche la lumi\u00e8re, tandis que leur forme g\u00e9om\u00e9trique carr\u00e9e apporte une touche d&#8217;avant-garde \u00e0 toutes les tenues.\u00a0<\/p>\n","protected":false},"excerpt":{"rendered":"<p>Confectionn\u00e9es en acier plaqu\u00e9 or 18 carats, ces boucles d&#8217;oreilles allient allure moderne et savoir-faire artisanal. Leur finition martel\u00e9e accroche la lumi\u00e8re, tandis que leur forme g\u00e9om\u00e9trique carr\u00e9e apporte une touche d&#8217;avant-garde \u00e0 toutes les tenues.\u00a0<\/p>\n","protected":false},"featured_media":2852110,"comment_status":"open","ping_status":"closed","template":"","meta":[],"product_brand":[],"product_cat":[1807,1756],"product_tag":[2244,2122],"acf":[],"_links":{"self":[{"href":"https:\/\/streetmarkets.fr\/app\/wp-json\/wp\/v2\/product\/2852109"}],"collection":[{"href":"https:\/\/streetmarkets.fr\/app\/wp-json\/wp\/v2\/product"}],"about":[{"href":"https:\/\/streetmarkets.fr\/app\/wp-json\/wp\/v2\/types\/product"}],"replies":[{"embeddable":true,"href":"https:\/\/streetmarkets.fr\/app\/wp-json\/wp\/v2\/comments?post=2852109"}],"wp:featuredmedia":[{"embeddable":true,"href":"https:\/\/streetmarkets.fr\/app\/wp-json\/wp\/v2\/media\/2852110"}],"wp:attachment":[{"href":"https:\/\/streetmarkets.fr\/app\/wp-json\/wp\/v2\/media?parent=2852109"}],"wp:term":[{"taxonomy":"product_brand","embeddable":true,"href":"https:\/\/streetmarkets.fr\/app\/wp-json\/wp\/v2\/product_brand?post=2852109"},{"taxonomy":"product_cat","embeddable":true,"href":"https:\/\/streetmarkets.fr\/app\/wp-json\/wp\/v2\/product_cat?post=2852109"},{"taxonomy":"product_tag","embeddable":true,"href":"https:\/\/streetmarkets.fr\/app\/wp-json\/wp\/v2\/product_tag?post=2852109"}],"curies":[{"name":"wp","href":"https:\/\/api.w.org\/{rel}","templated":true}]}}