{"id":2852091,"date":"2025-10-16T08:51:50","date_gmt":"2025-10-16T06:51:50","guid":{"rendered":"https:\/\/streetmarkets.fr\/app\/produit\/robe-nuisette-en-soie-avec-broderies-style-vintage-vert-menthe\/"},"modified":"2026-05-07T08:51:43","modified_gmt":"2026-05-07T06:51:43","slug":"robe-nuisette-en-soie-avec-broderies-style-vintage-vert-menthe","status":"publish","type":"product","link":"https:\/\/streetmarkets.fr\/app\/produit\/robe-nuisette-en-soie-avec-broderies-style-vintage-vert-menthe\/","title":{"rendered":"Robe nuisette en soie avec broderies style vintage &#8211; Vert menthe"},"content":{"rendered":"<p><span>Cette robe nuisette au style vintage est fabriqu\u00e9e en pur satin de soie et pr\u00e9sente des broderies sur la poitrine, ainsi qu&#8217;une silhouette l\u00e9g\u00e8rement \u00e9vas\u00e9e. Associez-la \u00e0 une paire de talons pour compl\u00e9ter votre look.<\/span><\/p>\n","protected":false},"excerpt":{"rendered":"<p>Cette robe nuisette au style vintage est fabriqu\u00e9e en pur satin de soie et pr\u00e9sente des broderies sur la poitrine, ainsi qu&#8217;une silhouette l\u00e9g\u00e8rement \u00e9vas\u00e9e. Associez-la \u00e0 une paire de talons pour compl\u00e9ter votre look.<\/p>\n","protected":false},"featured_media":2852092,"comment_status":"open","ping_status":"closed","template":"","meta":[],"product_brand":[],"product_cat":[1756,1762],"product_tag":[2244,2122],"acf":[],"_links":{"self":[{"href":"https:\/\/streetmarkets.fr\/app\/wp-json\/wp\/v2\/product\/2852091"}],"collection":[{"href":"https:\/\/streetmarkets.fr\/app\/wp-json\/wp\/v2\/product"}],"about":[{"href":"https:\/\/streetmarkets.fr\/app\/wp-json\/wp\/v2\/types\/product"}],"replies":[{"embeddable":true,"href":"https:\/\/streetmarkets.fr\/app\/wp-json\/wp\/v2\/comments?post=2852091"}],"wp:featuredmedia":[{"embeddable":true,"href":"https:\/\/streetmarkets.fr\/app\/wp-json\/wp\/v2\/media\/2852092"}],"wp:attachment":[{"href":"https:\/\/streetmarkets.fr\/app\/wp-json\/wp\/v2\/media?parent=2852091"}],"wp:term":[{"taxonomy":"product_brand","embeddable":true,"href":"https:\/\/streetmarkets.fr\/app\/wp-json\/wp\/v2\/product_brand?post=2852091"},{"taxonomy":"product_cat","embeddable":true,"href":"https:\/\/streetmarkets.fr\/app\/wp-json\/wp\/v2\/product_cat?post=2852091"},{"taxonomy":"product_tag","embeddable":true,"href":"https:\/\/streetmarkets.fr\/app\/wp-json\/wp\/v2\/product_tag?post=2852091"}],"curies":[{"name":"wp","href":"https:\/\/api.w.org\/{rel}","templated":true}]}}