{"id":2835408,"date":"2025-10-14T01:53:03","date_gmt":"2025-10-13T23:53:03","guid":{"rendered":"https:\/\/streetmarkets.fr\/app\/produit\/pull-col-roule-coeur-h25-homme-navy\/"},"modified":"2026-04-21T01:56:13","modified_gmt":"2026-04-20T23:56:13","slug":"pull-col-roule-coeur-h25-homme-navy","status":"publish","type":"product","link":"https:\/\/streetmarkets.fr\/app\/produit\/pull-col-roule-coeur-h25-homme-navy\/","title":{"rendered":"Col roul\u00e9 \u00c9pais coeur (H25 \/ HOMME \/ Navy)"},"content":{"rendered":"<p>Rejoignez le Club avec ce pull confectionn\u00e9 en cachemire infiniment doux. Muni d&#8217;un col roul\u00e9, de manches longues et de bords c\u00f4tel\u00e9s, il d\u00e9voile un c\u0153ur brod\u00e9 &#8220;FUTURE&#8221; sur la poitrine. Pi\u00e8ce incontournable du vestiaire FROM FUTURE, mixez-le \u00e0 un pantalon large, des sneakers et une casquette signature.<\/p>\n<p>&#8211; Pull en cachemire certifi\u00e9 GCS\u00ae Homme<br \/>\n<br \/>&#8211; Col roul\u00e9<br \/>\n<br \/>&#8211; C\u0153ur brod\u00e9 &#8220;Future&#8221;<br \/>\n<br \/>&#8211; Bords c\u00f4tel\u00e9s<br \/>\n<br \/>&#8211; Manches longues<br \/>\n<br \/>&#8211; Coupe regular<br \/>\n<br \/>&#8211; Le Good Cashmere Standard\u00ae (GCS) est une norme ind\u00e9pendante pour un cachemire plus durable et plus responsable. Il vise \u00e0 am\u00e9liorer le bien-\u00eatre des ch\u00e8vres cachemire, les conditions de travail des \u00e9leveurs ainsi qu&#8217;\u00e0 prot\u00e9ger l&#8217;environnement.<br \/>&#8211; <u>Cachemire 2 fils<\/u> <\/p>\n","protected":false},"excerpt":{"rendered":"<p>Rejoignez le Club avec ce pull confectionn\u00e9 en cachemire infiniment doux. Muni d&#8217;un col roul\u00e9, de manches longues et de bords c\u00f4tel\u00e9s, il d\u00e9voile un c\u0153ur brod\u00e9 &#8220;FUTURE&#8221; sur la poitrine. Pi\u00e8ce incontournable du vestiaire FROM FUTURE, mixez-le \u00e0 un pantalon large, des sneakers et une casquette signature. &#8211; Pull en cachemire certifi\u00e9 GCS\u00ae Homme [&hellip;]<\/p>\n","protected":false},"featured_media":2835409,"comment_status":"open","ping_status":"closed","template":"","meta":[],"product_brand":[6868],"product_cat":[1756,1758],"product_tag":[2244],"acf":[],"_links":{"self":[{"href":"https:\/\/streetmarkets.fr\/app\/wp-json\/wp\/v2\/product\/2835408"}],"collection":[{"href":"https:\/\/streetmarkets.fr\/app\/wp-json\/wp\/v2\/product"}],"about":[{"href":"https:\/\/streetmarkets.fr\/app\/wp-json\/wp\/v2\/types\/product"}],"replies":[{"embeddable":true,"href":"https:\/\/streetmarkets.fr\/app\/wp-json\/wp\/v2\/comments?post=2835408"}],"wp:featuredmedia":[{"embeddable":true,"href":"https:\/\/streetmarkets.fr\/app\/wp-json\/wp\/v2\/media\/2835409"}],"wp:attachment":[{"href":"https:\/\/streetmarkets.fr\/app\/wp-json\/wp\/v2\/media?parent=2835408"}],"wp:term":[{"taxonomy":"product_brand","embeddable":true,"href":"https:\/\/streetmarkets.fr\/app\/wp-json\/wp\/v2\/product_brand?post=2835408"},{"taxonomy":"product_cat","embeddable":true,"href":"https:\/\/streetmarkets.fr\/app\/wp-json\/wp\/v2\/product_cat?post=2835408"},{"taxonomy":"product_tag","embeddable":true,"href":"https:\/\/streetmarkets.fr\/app\/wp-json\/wp\/v2\/product_tag?post=2835408"}],"curies":[{"name":"wp","href":"https:\/\/api.w.org\/{rel}","templated":true}]}}