{"id":2835363,"date":"2025-10-14T01:52:58","date_gmt":"2025-10-13T23:52:58","guid":{"rendered":"https:\/\/streetmarkets.fr\/app\/produit\/pull-col-v-pull-col-v-liseres-contrastes-h25-femme-cosmic-green\/"},"modified":"2026-01-17T00:53:11","modified_gmt":"2026-01-16T23:53:11","slug":"pull-col-v-pull-col-v-liseres-contrastes-h25-femme-cosmic-green","status":"publish","type":"product","link":"https:\/\/streetmarkets.fr\/app\/produit\/pull-col-v-pull-col-v-liseres-contrastes-h25-femme-cosmic-green\/","title":{"rendered":"Pull Col V Pull Col V Liser\u00e9s Contrast\u00e9s ( (H25 \/ FEMME \/ Cosmic Green)"},"content":{"rendered":"<p>Confectionn\u00e9 en cachemire, ce pull multiplie les d\u00e9tails audacieux. Affichant un d\u00e9collet\u00e9 en V, des manches longues et des bords c\u00f4tel\u00e9s, des liser\u00e9s contrast\u00e9s accentuent la silhouette structur\u00e9e. Associez-le \u00e0 un jean ample ou un pantalon de tailleur pour un look chic et casual.<\/p>\n<p>&#8211; Pull en cachemire certifi\u00e9 GCS\u00ae Femme<br \/>\n<br \/>&#8211; Liser\u00e9s contrast\u00e9s<br \/>\n<br \/>&#8211; Col V<br \/>\n<br \/>&#8211; Manches longues<br \/>\n<br \/>&#8211; Bords c\u00f4tel\u00e9s<br \/>\n<br \/>&#8211; Coupe regular<br \/>\n<br \/>&#8211; Le Good Cashmere Standard\u00ae (GCS) est une norme ind\u00e9pendante pour un cachemire plus durable et plus responsable. Il vise \u00e0 am\u00e9liorer le bien-\u00eatre des ch\u00e8vres cachemire, les conditions de travail des \u00e9leveurs ainsi qu&#8217;\u00e0 prot\u00e9ger l&#8217;environnement.<br \/>&#8211; <u>Cachemire 4 fils<\/u> <\/p>\n","protected":false},"excerpt":{"rendered":"<p>Confectionn\u00e9 en cachemire, ce pull multiplie les d\u00e9tails audacieux. Affichant un d\u00e9collet\u00e9 en V, des manches longues et des bords c\u00f4tel\u00e9s, des liser\u00e9s contrast\u00e9s accentuent la silhouette structur\u00e9e. Associez-le \u00e0 un jean ample ou un pantalon de tailleur pour un look chic et casual. &#8211; Pull en cachemire certifi\u00e9 GCS\u00ae Femme &#8211; Liser\u00e9s contrast\u00e9s &#8211; [&hellip;]<\/p>\n","protected":false},"featured_media":2835364,"comment_status":"open","ping_status":"closed","template":"","meta":[],"product_brand":[6868],"product_cat":[1756,1762],"product_tag":[2244],"acf":[],"_links":{"self":[{"href":"https:\/\/streetmarkets.fr\/app\/wp-json\/wp\/v2\/product\/2835363"}],"collection":[{"href":"https:\/\/streetmarkets.fr\/app\/wp-json\/wp\/v2\/product"}],"about":[{"href":"https:\/\/streetmarkets.fr\/app\/wp-json\/wp\/v2\/types\/product"}],"replies":[{"embeddable":true,"href":"https:\/\/streetmarkets.fr\/app\/wp-json\/wp\/v2\/comments?post=2835363"}],"wp:featuredmedia":[{"embeddable":true,"href":"https:\/\/streetmarkets.fr\/app\/wp-json\/wp\/v2\/media\/2835364"}],"wp:attachment":[{"href":"https:\/\/streetmarkets.fr\/app\/wp-json\/wp\/v2\/media?parent=2835363"}],"wp:term":[{"taxonomy":"product_brand","embeddable":true,"href":"https:\/\/streetmarkets.fr\/app\/wp-json\/wp\/v2\/product_brand?post=2835363"},{"taxonomy":"product_cat","embeddable":true,"href":"https:\/\/streetmarkets.fr\/app\/wp-json\/wp\/v2\/product_cat?post=2835363"},{"taxonomy":"product_tag","embeddable":true,"href":"https:\/\/streetmarkets.fr\/app\/wp-json\/wp\/v2\/product_tag?post=2835363"}],"curies":[{"name":"wp","href":"https:\/\/api.w.org\/{rel}","templated":true}]}}