{"id":2822777,"date":"2025-10-12T01:16:10","date_gmt":"2025-10-11T23:16:10","guid":{"rendered":"https:\/\/streetmarkets.fr\/app\/produit\/echarpe-100-merinos-naturel\/"},"modified":"2025-11-24T00:17:24","modified_gmt":"2025-11-23T23:17:24","slug":"echarpe-100-merinos-naturel","status":"publish","type":"product","link":"https:\/\/streetmarkets.fr\/app\/produit\/echarpe-100-merinos-naturel\/","title":{"rendered":"Echarpe 100% m\u00e9rinos Naturel"},"content":{"rendered":"<p>Tricot\u00e9e dans un atelier familial de la r\u00e9gion parisienne, cette \u00e9charpe 100% laine m\u00e9rinos r\u00e9unit savoir-faire et confort au quotidien. La fibre, fil\u00e9e et teint\u00e9e en Italie, offre une chaleur naturelle, une douceur agr\u00e9able au contact de la peau et une belle tenue dans le temps. Le coloris Naturel s\u2019associe facilement avec un manteau, une parka ou une veste, pour un style sobre et intemporel. Un accessoire chaud, durable et facile \u00e0 porter, pens\u00e9 pour accompagner l\u2019hiver sans compromis.<\/p>\n","protected":false},"excerpt":{"rendered":"<p>Tricot\u00e9e dans un atelier familial de la r\u00e9gion parisienne, cette \u00e9charpe 100% laine m\u00e9rinos r\u00e9unit savoir-faire et confort au quotidien. La fibre, fil\u00e9e et teint\u00e9e en Italie, offre une chaleur naturelle, une douceur agr\u00e9able au contact de la peau et une belle tenue dans le temps. Le coloris Naturel s\u2019associe facilement avec un manteau, une [&hellip;]<\/p>\n","protected":false},"featured_media":2822778,"comment_status":"open","ping_status":"closed","template":"","meta":[],"product_brand":[],"product_cat":[1756,1760],"product_tag":[1810],"acf":[],"_links":{"self":[{"href":"https:\/\/streetmarkets.fr\/app\/wp-json\/wp\/v2\/product\/2822777"}],"collection":[{"href":"https:\/\/streetmarkets.fr\/app\/wp-json\/wp\/v2\/product"}],"about":[{"href":"https:\/\/streetmarkets.fr\/app\/wp-json\/wp\/v2\/types\/product"}],"replies":[{"embeddable":true,"href":"https:\/\/streetmarkets.fr\/app\/wp-json\/wp\/v2\/comments?post=2822777"}],"wp:featuredmedia":[{"embeddable":true,"href":"https:\/\/streetmarkets.fr\/app\/wp-json\/wp\/v2\/media\/2822778"}],"wp:attachment":[{"href":"https:\/\/streetmarkets.fr\/app\/wp-json\/wp\/v2\/media?parent=2822777"}],"wp:term":[{"taxonomy":"product_brand","embeddable":true,"href":"https:\/\/streetmarkets.fr\/app\/wp-json\/wp\/v2\/product_brand?post=2822777"},{"taxonomy":"product_cat","embeddable":true,"href":"https:\/\/streetmarkets.fr\/app\/wp-json\/wp\/v2\/product_cat?post=2822777"},{"taxonomy":"product_tag","embeddable":true,"href":"https:\/\/streetmarkets.fr\/app\/wp-json\/wp\/v2\/product_tag?post=2822777"}],"curies":[{"name":"wp","href":"https:\/\/api.w.org\/{rel}","templated":true}]}}