{"id":2822764,"date":"2025-10-12T01:14:29","date_gmt":"2025-10-11T23:14:29","guid":{"rendered":"https:\/\/streetmarkets.fr\/app\/produit\/sacoche-annecy-bleu-fjord\/"},"modified":"2025-11-24T00:15:16","modified_gmt":"2025-11-23T23:15:16","slug":"sacoche-annecy-bleu-fjord","status":"publish","type":"product","link":"https:\/\/streetmarkets.fr\/app\/produit\/sacoche-annecy-bleu-fjord\/","title":{"rendered":"Sacoche Annecy &#8211; Bleu Fjord"},"content":{"rendered":"<p>Compacte, l\u00e9g\u00e8re et ultra-fonctionnelle, la sacoche Annecy garde l\u2019essentiel \u00e0 port\u00e9e de main sans vous encombrer. Son design minimaliste s\u2019adapte \u00e0 tous les looks, tandis que l\u2019int\u00e9rieur bien pens\u00e9 simplifie la vie au quotidien comme en voyage.<\/p>\n<p>Un grand compartiment accueille smartphone, portefeuille et lunettes, et les petites affaires trouvent leur place gr\u00e2ce \u00e0 la poche zipp\u00e9e s\u00e9curis\u00e9e, la poche en filet et l\u2019attache-cl\u00e9s. La poche plate anti-RFID prot\u00e8ge vos cartes sensibles et votre passeport des lectures non d\u00e9sir\u00e9es.<\/p>\n<p>Con\u00e7ue avec des mati\u00e8res recycl\u00e9es (jusqu\u2019\u00e0 75 % de plastique recycl\u00e9) et 100 % vegan, elle coche toutes les cases d\u2019un accessoire \u00e9co-responsable et durable. Le coloris Bleu Fjord apporte une note fra\u00eeche et contemporaine, facile \u00e0 porter toute l\u2019ann\u00e9e.<\/p>\n","protected":false},"excerpt":{"rendered":"<p>Compacte, l\u00e9g\u00e8re et ultra-fonctionnelle, la sacoche Annecy garde l\u2019essentiel \u00e0 port\u00e9e de main sans vous encombrer. Son design minimaliste s\u2019adapte \u00e0 tous les looks, tandis que l\u2019int\u00e9rieur bien pens\u00e9 simplifie la vie au quotidien comme en voyage. Un grand compartiment accueille smartphone, portefeuille et lunettes, et les petites affaires trouvent leur place gr\u00e2ce \u00e0 la [&hellip;]<\/p>\n","protected":false},"featured_media":2822765,"comment_status":"open","ping_status":"closed","template":"","meta":[],"product_brand":[],"product_cat":[1756,1760],"product_tag":[1810],"acf":[],"_links":{"self":[{"href":"https:\/\/streetmarkets.fr\/app\/wp-json\/wp\/v2\/product\/2822764"}],"collection":[{"href":"https:\/\/streetmarkets.fr\/app\/wp-json\/wp\/v2\/product"}],"about":[{"href":"https:\/\/streetmarkets.fr\/app\/wp-json\/wp\/v2\/types\/product"}],"replies":[{"embeddable":true,"href":"https:\/\/streetmarkets.fr\/app\/wp-json\/wp\/v2\/comments?post=2822764"}],"wp:featuredmedia":[{"embeddable":true,"href":"https:\/\/streetmarkets.fr\/app\/wp-json\/wp\/v2\/media\/2822765"}],"wp:attachment":[{"href":"https:\/\/streetmarkets.fr\/app\/wp-json\/wp\/v2\/media?parent=2822764"}],"wp:term":[{"taxonomy":"product_brand","embeddable":true,"href":"https:\/\/streetmarkets.fr\/app\/wp-json\/wp\/v2\/product_brand?post=2822764"},{"taxonomy":"product_cat","embeddable":true,"href":"https:\/\/streetmarkets.fr\/app\/wp-json\/wp\/v2\/product_cat?post=2822764"},{"taxonomy":"product_tag","embeddable":true,"href":"https:\/\/streetmarkets.fr\/app\/wp-json\/wp\/v2\/product_tag?post=2822764"}],"curies":[{"name":"wp","href":"https:\/\/api.w.org\/{rel}","templated":true}]}}