{"id":2817267,"date":"2025-10-11T01:47:00","date_gmt":"2025-10-10T23:47:00","guid":{"rendered":"https:\/\/streetmarkets.fr\/app\/produit\/tour-de-cou-mima-snood-vert-foret-en-laine-recyclee-rifo\/"},"modified":"2026-05-06T01:44:35","modified_gmt":"2026-05-05T23:44:35","slug":"tour-de-cou-mima-snood-vert-foret-en-laine-recyclee-rifo","status":"publish","type":"product","link":"https:\/\/streetmarkets.fr\/app\/produit\/tour-de-cou-mima-snood-vert-foret-en-laine-recyclee-rifo\/","title":{"rendered":"Tour de cou Mima &#8220;snood&#8221; vert for\u00eat en laine recycl\u00e9e Rifo"},"content":{"rendered":"<ul>\n<li>tour de cou (double) <strong>vert<\/strong> for\u00eat<\/li>\n<li>100%<strong> laine recycl\u00e9e<\/strong>\n<\/li>\n<li>disponible dans <strong>plusieurs coloris<\/strong>\n<\/li>\n<li>tricot\u00e9 dans un atelier en <strong>Toscane<\/strong> (Italie) \u00e0 partir de fils recycl\u00e9s certifi\u00e9s<\/li>\n<li>lavage \u00e0 la main recommand\u00e9<\/li>\n<li><strong>\u00e9conomie circulaire<\/strong><\/li>\n<li>marque <strong>\u00e9thique<\/strong> italienne\u00a0<strong>Rifo<\/strong>\n<\/li>\n<\/ul>\n<p>Une belle id\u00e9e de\u00a0<strong>cadeau<\/strong> pour les <strong>f\u00eates<\/strong> pour elle ou pour lui !<\/p>\n","protected":false},"excerpt":{"rendered":"<p>tour de cou (double) vert for\u00eat 100% laine recycl\u00e9e disponible dans plusieurs coloris tricot\u00e9 dans un atelier en Toscane (Italie) \u00e0 partir de fils recycl\u00e9s certifi\u00e9s lavage \u00e0 la main recommand\u00e9 \u00e9conomie circulaire marque \u00e9thique italienne\u00a0Rifo Une belle id\u00e9e de\u00a0cadeau pour les f\u00eates pour elle ou pour lui !<\/p>\n","protected":false},"featured_media":2817268,"comment_status":"open","ping_status":"closed","template":"","meta":[],"product_brand":[],"product_cat":[1756,1764],"product_tag":[1810],"acf":[],"_links":{"self":[{"href":"https:\/\/streetmarkets.fr\/app\/wp-json\/wp\/v2\/product\/2817267"}],"collection":[{"href":"https:\/\/streetmarkets.fr\/app\/wp-json\/wp\/v2\/product"}],"about":[{"href":"https:\/\/streetmarkets.fr\/app\/wp-json\/wp\/v2\/types\/product"}],"replies":[{"embeddable":true,"href":"https:\/\/streetmarkets.fr\/app\/wp-json\/wp\/v2\/comments?post=2817267"}],"wp:featuredmedia":[{"embeddable":true,"href":"https:\/\/streetmarkets.fr\/app\/wp-json\/wp\/v2\/media\/2817268"}],"wp:attachment":[{"href":"https:\/\/streetmarkets.fr\/app\/wp-json\/wp\/v2\/media?parent=2817267"}],"wp:term":[{"taxonomy":"product_brand","embeddable":true,"href":"https:\/\/streetmarkets.fr\/app\/wp-json\/wp\/v2\/product_brand?post=2817267"},{"taxonomy":"product_cat","embeddable":true,"href":"https:\/\/streetmarkets.fr\/app\/wp-json\/wp\/v2\/product_cat?post=2817267"},{"taxonomy":"product_tag","embeddable":true,"href":"https:\/\/streetmarkets.fr\/app\/wp-json\/wp\/v2\/product_tag?post=2817267"}],"curies":[{"name":"wp","href":"https:\/\/api.w.org\/{rel}","templated":true}]}}