{"id":2817225,"date":"2025-10-11T01:42:26","date_gmt":"2025-10-10T23:42:26","guid":{"rendered":"https:\/\/streetmarkets.fr\/app\/produit\/derbies-padror-mr-taupe-kleman\/"},"modified":"2026-04-30T01:40:42","modified_gmt":"2026-04-29T23:40:42","slug":"derbies-padror-mr-taupe-kleman","status":"publish","type":"product","link":"https:\/\/streetmarkets.fr\/app\/produit\/derbies-padror-mr-taupe-kleman\/","title":{"rendered":"Derbies PADROR MR taupe \u2013 KLEMAN"},"content":{"rendered":"<p data-rte-preserve-empty=\"true\">Derbies PADROR MR taupe \u2013 KLEMAN<\/p>\n<p data-rte-preserve-empty=\"true\">L\u2019ic\u00f4ne workwear fran\u00e7aise, dans une version raffin\u00e9e<\/p>\n<p data-rte-preserve-empty=\"true\">Les <strong>derbies PADROR MR<\/strong> de <strong>KLEMAN<\/strong> revisitent le mod\u00e8le embl\u00e9matique de la marque dans une version en <strong>cro\u00fbte velours glac\u00e9e taupe nuanc\u00e9e<\/strong>. Confectionn\u00e9es en <strong>cuir de veau europ\u00e9en<\/strong>, elles combinent allure authentique, durabilit\u00e9 et confort.<\/p>\n<p data-rte-preserve-empty=\"true\">Fabriqu\u00e9es en <strong>France<\/strong> selon un montage <strong>soud\u00e9<\/strong>, ces derbies robustes reposent sur une <strong>semelle crant\u00e9e en caoutchouc<\/strong> pour une adh\u00e9rence optimale. Un style intemporel \u00e0 mi-chemin entre \u00e9l\u00e9gance urbaine et h\u00e9ritage workwear.<\/p>\n<ul data-rte-list=\"true\">\n<li>\n<p data-rte-preserve-empty=\"true\">Cuir : 100% veau cro\u00fbte velours glac\u00e9e<\/p>\n<\/li>\n<li>\n<p data-rte-preserve-empty=\"true\">Couleur : taupe nuanc\u00e9<\/p>\n<\/li>\n<li>\n<p data-rte-preserve-empty=\"true\">Fabrication : France<\/p>\n<\/li>\n<li>\n<p data-rte-preserve-empty=\"true\">Assemblage : soud\u00e9<\/p>\n<\/li>\n<li>\n<p data-rte-preserve-empty=\"true\">Doublure : cuir &amp; textile<\/p>\n<\/li>\n<li>\n<p data-rte-preserve-empty=\"true\">Semelle int\u00e9rieure : cuir<\/p>\n<\/li>\n<li>\n<p data-rte-preserve-empty=\"true\">Semelle ext\u00e9rieure : caoutchouc<\/p>\n<\/li>\n<li>\n<p data-rte-preserve-empty=\"true\">Fermeture : lacets<\/p>\n<\/li>\n<li>\n<p data-rte-preserve-empty=\"true\">Hauteur de talon : 3 cm<\/p>\n<\/li>\n<\/ul>\n","protected":false},"excerpt":{"rendered":"<p>Derbies PADROR MR taupe \u2013 KLEMAN L\u2019ic\u00f4ne workwear fran\u00e7aise, dans une version raffin\u00e9e Les derbies PADROR MR de KLEMAN revisitent le mod\u00e8le embl\u00e9matique de la marque dans une version en cro\u00fbte velours glac\u00e9e taupe nuanc\u00e9e. Confectionn\u00e9es en cuir de veau europ\u00e9en, elles combinent allure authentique, durabilit\u00e9 et confort. Fabriqu\u00e9es en France selon un montage soud\u00e9, [&hellip;]<\/p>\n","protected":false},"featured_media":2817226,"comment_status":"open","ping_status":"closed","template":"","meta":[],"product_brand":[],"product_cat":[1756,1759],"product_tag":[2244],"acf":[],"_links":{"self":[{"href":"https:\/\/streetmarkets.fr\/app\/wp-json\/wp\/v2\/product\/2817225"}],"collection":[{"href":"https:\/\/streetmarkets.fr\/app\/wp-json\/wp\/v2\/product"}],"about":[{"href":"https:\/\/streetmarkets.fr\/app\/wp-json\/wp\/v2\/types\/product"}],"replies":[{"embeddable":true,"href":"https:\/\/streetmarkets.fr\/app\/wp-json\/wp\/v2\/comments?post=2817225"}],"wp:featuredmedia":[{"embeddable":true,"href":"https:\/\/streetmarkets.fr\/app\/wp-json\/wp\/v2\/media\/2817226"}],"wp:attachment":[{"href":"https:\/\/streetmarkets.fr\/app\/wp-json\/wp\/v2\/media?parent=2817225"}],"wp:term":[{"taxonomy":"product_brand","embeddable":true,"href":"https:\/\/streetmarkets.fr\/app\/wp-json\/wp\/v2\/product_brand?post=2817225"},{"taxonomy":"product_cat","embeddable":true,"href":"https:\/\/streetmarkets.fr\/app\/wp-json\/wp\/v2\/product_cat?post=2817225"},{"taxonomy":"product_tag","embeddable":true,"href":"https:\/\/streetmarkets.fr\/app\/wp-json\/wp\/v2\/product_tag?post=2817225"}],"curies":[{"name":"wp","href":"https:\/\/api.w.org\/{rel}","templated":true}]}}