{"id":2794788,"date":"2025-10-08T00:59:27","date_gmt":"2025-10-07T22:59:27","guid":{"rendered":"https:\/\/streetmarkets.fr\/app\/produit\/bonnet-ara-verre-pomme\/"},"modified":"2026-05-09T00:56:07","modified_gmt":"2026-05-08T22:56:07","slug":"bonnet-ara-verre-pomme","status":"publish","type":"product","link":"https:\/\/streetmarkets.fr\/app\/produit\/bonnet-ara-verre-pomme\/","title":{"rendered":"Bonnet Ara &#8211; Verre pomme"},"content":{"rendered":"<p>Le bonnet de la marque Nitto est un incontournable \u00e0 avoir cet hiver dans son placard. Une couleur unie et vive vert pomme, une mati\u00e8re tr\u00e8s douce, le bonnet dont on r\u00eave tous qui tient bien sur la t\u00eate, et super chaud gr\u00e2ce \u00e0 sa laine m\u00e9rinos. Et en plus il est fabriqu\u00e9 en France ! What else ?\u00a0<\/p>\n<p>D\u00c9TAILS<\/p>\n<ul>\n<li>100% laine m\u00e9rinos extra fine<\/li>\n<li>Taille unique\u00a0<\/li>\n<li>Maille extensible et maintient sans compression.<\/li>\n<li>Le bonnet mesure 27 cm de hauteur.\u00a0<\/li>\n<li>Fabrication en France, \u00e0 Clamart<\/li>\n<\/ul>\n<p>LA MARQUE<\/p>\n<p>&#8211; Tricoteurs depuis 1972 &#8211;\u00a0<\/p>\n<p>Derri\u00e8re la marque Nitto knitwear, se cache l\u2019un des derniers fabricants de tricots de la r\u00e9gion parisienne. L&#8217;atelier, dirig\u00e9 par la troisi\u00e8me g\u00e9n\u00e9ration, s&#8217;est d&#8217;abord concentr\u00e9 sur la mode f\u00e9minine avant de lancer une collection masculine en 2018 apr\u00e8s une commande japonaise importante. La marque privil\u00e9gie des mati\u00e8res de qualit\u00e9 comme la laine m\u00e9rinos et des techniques de tricotage sp\u00e9cifiques. Initialement appel\u00e9e &#8220;Tricots Jean Marc&#8221;, la marque pour hommes a \u00e9t\u00e9 renomm\u00e9e &#8220;Nitto&#8221; en r\u00e9f\u00e9rence au mot japonais signifiant &#8220;tricotage.<\/p>\n","protected":false},"excerpt":{"rendered":"<p>Le bonnet de la marque Nitto est un incontournable \u00e0 avoir cet hiver dans son placard. Une couleur unie et vive vert pomme, une mati\u00e8re tr\u00e8s douce, le bonnet dont on r\u00eave tous qui tient bien sur la t\u00eate, et super chaud gr\u00e2ce \u00e0 sa laine m\u00e9rinos. Et en plus il est fabriqu\u00e9 en France [&hellip;]<\/p>\n","protected":false},"featured_media":2794789,"comment_status":"open","ping_status":"closed","template":"","meta":[],"product_brand":[],"product_cat":[1756,1764],"product_tag":[1813],"acf":[],"_links":{"self":[{"href":"https:\/\/streetmarkets.fr\/app\/wp-json\/wp\/v2\/product\/2794788"}],"collection":[{"href":"https:\/\/streetmarkets.fr\/app\/wp-json\/wp\/v2\/product"}],"about":[{"href":"https:\/\/streetmarkets.fr\/app\/wp-json\/wp\/v2\/types\/product"}],"replies":[{"embeddable":true,"href":"https:\/\/streetmarkets.fr\/app\/wp-json\/wp\/v2\/comments?post=2794788"}],"wp:featuredmedia":[{"embeddable":true,"href":"https:\/\/streetmarkets.fr\/app\/wp-json\/wp\/v2\/media\/2794789"}],"wp:attachment":[{"href":"https:\/\/streetmarkets.fr\/app\/wp-json\/wp\/v2\/media?parent=2794788"}],"wp:term":[{"taxonomy":"product_brand","embeddable":true,"href":"https:\/\/streetmarkets.fr\/app\/wp-json\/wp\/v2\/product_brand?post=2794788"},{"taxonomy":"product_cat","embeddable":true,"href":"https:\/\/streetmarkets.fr\/app\/wp-json\/wp\/v2\/product_cat?post=2794788"},{"taxonomy":"product_tag","embeddable":true,"href":"https:\/\/streetmarkets.fr\/app\/wp-json\/wp\/v2\/product_tag?post=2794788"}],"curies":[{"name":"wp","href":"https:\/\/api.w.org\/{rel}","templated":true}]}}