{"id":2789358,"date":"2025-10-06T06:52:44","date_gmt":"2025-10-06T04:52:44","guid":{"rendered":"https:\/\/streetmarkets.fr\/app\/produit\/yames-blazer-132038\/"},"modified":"2026-03-16T05:49:56","modified_gmt":"2026-03-16T04:49:56","slug":"yames-blazer-132038","status":"publish","type":"product","link":"https:\/\/streetmarkets.fr\/app\/produit\/yames-blazer-132038\/","title":{"rendered":"Yames Blazer 132038"},"content":{"rendered":"<p data-start=\"180\" data-end=\"537\">Le <em data-start=\"183\" data-end=\"204\">Yames Blazer 132038<\/em> de <strong>Drykorn<\/strong> revisite l\u2019<strong>\u00e9l\u00e9gance classique<\/strong> avec une touche contemporaine. Con\u00e7u en <strong data-start=\"286\" data-end=\"324\">velours c\u00f4tel\u00e9 de coton ultra-doux<\/strong> enrichi d\u2019une l\u00e9g\u00e8re \u00e9lasticit\u00e9, il offre \u00e0 la fois confort et raffinement. Sa <strong data-start=\"404\" data-end=\"421\">coupe regular<\/strong> et son <strong data-start=\"429\" data-end=\"451\">revers en escalier<\/strong> soulignent une silhouette \u00e9quilibr\u00e9e, id\u00e9ale pour des looks habill\u00e9s mais modernes.<\/p>\n<p data-start=\"539\" data-end=\"820\">Ses <strong data-start=\"543\" data-end=\"561\">poches \u00e0 rabat<\/strong>, sa <strong data-start=\"566\" data-end=\"583\">demi-doublure<\/strong> et ses finitions de tailleur haut de gamme t\u00e9moignent du <strong>savoir-faire<\/strong> Drykorn. Polyvalent, il se porte aussi bien avec un pantalon slim, skinny ou relaxed, permettant de composer des ensembles allant du business casual au plus formel.<\/p>\n<p data-start=\"822\" data-end=\"934\">Un blazer sur mesure pens\u00e9 pour durer et accompagner les vestiaires exigeants.\u00a0Il est disponible chez <strong data-start=\"952\" data-end=\"962\">Harold<\/strong>, boutique de pr\u00eat-\u00e0-porter masculin dans le Marais \u00e0 Paris.<strong data-start=\"1035\" data-end=\"1069\"><\/strong><\/p>\n<ul data-start=\"1103\" data-end=\"1497\">\n<li data-start=\"1103\" data-end=\"1144\">\n<p data-start=\"1105\" data-end=\"1144\"><strong data-start=\"1105\" data-end=\"1115\">Type :<\/strong> blazer \u00e0 simple boutonnage<\/p>\n<\/li>\n<li data-start=\"1145\" data-end=\"1192\">\n<p data-start=\"1147\" data-end=\"1192\"><strong data-start=\"1147\" data-end=\"1158\">Coupe :<\/strong> regular fit, revers en escalier<\/p>\n<\/li>\n<li data-start=\"1193\" data-end=\"1269\">\n<p data-start=\"1195\" data-end=\"1269\"><strong data-start=\"1195\" data-end=\"1208\">D\u00e9tails :<\/strong> poches \u00e0 rabat, demi-doublure, finitions tailoring premium<\/p>\n<\/li>\n<li data-start=\"1315\" data-end=\"1379\">\n<p data-start=\"1317\" data-end=\"1379\"><strong data-start=\"1317\" data-end=\"1330\">Texture :<\/strong> velours c\u00f4tel\u00e9 doux, structure fine et moderne<strong data-start=\"1382\" data-end=\"1393\"><\/strong><\/p>\n<\/li>\n<\/ul>\n","protected":false},"excerpt":{"rendered":"<p>Le Yames Blazer 132038 de Drykorn revisite l\u2019\u00e9l\u00e9gance classique avec une touche contemporaine. Con\u00e7u en velours c\u00f4tel\u00e9 de coton ultra-doux enrichi d\u2019une l\u00e9g\u00e8re \u00e9lasticit\u00e9, il offre \u00e0 la fois confort et raffinement. Sa coupe regular et son revers en escalier soulignent une silhouette \u00e9quilibr\u00e9e, id\u00e9ale pour des looks habill\u00e9s mais modernes. Ses poches \u00e0 rabat, [&hellip;]<\/p>\n","protected":false},"featured_media":2789359,"comment_status":"open","ping_status":"closed","template":"","meta":[],"product_brand":[],"product_cat":[1756,1758],"product_tag":[2244],"acf":[],"_links":{"self":[{"href":"https:\/\/streetmarkets.fr\/app\/wp-json\/wp\/v2\/product\/2789358"}],"collection":[{"href":"https:\/\/streetmarkets.fr\/app\/wp-json\/wp\/v2\/product"}],"about":[{"href":"https:\/\/streetmarkets.fr\/app\/wp-json\/wp\/v2\/types\/product"}],"replies":[{"embeddable":true,"href":"https:\/\/streetmarkets.fr\/app\/wp-json\/wp\/v2\/comments?post=2789358"}],"wp:featuredmedia":[{"embeddable":true,"href":"https:\/\/streetmarkets.fr\/app\/wp-json\/wp\/v2\/media\/2789359"}],"wp:attachment":[{"href":"https:\/\/streetmarkets.fr\/app\/wp-json\/wp\/v2\/media?parent=2789358"}],"wp:term":[{"taxonomy":"product_brand","embeddable":true,"href":"https:\/\/streetmarkets.fr\/app\/wp-json\/wp\/v2\/product_brand?post=2789358"},{"taxonomy":"product_cat","embeddable":true,"href":"https:\/\/streetmarkets.fr\/app\/wp-json\/wp\/v2\/product_cat?post=2789358"},{"taxonomy":"product_tag","embeddable":true,"href":"https:\/\/streetmarkets.fr\/app\/wp-json\/wp\/v2\/product_tag?post=2789358"}],"curies":[{"name":"wp","href":"https:\/\/api.w.org\/{rel}","templated":true}]}}