{"id":2770005,"date":"2025-10-04T01:33:50","date_gmt":"2025-10-03T23:33:50","guid":{"rendered":"https:\/\/streetmarkets.fr\/app\/produit\/duo-ecussons-cafe-je-taime\/"},"modified":"2026-05-06T01:16:47","modified_gmt":"2026-05-05T23:16:47","slug":"duo-ecussons-cafe-je-taime","status":"publish","type":"product","link":"https:\/\/streetmarkets.fr\/app\/produit\/duo-ecussons-cafe-je-taime\/","title":{"rendered":"Duo Ecussons Caf\u00e9 Je t&#8217;Aime"},"content":{"rendered":"<p><strong><a href=\"\/collections\/macon-lesquoy\" title=\"Collection Macon &amp; Lesquoy\">Collection Macon &amp; Lesquoy<\/a><\/strong><\/p>\n<p><span>Taille du caf\u00e9 : environ 1,8 x 2,2 cm.<\/span><br \/><span>Taille du je t&#8217;aime : environ 3,9 x 1,5 cm.<\/span><\/p>\n<p><span>Dessin\u00e9s et fabriqu\u00e9s comme des bijoux, les \u00e9cussons M&amp;L sont dr\u00f4les et pratiques. El\u00e9gantes parades aux petits accrocs et autres t\u00e2ches, ils charmeront aussi les nostalgiques des d\u00e9calcomanies et les amoureux du petit d\u00e9tail.<\/span><\/p>\n<p><span>Brod\u00e9s \u00e0 la machine au Portugal, dans un atelier auquel M&amp;L confient cette belle mission depuis plus de 10 ans.<\/span><\/p>\n<p><span>Pr\u00e9sent\u00e9s sur une carte-mode d&#8217;emploi. Pour les thermocoller, c&#8217;est un jeu d&#8217;enfant !<br \/>On pr\u00e9f\u00e9rera les coudre sur des textiles fragiles.<\/span><\/p>\n","protected":false},"excerpt":{"rendered":"<p>Collection Macon &amp; Lesquoy Taille du caf\u00e9 : environ 1,8 x 2,2 cm.Taille du je t&#8217;aime : environ 3,9 x 1,5 cm. Dessin\u00e9s et fabriqu\u00e9s comme des bijoux, les \u00e9cussons M&amp;L sont dr\u00f4les et pratiques. El\u00e9gantes parades aux petits accrocs et autres t\u00e2ches, ils charmeront aussi les nostalgiques des d\u00e9calcomanies et les amoureux du petit [&hellip;]<\/p>\n","protected":false},"featured_media":2770006,"comment_status":"open","ping_status":"closed","template":"","meta":[],"product_brand":[],"product_cat":[1756,1760],"product_tag":[2244,1811],"acf":[],"_links":{"self":[{"href":"https:\/\/streetmarkets.fr\/app\/wp-json\/wp\/v2\/product\/2770005"}],"collection":[{"href":"https:\/\/streetmarkets.fr\/app\/wp-json\/wp\/v2\/product"}],"about":[{"href":"https:\/\/streetmarkets.fr\/app\/wp-json\/wp\/v2\/types\/product"}],"replies":[{"embeddable":true,"href":"https:\/\/streetmarkets.fr\/app\/wp-json\/wp\/v2\/comments?post=2770005"}],"wp:featuredmedia":[{"embeddable":true,"href":"https:\/\/streetmarkets.fr\/app\/wp-json\/wp\/v2\/media\/2770006"}],"wp:attachment":[{"href":"https:\/\/streetmarkets.fr\/app\/wp-json\/wp\/v2\/media?parent=2770005"}],"wp:term":[{"taxonomy":"product_brand","embeddable":true,"href":"https:\/\/streetmarkets.fr\/app\/wp-json\/wp\/v2\/product_brand?post=2770005"},{"taxonomy":"product_cat","embeddable":true,"href":"https:\/\/streetmarkets.fr\/app\/wp-json\/wp\/v2\/product_cat?post=2770005"},{"taxonomy":"product_tag","embeddable":true,"href":"https:\/\/streetmarkets.fr\/app\/wp-json\/wp\/v2\/product_tag?post=2770005"}],"curies":[{"name":"wp","href":"https:\/\/api.w.org\/{rel}","templated":true}]}}