{"id":2769679,"date":"2025-10-04T01:31:03","date_gmt":"2025-10-03T23:31:03","guid":{"rendered":"https:\/\/streetmarkets.fr\/app\/produit\/bo-80s\/"},"modified":"2026-05-02T01:17:12","modified_gmt":"2026-05-01T23:17:12","slug":"bo-80s","status":"publish","type":"product","link":"https:\/\/streetmarkets.fr\/app\/produit\/bo-80s\/","title":{"rendered":"BO 80&#8217;s"},"content":{"rendered":"<p><a title=\"Collection Judith Benita\" href=\"\/collections\/judith-benita\"><strong>Collection Judith Benita<\/strong><\/a><\/p>\n<p><span>Port\u00e9e d\u00e8s les premiers jours de printemps pour apporter une touche de lumi\u00e8re ou pour pimper l&#8217;atmosph\u00e8re hivernale, cette pi\u00e8ce, graphique et affirm\u00e9e, devient rapidement un indispensable !<\/span><\/p>\n<ul>\n<li>Mat\u00e9riaux : en laiton dor\u00e9 \u00e0 l&#8217;or fin recycl\u00e9 et motif al\u00e9atoire en laque epoxy vaporis\u00e9e manuellement<\/li>\n<li>Dimensions : longueur 7 cm\n<\/li>\n<li>Pens\u00e9es et fabriqu\u00e9es main \u00e0 Paris<\/li>\n<li>Livr\u00e9es dans leur packaging individuel \u00e9cologique<\/li>\n<li>Conseils d&#8217;entretien : \u00e9vitez le contact avec l&#8217;eau et le parfum afin que le bijou conserve son \u00e9clat.<\/li>\n<li>Les mati\u00e8res premi\u00e8res sont soigneusement s\u00e9lectionn\u00e9es et sans risques pour votre sant\u00e9 : elles ne contiennent ni plomb, ni nickel, ni cadmium, conform\u00e9ment \u00e0 la l\u00e9gislation.<\/li>\n<\/ul>\n<p>:: Bijou pens\u00e9 et fabriqu\u00e9 main \u00e0 Paris dans l&#8217;atelier de la cr\u00e9atrice ::<\/p>\n","protected":false},"excerpt":{"rendered":"<p>Collection Judith Benita Port\u00e9e d\u00e8s les premiers jours de printemps pour apporter une touche de lumi\u00e8re ou pour pimper l&#8217;atmosph\u00e8re hivernale, cette pi\u00e8ce, graphique et affirm\u00e9e, devient rapidement un indispensable ! Mat\u00e9riaux : en laiton dor\u00e9 \u00e0 l&#8217;or fin recycl\u00e9 et motif al\u00e9atoire en laque epoxy vaporis\u00e9e manuellement Dimensions : longueur 7 cm Pens\u00e9es et [&hellip;]<\/p>\n","protected":false},"featured_media":2769680,"comment_status":"open","ping_status":"closed","template":"","meta":[],"product_brand":[],"product_cat":[1807,1756],"product_tag":[2244,1811],"acf":[],"_links":{"self":[{"href":"https:\/\/streetmarkets.fr\/app\/wp-json\/wp\/v2\/product\/2769679"}],"collection":[{"href":"https:\/\/streetmarkets.fr\/app\/wp-json\/wp\/v2\/product"}],"about":[{"href":"https:\/\/streetmarkets.fr\/app\/wp-json\/wp\/v2\/types\/product"}],"replies":[{"embeddable":true,"href":"https:\/\/streetmarkets.fr\/app\/wp-json\/wp\/v2\/comments?post=2769679"}],"wp:featuredmedia":[{"embeddable":true,"href":"https:\/\/streetmarkets.fr\/app\/wp-json\/wp\/v2\/media\/2769680"}],"wp:attachment":[{"href":"https:\/\/streetmarkets.fr\/app\/wp-json\/wp\/v2\/media?parent=2769679"}],"wp:term":[{"taxonomy":"product_brand","embeddable":true,"href":"https:\/\/streetmarkets.fr\/app\/wp-json\/wp\/v2\/product_brand?post=2769679"},{"taxonomy":"product_cat","embeddable":true,"href":"https:\/\/streetmarkets.fr\/app\/wp-json\/wp\/v2\/product_cat?post=2769679"},{"taxonomy":"product_tag","embeddable":true,"href":"https:\/\/streetmarkets.fr\/app\/wp-json\/wp\/v2\/product_tag?post=2769679"}],"curies":[{"name":"wp","href":"https:\/\/api.w.org\/{rel}","templated":true}]}}