{"id":2769671,"date":"2025-10-04T01:31:02","date_gmt":"2025-10-03T23:31:02","guid":{"rendered":"https:\/\/streetmarkets.fr\/app\/produit\/casquette-colette-tabac\/"},"modified":"2026-04-18T01:16:35","modified_gmt":"2026-04-17T23:16:35","slug":"casquette-colette-tabac","status":"publish","type":"product","link":"https:\/\/streetmarkets.fr\/app\/produit\/casquette-colette-tabac\/","title":{"rendered":"Casquette Colette &#8211; Tabac"},"content":{"rendered":"<p class=\"p1\"><a href=\"\/collections\/rive-droite-paris\" title=\"Collection Rive Droite Paris\"><strong>Collection Rive Droite Paris<\/strong><\/a><\/p>\n<p data-start=\"330\" data-end=\"556\" class=\"\">Colette la casquette a \u00e9t\u00e9 imagin\u00e9e en pensant \u00e0 une casquette vintage chin\u00e9e dans une friperie de Brooklyn. Elle se r\u00e8gle \u00e0 l&#8217;arri\u00e8re pour s&#8217;adapter \u00e0 toutes les tailles de t\u00eate. \u00c0 porter d&#8217;urgence en cas de soleil trop fort.<\/p>\n<p data-start=\"558\" data-end=\"701\" class=\"\">Sa doublure int\u00e9rieure de la m\u00eame couleur est confectionn\u00e9e \u00e0 partir de surstock de l&#8217;industrie textile.\u00a0<\/p>\n<ul>\n<li style=\"list-style-type: none\">\n<ul>\n<li>\n<strong>Composition<\/strong><span>\u00a0<\/span>:<span>\u00a0<\/span><span>84% coton recycl\u00e9, 16% polyester.<\/span>\n<\/li>\n<li>\n<span><strong>Emballage :\u00a0<\/strong><\/span>Ce produit est emball\u00e9 avec soin dans un pochon en coton r\u00e9utilisable avec un lien coulissant.<\/li>\n<li>\n<strong>Doublure<\/strong><span>\u00a0<\/span>:<span>\u00a0<\/span><span>100% polycoton upcycl\u00e9 issu de fins de stocks de tissus de l&#8217;industrie textile.<\/span>\n<\/li>\n<li>\n<strong>Dimensions<\/strong><span>\u00a0<\/span>: Taille unique &#8211; R\u00e9glable \u00e0 l&#8217;arri\u00e8re.<\/li>\n<li>\n<strong>Conseils d&#8217;entretien<\/strong><span>\u00a0<\/span><span>: Lavage \u00e0 froid, programme fragile. Repassage interdit.<\/span>\n<\/li>\n<\/ul>\n<\/li>\n<\/ul>\n","protected":false},"excerpt":{"rendered":"<p>Collection Rive Droite Paris Colette la casquette a \u00e9t\u00e9 imagin\u00e9e en pensant \u00e0 une casquette vintage chin\u00e9e dans une friperie de Brooklyn. Elle se r\u00e8gle \u00e0 l&#8217;arri\u00e8re pour s&#8217;adapter \u00e0 toutes les tailles de t\u00eate. \u00c0 porter d&#8217;urgence en cas de soleil trop fort. Sa doublure int\u00e9rieure de la m\u00eame couleur est confectionn\u00e9e \u00e0 partir [&hellip;]<\/p>\n","protected":false},"featured_media":2769672,"comment_status":"open","ping_status":"closed","template":"","meta":[],"product_brand":[],"product_cat":[1756,1764],"product_tag":[2244,1811],"acf":[],"_links":{"self":[{"href":"https:\/\/streetmarkets.fr\/app\/wp-json\/wp\/v2\/product\/2769671"}],"collection":[{"href":"https:\/\/streetmarkets.fr\/app\/wp-json\/wp\/v2\/product"}],"about":[{"href":"https:\/\/streetmarkets.fr\/app\/wp-json\/wp\/v2\/types\/product"}],"replies":[{"embeddable":true,"href":"https:\/\/streetmarkets.fr\/app\/wp-json\/wp\/v2\/comments?post=2769671"}],"wp:featuredmedia":[{"embeddable":true,"href":"https:\/\/streetmarkets.fr\/app\/wp-json\/wp\/v2\/media\/2769672"}],"wp:attachment":[{"href":"https:\/\/streetmarkets.fr\/app\/wp-json\/wp\/v2\/media?parent=2769671"}],"wp:term":[{"taxonomy":"product_brand","embeddable":true,"href":"https:\/\/streetmarkets.fr\/app\/wp-json\/wp\/v2\/product_brand?post=2769671"},{"taxonomy":"product_cat","embeddable":true,"href":"https:\/\/streetmarkets.fr\/app\/wp-json\/wp\/v2\/product_cat?post=2769671"},{"taxonomy":"product_tag","embeddable":true,"href":"https:\/\/streetmarkets.fr\/app\/wp-json\/wp\/v2\/product_tag?post=2769671"}],"curies":[{"name":"wp","href":"https:\/\/api.w.org\/{rel}","templated":true}]}}