{"id":2769642,"date":"2025-10-04T01:31:00","date_gmt":"2025-10-03T23:31:00","guid":{"rendered":"https:\/\/streetmarkets.fr\/app\/produit\/robe-dete-martine-tourterelle-pop-pink\/"},"modified":"2026-05-16T01:15:25","modified_gmt":"2026-05-15T23:15:25","slug":"robe-dete-martine-tourterelle-pop-pink","status":"publish","type":"product","link":"https:\/\/streetmarkets.fr\/app\/produit\/robe-dete-martine-tourterelle-pop-pink\/","title":{"rendered":"Robe d&#8217;\u00c9t\u00e9 Martine Tourterelle Pop Pink"},"content":{"rendered":"<\/p>\n<p><a href=\"\/collections\/moismont\" title=\"Collection Moismont\"><strong>Collection Moismont<\/strong><\/a><\/p>\n<p><span>Fid\u00e8le \u00e0 l&#8217;esprit du vestiaire f\u00e9minin Moismont, la robe mi-longue d&#8217;\u00e9t\u00e9 Martine se r\u00e9invente. Elle poss\u00e8de maintenant un plastron sur le devant et une coupe l\u00e9g\u00e8rement \u00e9vas\u00e9e. Parfaites \u00e0 la plage comme en ville, certains imprim\u00e9s jouent sur la transparence et apporte de la l\u00e9g\u00e8ret\u00e9 \u00e0 votre silhouette.<\/span><\/p>\n<ul>\n<li><span>100% coton<\/span><\/li>\n<li><span>Robe mi-longue sans doublure<\/span><\/li>\n<li><span>Manches longues avec boutonnage<\/span><\/li>\n<li>\n<span>Col rond<\/span><span><\/span>\n<\/li>\n<li><span>Boutons en nacre<\/span><\/li>\n<li><span>Amrita mesure 1m78 et porte une taille S<\/span><\/li>\n<\/ul>\n<div class=\"tab-content tab-content-1 current\">\n<p><span class=\"metafield-multi_line_text_field\">Fabriqu\u00e9e de mani\u00e8re artisanale en Inde, cette robe utilise du coton tiss\u00e9 sur des m\u00e9tiers \u00e0 tisser artisanaux. \u00c9galement connu sous le nom de &#8220;handloom&#8221;, ce tissage \u00e0 la main est une technique ancestrale qui offre un rendu de haute qualit\u00e9 et plein de caract\u00e8re. La chemise peut pr\u00e9senter quelques irr\u00e9gularit\u00e9s, ajoutant au charme de sa conception artisanale.<\/span><\/p>\n<\/div>\n<p><span>Dessin\u00e9e in France<br \/>Fabriqu\u00e9e en Inde<\/span><\/p>\n<div class=\"tab-content tab-content-2 current\">\n<p><span>Le coton est une fibre naturelle facile \u00e0 entretenir. Pour pr\u00e9server votre chemise, lavez-la \u00e0 30\u00b0C maximum avec des couleurs similaires. \u00c9vitez le blanchiment. S\u00e9chez-la \u00e0 l\u2019air libre et repassez \u00e0 basse temp\u00e9rature, jusqu\u2019\u00e0 110\u00b0C.<\/span><\/p>\n<\/div>\n","protected":false},"excerpt":{"rendered":"<p>Collection Moismont Fid\u00e8le \u00e0 l&#8217;esprit du vestiaire f\u00e9minin Moismont, la robe mi-longue d&#8217;\u00e9t\u00e9 Martine se r\u00e9invente. Elle poss\u00e8de maintenant un plastron sur le devant et une coupe l\u00e9g\u00e8rement \u00e9vas\u00e9e. Parfaites \u00e0 la plage comme en ville, certains imprim\u00e9s jouent sur la transparence et apporte de la l\u00e9g\u00e8ret\u00e9 \u00e0 votre silhouette. 100% coton Robe mi-longue sans [&hellip;]<\/p>\n","protected":false},"featured_media":2769643,"comment_status":"open","ping_status":"closed","template":"","meta":[],"product_brand":[],"product_cat":[1756,1762],"product_tag":[2244,1811],"acf":[],"_links":{"self":[{"href":"https:\/\/streetmarkets.fr\/app\/wp-json\/wp\/v2\/product\/2769642"}],"collection":[{"href":"https:\/\/streetmarkets.fr\/app\/wp-json\/wp\/v2\/product"}],"about":[{"href":"https:\/\/streetmarkets.fr\/app\/wp-json\/wp\/v2\/types\/product"}],"replies":[{"embeddable":true,"href":"https:\/\/streetmarkets.fr\/app\/wp-json\/wp\/v2\/comments?post=2769642"}],"wp:featuredmedia":[{"embeddable":true,"href":"https:\/\/streetmarkets.fr\/app\/wp-json\/wp\/v2\/media\/2769643"}],"wp:attachment":[{"href":"https:\/\/streetmarkets.fr\/app\/wp-json\/wp\/v2\/media?parent=2769642"}],"wp:term":[{"taxonomy":"product_brand","embeddable":true,"href":"https:\/\/streetmarkets.fr\/app\/wp-json\/wp\/v2\/product_brand?post=2769642"},{"taxonomy":"product_cat","embeddable":true,"href":"https:\/\/streetmarkets.fr\/app\/wp-json\/wp\/v2\/product_cat?post=2769642"},{"taxonomy":"product_tag","embeddable":true,"href":"https:\/\/streetmarkets.fr\/app\/wp-json\/wp\/v2\/product_tag?post=2769642"}],"curies":[{"name":"wp","href":"https:\/\/api.w.org\/{rel}","templated":true}]}}