{"id":2769004,"date":"2025-10-04T01:27:20","date_gmt":"2025-10-03T23:27:20","guid":{"rendered":"https:\/\/streetmarkets.fr\/app\/produit\/carre-de-soie-bandana-jungle-turquoise\/"},"modified":"2026-04-06T01:15:20","modified_gmt":"2026-04-05T23:15:20","slug":"carre-de-soie-bandana-jungle-turquoise","status":"publish","type":"product","link":"https:\/\/streetmarkets.fr\/app\/produit\/carre-de-soie-bandana-jungle-turquoise\/","title":{"rendered":"Carr\u00e9 de Soie Bandana &#8211; Jungle Turquoise"},"content":{"rendered":"<p><a title=\"Collection Pig, Chicken &amp; Cow\" href=\"https:\/\/frenchtouche.com\/collections\/pig-chicken-cow\"><b>Collection Pig, Chicken &amp; Cow<\/b><\/a><\/p>\n<p><span>Une collection de carr\u00e9s de soie <\/span>audacieux et uniques, minutieusement illustr\u00e9s et cr\u00e9\u00e9s pour ceux qui souhaitent utiliser, porter et vivre l&#8217;art !<\/p>\n<p>Chaque cr\u00e9ation est une narration, se d\u00e9ployant au c\u0153ur de d\u00e9tails complexes, de sorte que, port\u00e9s, utilis\u00e9s ou expos\u00e9s, les foulards transmettent leur histoire unique au monde.<\/p>\n<ul>\n<li>100% Twill de soie<\/li>\n<li>Roulott\u00e9 main<\/li>\n<li>Dimension : 55 x 55 cm<\/li>\n<li>Imagin\u00e9 et fabriqu\u00e9 au Royaume-Uni<\/li>\n<\/ul>\n<p><em>Pig, Chicken &amp; Cow est n\u00e9 de la fusion de l&#8217;art, de l&#8217;artisanat et de la mode en 2016 \u00e0 Londres. <\/em><em>La marque est n\u00e9e de l&#8217;imagination de deux designers visionnaires, Shan Jiang et Ying Wu, qui ont cherch\u00e9 \u00e0 s&#8217;affranchir des contraintes r\u00e9p\u00e9titives des motifs traditionnels et \u00e0 cr\u00e9er un nouveau support pour leurs \u0153uvres. Cr\u00e9ateurs d&#8217;\u0153uvres d&#8217;art aux formes innovantes, leurs foulards en soie aux illustrations raffin\u00e9es incarnent une approche vivante de l&#8217;art.<\/em><em><\/em><\/p>\n<p><em>Chaque pi\u00e8ce t\u00e9moigne de leur engagement envers la qualit\u00e9 et l&#8217;expression artistique, vous invitant \u00e0 d\u00e9couvrir le monde \u00e0 travers un kal\u00e9idoscope de couleurs et de r\u00e9cits.<\/em><\/p>\n<p>Conseils d&#8217;entretien : lavage \u00e0 sec et repassage doux.<\/p>\n","protected":false},"excerpt":{"rendered":"<p>Collection Pig, Chicken &amp; Cow Une collection de carr\u00e9s de soie audacieux et uniques, minutieusement illustr\u00e9s et cr\u00e9\u00e9s pour ceux qui souhaitent utiliser, porter et vivre l&#8217;art ! Chaque cr\u00e9ation est une narration, se d\u00e9ployant au c\u0153ur de d\u00e9tails complexes, de sorte que, port\u00e9s, utilis\u00e9s ou expos\u00e9s, les foulards transmettent leur histoire unique au monde. [&hellip;]<\/p>\n","protected":false},"featured_media":2769005,"comment_status":"open","ping_status":"closed","template":"","meta":[],"product_brand":[],"product_cat":[1756,1764],"product_tag":[2244,1813],"acf":[],"_links":{"self":[{"href":"https:\/\/streetmarkets.fr\/app\/wp-json\/wp\/v2\/product\/2769004"}],"collection":[{"href":"https:\/\/streetmarkets.fr\/app\/wp-json\/wp\/v2\/product"}],"about":[{"href":"https:\/\/streetmarkets.fr\/app\/wp-json\/wp\/v2\/types\/product"}],"replies":[{"embeddable":true,"href":"https:\/\/streetmarkets.fr\/app\/wp-json\/wp\/v2\/comments?post=2769004"}],"wp:featuredmedia":[{"embeddable":true,"href":"https:\/\/streetmarkets.fr\/app\/wp-json\/wp\/v2\/media\/2769005"}],"wp:attachment":[{"href":"https:\/\/streetmarkets.fr\/app\/wp-json\/wp\/v2\/media?parent=2769004"}],"wp:term":[{"taxonomy":"product_brand","embeddable":true,"href":"https:\/\/streetmarkets.fr\/app\/wp-json\/wp\/v2\/product_brand?post=2769004"},{"taxonomy":"product_cat","embeddable":true,"href":"https:\/\/streetmarkets.fr\/app\/wp-json\/wp\/v2\/product_cat?post=2769004"},{"taxonomy":"product_tag","embeddable":true,"href":"https:\/\/streetmarkets.fr\/app\/wp-json\/wp\/v2\/product_tag?post=2769004"}],"curies":[{"name":"wp","href":"https:\/\/api.w.org\/{rel}","templated":true}]}}