{"id":2768950,"date":"2025-10-04T01:26:23","date_gmt":"2025-10-03T23:26:23","guid":{"rendered":"https:\/\/streetmarkets.fr\/app\/produit\/chemise-dete-viviane-le-parfait-natural\/"},"modified":"2026-05-06T01:15:28","modified_gmt":"2026-05-05T23:15:28","slug":"chemise-dete-viviane-le-parfait-natural","status":"publish","type":"product","link":"https:\/\/streetmarkets.fr\/app\/produit\/chemise-dete-viviane-le-parfait-natural\/","title":{"rendered":"Chemise d&#8217;\u00c9t\u00e9 Viviane Le Parfait Natural"},"content":{"rendered":"<p><!--\n@page { margin: 2cm }\n\t\tP { margin-bottom: 0.21cm }\n--><\/p>\n<p><a href=\"\/collections\/moismont\" title=\"Collection Moismont\"><strong>Collection Moismont<\/strong><\/a><\/p>\n<div class=\"tabs__head product-tabs__head\">\n <span>La chemise Viviane Le Parfait Natural, confectionn\u00e9e en popeline de coton, <\/span><span>accompagne vos journ\u00e9es avec douceur et boh\u00e8me.<\/span>\n<\/div>\n<div class=\"tabs__head product-tabs__head\">\n<ul>\n<li><span>100% coton<\/span><\/li>\n<li><span>Col rond<\/span><\/li>\n<li><span>Coupe ample<\/span><\/li>\n<li><span>Manches ballon longues<\/span><\/li>\n<li><span>P\u00e2te de boutonnage visible<\/span><\/li>\n<li><span>Poignets ajust\u00e9s<\/span><\/li>\n<li><span>Fentes aux c\u00f4t\u00e9s<\/span><\/li>\n<li><span>Boutons en nacre<\/span><\/li>\n<li><span>Amrita mesure 1m78 et porte une taille S<\/span><\/li>\n<\/ul>\n<\/div>\n<div class=\"tab-content tab-content-1 current\">\n<p><span class=\"metafield-multi_line_text_field\">Fabriqu\u00e9e de mani\u00e8re artisanale en Inde, cette chemise utilise du coton tiss\u00e9 sur des m\u00e9tiers \u00e0 tisser artisanaux. \u00c9galement connu sous le nom de &#8220;handloom&#8221;, ce tissage \u00e0 la main est une technique ancestrale qui offre un rendu de haute qualit\u00e9 et plein de caract\u00e8re. La chemise peut pr\u00e9senter quelques irr\u00e9gularit\u00e9s, ajoutant au charme de sa conception artisanale.<\/span><\/p>\n<\/div>\n<p><span>Dessin\u00e9e in France<br \/>Fabriqu\u00e9e en Inde<\/span><\/p>\n<div class=\"tab-content tab-content-2 current\">\n<p><span>Le coton est une fibre naturelle facile \u00e0 entretenir. Pour pr\u00e9server votre chemise, lavez-la \u00e0 30\u00b0C maximum avec des couleurs similaires. \u00c9vitez le blanchiment. S\u00e9chez-la \u00e0 l\u2019air libre et repassez \u00e0 basse temp\u00e9rature, jusqu\u2019\u00e0 110\u00b0C.<\/span><\/p>\n<\/div>\n","protected":false},"excerpt":{"rendered":"<p>Collection Moismont La chemise Viviane Le Parfait Natural, confectionn\u00e9e en popeline de coton, accompagne vos journ\u00e9es avec douceur et boh\u00e8me. 100% coton Col rond Coupe ample Manches ballon longues P\u00e2te de boutonnage visible Poignets ajust\u00e9s Fentes aux c\u00f4t\u00e9s Boutons en nacre Amrita mesure 1m78 et porte une taille S Fabriqu\u00e9e de mani\u00e8re artisanale en Inde, [&hellip;]<\/p>\n","protected":false},"featured_media":2768951,"comment_status":"open","ping_status":"closed","template":"","meta":[],"product_brand":[],"product_cat":[1756,1762],"product_tag":[2244,1811],"acf":[],"_links":{"self":[{"href":"https:\/\/streetmarkets.fr\/app\/wp-json\/wp\/v2\/product\/2768950"}],"collection":[{"href":"https:\/\/streetmarkets.fr\/app\/wp-json\/wp\/v2\/product"}],"about":[{"href":"https:\/\/streetmarkets.fr\/app\/wp-json\/wp\/v2\/types\/product"}],"replies":[{"embeddable":true,"href":"https:\/\/streetmarkets.fr\/app\/wp-json\/wp\/v2\/comments?post=2768950"}],"wp:featuredmedia":[{"embeddable":true,"href":"https:\/\/streetmarkets.fr\/app\/wp-json\/wp\/v2\/media\/2768951"}],"wp:attachment":[{"href":"https:\/\/streetmarkets.fr\/app\/wp-json\/wp\/v2\/media?parent=2768950"}],"wp:term":[{"taxonomy":"product_brand","embeddable":true,"href":"https:\/\/streetmarkets.fr\/app\/wp-json\/wp\/v2\/product_brand?post=2768950"},{"taxonomy":"product_cat","embeddable":true,"href":"https:\/\/streetmarkets.fr\/app\/wp-json\/wp\/v2\/product_cat?post=2768950"},{"taxonomy":"product_tag","embeddable":true,"href":"https:\/\/streetmarkets.fr\/app\/wp-json\/wp\/v2\/product_tag?post=2768950"}],"curies":[{"name":"wp","href":"https:\/\/api.w.org\/{rel}","templated":true}]}}