{"id":2768632,"date":"2025-10-04T01:26:07","date_gmt":"2025-10-03T23:26:07","guid":{"rendered":"https:\/\/streetmarkets.fr\/app\/produit\/cabas-n46-roma-cloud\/"},"modified":"2026-04-29T01:12:30","modified_gmt":"2026-04-28T23:12:30","slug":"cabas-n46-roma-cloud","status":"publish","type":"product","link":"https:\/\/streetmarkets.fr\/app\/produit\/cabas-n46-roma-cloud\/","title":{"rendered":"Cabas n\u00b046 Roma Cloud"},"content":{"rendered":"<p><!--\n@page { margin: 2cm }\n\t\tP { margin-bottom: 0.21cm }\n--><\/p>\n<p><a title=\"Collection Moismont\" href=\"\/collections\/moismont\"><strong>Collection Moismont<\/strong><\/a><\/p>\n<p><span>Le sac cabas en coton est parfait pour votre quotidien. Pratique et versatile, il vous suit partout et permet d&#8217;organiser vos affaires entre sa grande poche interne lat\u00e9rale et sa poche portable ou cl\u00e9s<\/span><span>. Sa double anse vous permet de l&#8217;enfiler sur l&#8217;\u00e9paule, ou de le porter en sac \u00e0 main.\u00a0<\/span><\/p>\n<ul>\n<li>Dimensions : environ 20 x 46 x 32 cm<\/li>\n<li>\n  <span>Doubles anses<\/span>\n<\/li>\n<li><span>Grande poche int\u00e9rieure<\/span><\/li>\n<li><span>Poche t\u00e9l\u00e9phone\/cl\u00e9s<\/span><\/li>\n<li>\n<span>Composition :\u00a0<\/span>100 % coton\n<\/li>\n<\/ul>\n<p><span>Dessin\u00e9 in France<br \/>Fabriqu\u00e9 artisanalement en Inde<\/span><\/p>\n<p><span>Le cabas n\u00b046 peut comporter quelques irr\u00e9gularit\u00e9s qui font tout le charme de sa conception artisanale.<\/span><\/p>\n<p><span>Pour pr\u00e9server votre cabas, nous vous conseillons de le laver \u00e0 la main d\u00e9licatement.<\/span><br \/><span>&#8211; Blanchiment interdit<\/span><br \/><span>&#8211; Repassage interdit<\/span><br \/><span>&#8211; S\u00e9chage tambour interdit<\/span><br \/><span>&#8211; Nettoyage \u00e0 sec recommand\u00e9<\/span><\/p>\n","protected":false},"excerpt":{"rendered":"<p>Collection Moismont Le sac cabas en coton est parfait pour votre quotidien. Pratique et versatile, il vous suit partout et permet d&#8217;organiser vos affaires entre sa grande poche interne lat\u00e9rale et sa poche portable ou cl\u00e9s. Sa double anse vous permet de l&#8217;enfiler sur l&#8217;\u00e9paule, ou de le porter en sac \u00e0 main.\u00a0 Dimensions : [&hellip;]<\/p>\n","protected":false},"featured_media":2768633,"comment_status":"open","ping_status":"closed","template":"","meta":[],"product_brand":[],"product_cat":[1756,1764],"product_tag":[2244,1811],"acf":[],"_links":{"self":[{"href":"https:\/\/streetmarkets.fr\/app\/wp-json\/wp\/v2\/product\/2768632"}],"collection":[{"href":"https:\/\/streetmarkets.fr\/app\/wp-json\/wp\/v2\/product"}],"about":[{"href":"https:\/\/streetmarkets.fr\/app\/wp-json\/wp\/v2\/types\/product"}],"replies":[{"embeddable":true,"href":"https:\/\/streetmarkets.fr\/app\/wp-json\/wp\/v2\/comments?post=2768632"}],"wp:featuredmedia":[{"embeddable":true,"href":"https:\/\/streetmarkets.fr\/app\/wp-json\/wp\/v2\/media\/2768633"}],"wp:attachment":[{"href":"https:\/\/streetmarkets.fr\/app\/wp-json\/wp\/v2\/media?parent=2768632"}],"wp:term":[{"taxonomy":"product_brand","embeddable":true,"href":"https:\/\/streetmarkets.fr\/app\/wp-json\/wp\/v2\/product_brand?post=2768632"},{"taxonomy":"product_cat","embeddable":true,"href":"https:\/\/streetmarkets.fr\/app\/wp-json\/wp\/v2\/product_cat?post=2768632"},{"taxonomy":"product_tag","embeddable":true,"href":"https:\/\/streetmarkets.fr\/app\/wp-json\/wp\/v2\/product_tag?post=2768632"}],"curies":[{"name":"wp","href":"https:\/\/api.w.org\/{rel}","templated":true}]}}

<p><!--
@page { margin: 2cm }
		P { margin-bottom: 0.21cm }
--></p>
<p><a title="Collection Moismont" href="/collections/moismont"><strong>Collection Moismont</strong></a></p>
<p><span>Le sac cabas en coton est parfait pour votre quotidien. Pratique et versatile, il vous suit partout et permet d&#8217;organiser vos affaires entre sa grande poche interne latérale et sa poche portable ou clés</span><span>. Sa double anse vous permet de l&#8217;enfiler sur l&#8217;épaule, ou de le porter en sac à main. </span></p>
<ul>
<li>Dimensions : environ 20 x 46 x 32 cm</li>
<li>
  <span>Doubles anses</span>
</li>
<li><span>Grande poche intérieure</span></li>
<li><span>Poche téléphone/clés</span></li>
<li>
<span>Composition : </span>100 % coton
</li>
</ul>
<p><span>Dessiné in France<br />Fabriqué artisanalement en Inde</span></p>
<p><span>Le cabas n°46 peut comporter quelques irrégularités qui font tout le charme de sa conception artisanale.</span></p>
<p><span>Pour préserver votre cabas, nous vous conseillons de le laver à la main délicatement.</span><br /><span>&#8211; Blanchiment interdit</span><br /><span>&#8211; Repassage interdit</span><br /><span>&#8211; Séchage tambour interdit</span><br /><span>&#8211; Nettoyage à sec recommandé</span></p>

<p>Collection Moismont Le sac cabas en coton est parfait pour votre quotidien. Pratique et versatile, il vous suit partout et permet d&#8217;organiser vos affaires entre sa grande poche interne latérale et sa poche portable ou clés. Sa double anse vous permet de l&#8217;enfiler sur l&#8217;épaule, ou de le porter en sac à main.  Dimensions : [&hellip;]</p>
