{"id":2767537,"date":"2025-10-04T01:18:54","date_gmt":"2025-10-03T23:18:54","guid":{"rendered":"https:\/\/streetmarkets.fr\/app\/produit\/grande-barrette-baguette\/"},"modified":"2026-05-09T01:13:15","modified_gmt":"2026-05-08T23:13:15","slug":"grande-barrette-baguette","status":"publish","type":"product","link":"https:\/\/streetmarkets.fr\/app\/produit\/grande-barrette-baguette\/","title":{"rendered":"Grande Barrette Baguette"},"content":{"rendered":"<div class=\"rte-content\" id=\"product-description-short-41\"><strong><a title=\"Collection Coucou Suzette\" href=\"\/collections\/coucou-suzette\">Collection Coucou Suzette<\/a><\/strong><\/div>\n<div class=\"rte-content\">\n<strong><\/strong>\n<\/div>\n<div class=\"rte-content\">\n<p data-mce-fragment=\"1\"><span>Vous \u00eates plut\u00f4t team baguette \u00ab croustillante \u00bb ou \u00ab pas trop cuite \u00bb ? Pour mettre tout le monde d\u2019accord, voil\u00e0 une grande barrette fa\u00e7on Tradition bien dor\u00e9e ! Un accessoire original et r\u00e9gressif \u00e0 souhait \u00e0 clipser dans les chevelures aussi bien longues que courtes.<\/span><\/p>\n<p><span><\/span>Cette barrette est faite \u00e0 partir d&#8217;Acetate de Cellulose recycl\u00e9e &amp; biod\u00e9gradable (Eco-Friendly).<\/p>\n<\/div>\n<div class=\"rte-content\">\n<div class=\"rte-content\" id=\"product-description-short-123\">\n<ul>\n<li><em>Chaque cr\u00e9ation est unique, la couleur peut varier l\u00e9g\u00e8rement selon le morceau d&#8217;ac\u00e9tate utilis\u00e9<\/em><\/li>\n<li><em>Type d\u2019attache :<span>\u00a0<\/span>french barrette en m\u00e9tal<\/em><\/li>\n<li><em><span>Fabriqu\u00e9e en Chine dans une usine audit\u00e9e<\/span><\/em><\/li>\n<li><em>Conseils d\u2019utilisation : \u00e9viter le contact avec l\u2019eau<\/em><\/li>\n<\/ul>\n<p>Dimensions : environ 9 cm x 2,1 cm<\/p>\n<\/div>\n<\/div>\n","protected":false},"excerpt":{"rendered":"<p>Collection Coucou Suzette Vous \u00eates plut\u00f4t team baguette \u00ab croustillante \u00bb ou \u00ab pas trop cuite \u00bb ? Pour mettre tout le monde d\u2019accord, voil\u00e0 une grande barrette fa\u00e7on Tradition bien dor\u00e9e ! Un accessoire original et r\u00e9gressif \u00e0 souhait \u00e0 clipser dans les chevelures aussi bien longues que courtes. Cette barrette est faite \u00e0 [&hellip;]<\/p>\n","protected":false},"featured_media":2767538,"comment_status":"open","ping_status":"closed","template":"","meta":[],"product_brand":[],"product_cat":[1756,1764],"product_tag":[2244,1811],"acf":[],"_links":{"self":[{"href":"https:\/\/streetmarkets.fr\/app\/wp-json\/wp\/v2\/product\/2767537"}],"collection":[{"href":"https:\/\/streetmarkets.fr\/app\/wp-json\/wp\/v2\/product"}],"about":[{"href":"https:\/\/streetmarkets.fr\/app\/wp-json\/wp\/v2\/types\/product"}],"replies":[{"embeddable":true,"href":"https:\/\/streetmarkets.fr\/app\/wp-json\/wp\/v2\/comments?post=2767537"}],"wp:featuredmedia":[{"embeddable":true,"href":"https:\/\/streetmarkets.fr\/app\/wp-json\/wp\/v2\/media\/2767538"}],"wp:attachment":[{"href":"https:\/\/streetmarkets.fr\/app\/wp-json\/wp\/v2\/media?parent=2767537"}],"wp:term":[{"taxonomy":"product_brand","embeddable":true,"href":"https:\/\/streetmarkets.fr\/app\/wp-json\/wp\/v2\/product_brand?post=2767537"},{"taxonomy":"product_cat","embeddable":true,"href":"https:\/\/streetmarkets.fr\/app\/wp-json\/wp\/v2\/product_cat?post=2767537"},{"taxonomy":"product_tag","embeddable":true,"href":"https:\/\/streetmarkets.fr\/app\/wp-json\/wp\/v2\/product_tag?post=2767537"}],"curies":[{"name":"wp","href":"https:\/\/api.w.org\/{rel}","templated":true}]}}