{"id":2767181,"date":"2025-10-04T01:17:49","date_gmt":"2025-10-03T23:17:49","guid":{"rendered":"https:\/\/streetmarkets.fr\/app\/produit\/eventail-violet\/"},"modified":"2026-04-13T01:13:16","modified_gmt":"2026-04-12T23:13:16","slug":"eventail-violet","status":"publish","type":"product","link":"https:\/\/streetmarkets.fr\/app\/produit\/eventail-violet\/","title":{"rendered":"Eventail Violet"},"content":{"rendered":"<p class=\"p1\"><a href=\"https:\/\/frenchtouche.com\/collections\/ventillo\" title=\"Collection Ventillo\"><span><strong>Collection Ventillo<\/strong><\/span><\/a><\/p>\n<p>L&#8217;accessoire chic et color\u00e9 indispensable pour l&#8217;\u00e9t\u00e9 !<\/p>\n<p>Gr\u00e2ce \u00e0 lui, les grandes chaleurs ne nous font plus peur&#8230;<\/p>\n<ul>\n<li>Dimensions : environ 23 x 3 x 21 cm \/ environ 42 cm ouvert<\/li>\n<li><span>Tige en bois de poirier premium<\/span><\/li>\n<li>Boucle d\u2019accroche dor\u00e9e brillante<\/li>\n<li>Gravure laser \u201cVENTILLO\u201d<\/li>\n<li>Coton de premi\u00e8re qualit\u00e9 et d&#8217;origine \u00e9thique<\/li>\n<li>Encres certifi\u00e9es non toxiques<\/li>\n<li>Pens\u00e9 en France et fabriqu\u00e9 \u00e0 la main en Espagne<\/li>\n<li>Livr\u00e9 dans sa pochette de transport en carton<\/li>\n<\/ul>\n","protected":false},"excerpt":{"rendered":"<p>Collection Ventillo L&#8217;accessoire chic et color\u00e9 indispensable pour l&#8217;\u00e9t\u00e9 ! Gr\u00e2ce \u00e0 lui, les grandes chaleurs ne nous font plus peur&#8230; Dimensions : environ 23 x 3 x 21 cm \/ environ 42 cm ouvert Tige en bois de poirier premium Boucle d\u2019accroche dor\u00e9e brillante Gravure laser \u201cVENTILLO\u201d Coton de premi\u00e8re qualit\u00e9 et d&#8217;origine \u00e9thique [&hellip;]<\/p>\n","protected":false},"featured_media":2767182,"comment_status":"open","ping_status":"closed","template":"","meta":[],"product_brand":[],"product_cat":[1756,1764],"product_tag":[2244,1811],"acf":[],"_links":{"self":[{"href":"https:\/\/streetmarkets.fr\/app\/wp-json\/wp\/v2\/product\/2767181"}],"collection":[{"href":"https:\/\/streetmarkets.fr\/app\/wp-json\/wp\/v2\/product"}],"about":[{"href":"https:\/\/streetmarkets.fr\/app\/wp-json\/wp\/v2\/types\/product"}],"replies":[{"embeddable":true,"href":"https:\/\/streetmarkets.fr\/app\/wp-json\/wp\/v2\/comments?post=2767181"}],"wp:featuredmedia":[{"embeddable":true,"href":"https:\/\/streetmarkets.fr\/app\/wp-json\/wp\/v2\/media\/2767182"}],"wp:attachment":[{"href":"https:\/\/streetmarkets.fr\/app\/wp-json\/wp\/v2\/media?parent=2767181"}],"wp:term":[{"taxonomy":"product_brand","embeddable":true,"href":"https:\/\/streetmarkets.fr\/app\/wp-json\/wp\/v2\/product_brand?post=2767181"},{"taxonomy":"product_cat","embeddable":true,"href":"https:\/\/streetmarkets.fr\/app\/wp-json\/wp\/v2\/product_cat?post=2767181"},{"taxonomy":"product_tag","embeddable":true,"href":"https:\/\/streetmarkets.fr\/app\/wp-json\/wp\/v2\/product_tag?post=2767181"}],"curies":[{"name":"wp","href":"https:\/\/api.w.org\/{rel}","templated":true}]}}