{"id":2753538,"date":"2025-10-02T01:14:16","date_gmt":"2025-10-01T23:14:16","guid":{"rendered":"https:\/\/streetmarkets.fr\/app\/produit\/bonnet-laine-merinos-mixte-vert-militaire\/"},"modified":"2025-11-24T00:14:53","modified_gmt":"2025-11-23T23:14:53","slug":"bonnet-laine-merinos-mixte-vert-militaire","status":"publish","type":"product","link":"https:\/\/streetmarkets.fr\/app\/produit\/bonnet-laine-merinos-mixte-vert-militaire\/","title":{"rendered":"Bonnet laine m\u00e9rinos mixte &#8211; Vert militaire"},"content":{"rendered":"<p>Ce bonnet en laine m\u00e9rinos est le compagnon d\u2019hiver qu\u2019on enfile sans r\u00e9fl\u00e9chir. Doux sur la peau, chaud sans surchauffer, il r\u00e9gule naturellement l\u2019humidit\u00e9 pour rester confortable du matin au soir. Tricot\u00e9 dans un atelier familial en r\u00e9gion parisienne, avec un fil de qualit\u00e9 fabriqu\u00e9 et teint en Italie, il mise sur une maille dense et durable qui traverse les saisons et les tendances. Sa coupe unisexe en taille unique (hauteur 27 cm) s\u2019ajuste facilement, et le vert militaire s\u2019accorde avec tout: manteau camel, parka noire, denim\u2026 Un essentiel intemporel, fait avec soin, qui coche la case style autant que celle du sens. Existe en 6 coloris.<\/p>\n","protected":false},"excerpt":{"rendered":"<p>Ce bonnet en laine m\u00e9rinos est le compagnon d\u2019hiver qu\u2019on enfile sans r\u00e9fl\u00e9chir. Doux sur la peau, chaud sans surchauffer, il r\u00e9gule naturellement l\u2019humidit\u00e9 pour rester confortable du matin au soir. Tricot\u00e9 dans un atelier familial en r\u00e9gion parisienne, avec un fil de qualit\u00e9 fabriqu\u00e9 et teint en Italie, il mise sur une maille dense [&hellip;]<\/p>\n","protected":false},"featured_media":2753539,"comment_status":"open","ping_status":"closed","template":"","meta":[],"product_brand":[],"product_cat":[1756,1764],"product_tag":[1810],"acf":[],"_links":{"self":[{"href":"https:\/\/streetmarkets.fr\/app\/wp-json\/wp\/v2\/product\/2753538"}],"collection":[{"href":"https:\/\/streetmarkets.fr\/app\/wp-json\/wp\/v2\/product"}],"about":[{"href":"https:\/\/streetmarkets.fr\/app\/wp-json\/wp\/v2\/types\/product"}],"replies":[{"embeddable":true,"href":"https:\/\/streetmarkets.fr\/app\/wp-json\/wp\/v2\/comments?post=2753538"}],"wp:featuredmedia":[{"embeddable":true,"href":"https:\/\/streetmarkets.fr\/app\/wp-json\/wp\/v2\/media\/2753539"}],"wp:attachment":[{"href":"https:\/\/streetmarkets.fr\/app\/wp-json\/wp\/v2\/media?parent=2753538"}],"wp:term":[{"taxonomy":"product_brand","embeddable":true,"href":"https:\/\/streetmarkets.fr\/app\/wp-json\/wp\/v2\/product_brand?post=2753538"},{"taxonomy":"product_cat","embeddable":true,"href":"https:\/\/streetmarkets.fr\/app\/wp-json\/wp\/v2\/product_cat?post=2753538"},{"taxonomy":"product_tag","embeddable":true,"href":"https:\/\/streetmarkets.fr\/app\/wp-json\/wp\/v2\/product_tag?post=2753538"}],"curies":[{"name":"wp","href":"https:\/\/api.w.org\/{rel}","templated":true}]}}